{"id":7866,"date":"2018-04-29T10:11:04","date_gmt":"2018-04-29T09:11:04","guid":{"rendered":"http:\/\/smdesevilla.com\/principal\/?p=7866"},"modified":"2026-03-16T22:06:58","modified_gmt":"2026-03-16T21:06:58","slug":"monteverdi-%c2%b7-visperas","status":"publish","type":"page","link":"https:\/\/smdesevilla.com\/principal\/trayectori\/2017-2018\/monteverdi-%c2%b7-visperas\/","title":{"rendered":"MONTEVERDI \u00b7 V\u00cdSPERAS"},"content":{"rendered":"<h3>CONCIERTOS<\/h3>\n<p>19 de mayo de 2018 \u00b7 Parroquia de San Carlos Borromeo \u00b7 C\/ Pedro Salinas 1 \u00b7 20:30 horas<br \/>\n20 de mayo de 2018 \u00b7 Casino de la Exposici\u00f3n \u00b7 Glorieta San Diego s\/n \u00b7 Matinal, 12:00 horas<\/p>\n<h3>PROGRAMA<\/h3>\n<p>Claudio Monteverdi (1567-1643)<br \/>\nVespro della beata Vergine (V\u00edsperas de la Sant\u00edsima Virgen) SV 206 (1610)<\/p>\n<p>Cristina Bay\u00f3n, <em>soprano<\/em><br \/>\nRoc\u00edo de Frutos, <em>soprano<\/em><br \/>\nGabriel D\u00edaz, <em>alto<\/em><br \/>\nFelipe Gallegos, <em>tenor<\/em><br \/>\nAndr\u00e9s Miravete, <em>tenor<\/em><br \/>\nJes\u00fas Garc\u00eda Ar\u00e9jula, <em>bar\u00edtono<\/em><br \/>\nJavier Cuevas, <em>bajo<\/em><\/p>\n<p>ONIRIA, conjunto de m\u00fasica hist\u00f3rica<\/p>\n<p>Coro de la Sociedad Musical de Sevilla<\/p>\n<p>Pedro Teixeira, director<\/p>\n<hr \/>\n<p><a href=\"http:\/\/smdesevilla.com\/principal\/wp-content\/uploads\/Pedro-Teixeira-2017-1.jpg\" rel=\"attachment wp-att-7948\"><img loading=\"lazy\" decoding=\"async\" class=\"wp-image-7951 alignleft\" style=\"float: left; padding-right: 30px;\" src=\"http:\/\/smdesevilla.com\/principal\/wp-content\/uploads\/Pedro-Teixeira-2017-1.jpg\" alt=\"\" width=\"419\" height=\"629\" \/><\/a><\/p>\n<p><strong>Pedro Teixeira<\/strong> naci\u00f3 en Lisboa. Tiene un M\u00e1ster en direcci\u00f3n coral por la Escola Superior de M\u00fasica de Lisboa, ganando mucha de su experiencia performativa como director del Grupo Coral de Queluz (2000-12) y de Eborae Musica (1997-2013).<\/p>\n<p>Desde entonces, es conocido en el mundo coral por sus actuaciones perspicaces y sensibles. Pedro se ha especializado en construir y mantener el sonido nuclear, la pureza de emisi\u00f3n vocal y musicalidad de los coros con quien trabaja.<\/p>\n<p>De 2012 hasta 2017 ha sido el director titular del Coro de la Comunidad de Madrid, adonde adem\u00e1s de preparar obras sinf\u00f3nicas, desarroll\u00f3 el trabajo de refinamiento del sonido del coro a trav\u00e9s de un trabajo regular de empaste y afinaci\u00f3n, por intermedio de una programaci\u00f3n de conciertos de c\u00e1mara en la sala de c\u00e1mara del Auditorio Nacional de Musica (Madrid), en lo cual el labor frecuentemente <em>a cappella<\/em> es fundamental.<\/p>\n<p>Su inter\u00e9s constante en la m\u00fasica antigua le llev\u00f3 a formar Officium Ensemble, un grupo profesional dedicado a la investigaci\u00f3n y la interpretaci\u00f3n de la polifon\u00eda portuguesa de los siglos XVI y XVII. Desde el a\u00f1o 2000 se ha presentado ampliamente con Officium Ensemble, ganando premios a nivel internacional (incluyendo el premio de Director m\u00e1s Prometedor de Tonen 2002, de los Pa\u00edses Bajos). Adem\u00e1s de su inter\u00e9s por la m\u00fasica renacentista, Pedro se dedica a la m\u00fasica contempor\u00e1nea y, como director del Coro Ricercare en Lisboa, presenta varios estrenos mundiales por temporada.<\/p>\n<p>De 2011 a 2014 ha sido frecuentemente invitado por la Fundaci\u00f3n Gulbenkian para preparar programas como director de coro invitado. De los trabajos con el Coro Gulbenkian, se destacan la Missa en Si menor de Bach, Falstaff de Verdi, Solomon de Handel y Seven Last Words from the Cross, de James MacMillan.<\/p>\n<p>Como cantante, Pedro ha actuado por pr\u00e1cticamente toda Europa, Estados Unidos, Sudam\u00e9rica, \u00c1frica y Reino Unido, con grupos como el Coro Gulbenkian, A Cappella Portuguesa y Coro Gregoriano de Lisboa, con lo cual sigue siendo solista.<\/p>\n<p>Pedro es, desde 1997, el director art\u00edstico de las Jornadas Internacionales Escuela de M\u00fasica de la Catedral de \u00c9vora y imparte varias clases magistrales y clases de verano. Esto incluye Victoria 400 en Barcelona (con Peter Phillips, Ivan Moody y Jordi Abell\u00f3), y el Curso Internacional de M\u00fasica Medieval Y Renacentista de Morella, donde dirige el departamento coral.<\/p>\n<p>Pedro es en este momento profesor en la Escola Superior de M\u00fasica de Lisboa, as\u00ed como en la Escola Superior de Educa\u00e7\u00e3o de Lisboa.<\/p>\n<p>Pedro ha preparado coros profesionales en colaboraci\u00f3n con directores como John Nelson, Joana Carneiro, V\u00edctor Pablo P\u00e9rez, Riccardo Muti, Paul McCreesh, y Lawrence Foster. Destacados recientes incluyen la Creaci\u00f3n de Haydn y War Requiem de Britten en el Auditorio Nacional de M\u00fasica (Madrid), Falstaff de Verdi en la Fundaci\u00f3n Gulbenkian (Lisboa) y el R\u00e9quiem de Verdi en el Teatro Real de Madrid.<\/p>\n<p>Recientemente, Pedro prepar\u00f3 en diciembre 2017 el Mes\u00edas de Handel con el Coro de la Comunidad de Madrid, y dirigi\u00f3 al Coro Gulbenkian en abril 2018, en el Gran Audit\u00f3rio de la Fundaci\u00f3n Gulbenkian, en Lisboa.<\/p>\n<p>En agosto 2018 dirigi\u00f3 al Officium Ensemble en los festivales de m\u00fasica antigua de Utrecht (Oude Muziek) y Antu\u00e9rpia (Laus Polyphoni\u00e6), entre otros.<\/p>\n","protected":false},"excerpt":{"rendered":"<p>CONCIERTOS 19 de mayo de 2018 \u00b7 Parroquia de San Carlos Borromeo \u00b7 C\/ Pedro Salinas 1 \u00b7 20:30 horas 20 de mayo de 2018 \u00b7 Casino de la Exposici\u00f3n \u00b7 Glorieta San Diego s\/n \u00b7 Matinal, 12:00 horas PROGRAMA Claudio Monteverdi (1567-1643) Vespro della beata Vergine (V\u00edsperas de la Sant\u00edsima Virgen) SV 206 (1610) [&hellip;]<\/p>\n","protected":false},"author":1,"featured_media":7851,"parent":11608,"menu_order":5,"comment_status":"closed","ping_status":"closed","template":"page-3-2","meta":{"_price":"","_stock":"","_tribe_ticket_header":"","_tribe_default_ticket_provider":"TEC\\Tickets\\Commerce\\Module","_tribe_ticket_capacity":"0","_ticket_start_date":"","_ticket_end_date":"","_tribe_ticket_show_description":"","_tribe_ticket_show_not_going":false,"_tribe_ticket_use_global_stock":"","_tribe_ticket_global_stock_level":"","_global_stock_mode":"","_global_stock_cap":"","_tribe_rsvp_for_event":"","_tribe_ticket_going_count":"","_tribe_ticket_not_going_count":"","_tribe_tickets_list":"[]","_tribe_ticket_has_attendee_info_fields":false,"footnotes":"","_tec_slr_enabled":"","_tec_slr_layout":""},"class_list":["post-7866","page","type-page","status-publish","has-post-thumbnail","hentry"],"aioseo_notices":[],"ticketed":false,"_links":{"self":[{"href":"https:\/\/smdesevilla.com\/principal\/wp-json\/wp\/v2\/pages\/7866","targetHints":{"allow":["GET"]}}],"collection":[{"href":"https:\/\/smdesevilla.com\/principal\/wp-json\/wp\/v2\/pages"}],"about":[{"href":"https:\/\/smdesevilla.com\/principal\/wp-json\/wp\/v2\/types\/page"}],"author":[{"embeddable":true,"href":"https:\/\/smdesevilla.com\/principal\/wp-json\/wp\/v2\/users\/1"}],"replies":[{"embeddable":true,"href":"https:\/\/smdesevilla.com\/principal\/wp-json\/wp\/v2\/comments?post=7866"}],"version-history":[{"count":5,"href":"https:\/\/smdesevilla.com\/principal\/wp-json\/wp\/v2\/pages\/7866\/revisions"}],"predecessor-version":[{"id":13075,"href":"https:\/\/smdesevilla.com\/principal\/wp-json\/wp\/v2\/pages\/7866\/revisions\/13075"}],"up":[{"embeddable":true,"href":"https:\/\/smdesevilla.com\/principal\/wp-json\/wp\/v2\/pages\/11608"}],"wp:featuredmedia":[{"embeddable":true,"href":"https:\/\/smdesevilla.com\/principal\/wp-json\/wp\/v2\/media\/7851"}],"wp:attachment":[{"href":"https:\/\/smdesevilla.com\/principal\/wp-json\/wp\/v2\/media?parent=7866"}],"curies":[{"name":"wp","href":"https:\/\/api.w.org\/{rel}","templated":true}]}}

MONTEVERDI · VÍSPERAS

<h3>CONCIERTOS</h3>
<p>19 de mayo de 2018 · Parroquia de San Carlos Borromeo · C/ Pedro Salinas 1 · 20:30 horas<br />
20 de mayo de 2018 · Casino de la Exposición · Glorieta San Diego s/n · Matinal, 12:00 horas</p>
<h3>PROGRAMA</h3>
<p>Claudio Monteverdi (1567-1643)<br />
Vespro della beata Vergine (Vísperas de la Santísima Virgen) SV 206 (1610)</p>
<p>Cristina Bayón, <em>soprano</em><br />
Rocío de Frutos, <em>soprano</em><br />
Gabriel Díaz, <em>alto</em><br />
Felipe Gallegos, <em>tenor</em><br />
Andrés Miravete, <em>tenor</em><br />
Jesús García Aréjula, <em>barítono</em><br />
Javier Cuevas, <em>bajo</em></p>
<p>ONIRIA, conjunto de música histórica</p>
<p>Coro de la Sociedad Musical de Sevilla</p>
<p>Pedro Teixeira, director</p>
<hr />
<p><a href="http://smdesevilla.com/principal/wp-content/uploads/Pedro-Teixeira-2017-1.jpg" rel="attachment wp-att-7948"><img loading="lazy" decoding="async" class="wp-image-7951 alignleft" style="float: left; padding-right: 30px;" src="http://smdesevilla.com/principal/wp-content/uploads/Pedro-Teixeira-2017-1.jpg" alt="" width="419" height="629" /></a></p>
<p><strong>Pedro Teixeira</strong> nació en Lisboa. Tiene un Máster en dirección coral por la Escola Superior de Música de Lisboa, ganando mucha de su experiencia performativa como director del Grupo Coral de Queluz (2000-12) y de Eborae Musica (1997-2013).</p>
<p>Desde entonces, es conocido en el mundo coral por sus actuaciones perspicaces y sensibles. Pedro se ha especializado en construir y mantener el sonido nuclear, la pureza de emisión vocal y musicalidad de los coros con quien trabaja.</p>
<p>De 2012 hasta 2017 ha sido el director titular del Coro de la Comunidad de Madrid, adonde además de preparar obras sinfónicas, desarrolló el trabajo de refinamiento del sonido del coro a través de un trabajo regular de empaste y afinación, por intermedio de una programación de conciertos de cámara en la sala de cámara del Auditorio Nacional de Musica (Madrid), en lo cual el labor frecuentemente <em>a cappella</em> es fundamental.</p>
<p>Su interés constante en la música antigua le llevó a formar Officium Ensemble, un grupo profesional dedicado a la investigación y la interpretación de la polifonía portuguesa de los siglos XVI y XVII. Desde el año 2000 se ha presentado ampliamente con Officium Ensemble, ganando premios a nivel internacional (incluyendo el premio de Director más Prometedor de Tonen 2002, de los Países Bajos). Además de su interés por la música renacentista, Pedro se dedica a la música contemporánea y, como director del Coro Ricercare en Lisboa, presenta varios estrenos mundiales por temporada.</p>
<p>De 2011 a 2014 ha sido frecuentemente invitado por la Fundación Gulbenkian para preparar programas como director de coro invitado. De los trabajos con el Coro Gulbenkian, se destacan la Missa en Si menor de Bach, Falstaff de Verdi, Solomon de Handel y Seven Last Words from the Cross, de James MacMillan.</p>
<p>Como cantante, Pedro ha actuado por prácticamente toda Europa, Estados Unidos, Sudamérica, África y Reino Unido, con grupos como el Coro Gulbenkian, A Cappella Portuguesa y Coro Gregoriano de Lisboa, con lo cual sigue siendo solista.</p>
<p>Pedro es, desde 1997, el director artístico de las Jornadas Internacionales Escuela de Música de la Catedral de Évora y imparte varias clases magistrales y clases de verano. Esto incluye Victoria 400 en Barcelona (con Peter Phillips, Ivan Moody y Jordi Abelló), y el Curso Internacional de Música Medieval Y Renacentista de Morella, donde dirige el departamento coral.</p>
<p>Pedro es en este momento profesor en la Escola Superior de Música de Lisboa, así como en la Escola Superior de Educação de Lisboa.</p>
<p>Pedro ha preparado coros profesionales en colaboración con directores como John Nelson, Joana Carneiro, Víctor Pablo Pérez, Riccardo Muti, Paul McCreesh, y Lawrence Foster. Destacados recientes incluyen la Creación de Haydn y War Requiem de Britten en el Auditorio Nacional de Música (Madrid), Falstaff de Verdi en la Fundación Gulbenkian (Lisboa) y el Réquiem de Verdi en el Teatro Real de Madrid.</p>
<p>Recientemente, Pedro preparó en diciembre 2017 el Mesías de Handel con el Coro de la Comunidad de Madrid, y dirigió al Coro Gulbenkian en abril 2018, en el Gran Auditório de la Fundación Gulbenkian, en Lisboa.</p>
<p>En agosto 2018 dirigió al Officium Ensemble en los festivales de música antigua de Utrecht (Oude Muziek) y Antuérpia (Laus Polyphoniæ), entre otros.</p>

<p>CONCIERTOS 19 de mayo de 2018 · Parroquia de San Carlos Borromeo · C/ Pedro Salinas 1 · 20:30 horas 20 de mayo de 2018 · Casino de la Exposición · Glorieta San Diego s/n · Matinal, 12:00 horas PROGRAMA Claudio Monteverdi (1567-1643) Vespro della beata Vergine (Vísperas de la Santísima Virgen) SV 206 (1610) [&hellip;]</p>
