{"id":7672,"date":"2017-01-28T12:18:03","date_gmt":"2017-01-28T11:18:03","guid":{"rendered":"http:\/\/smdesevilla.com\/principal\/?page_id=7672"},"modified":"2026-03-16T22:06:57","modified_gmt":"2026-03-16T21:06:57","slug":"taller-con-raul-mallavibarrena","status":"publish","type":"page","link":"https:\/\/smdesevilla.com\/principal\/trayectori\/2015-2016\/taller-con-raul-mallavibarrena\/","title":{"rendered":"Taller con Ra\u00fal Mallavibarrena"},"content":{"rendered":"<p style=\"text-align: justify;\">La Sociedad Musical de Sevilla prosigue sus actividades formativas y did\u00e1cticas de car\u00e1cter abierto, como continuaci\u00f3n a los Ciclos de Conferencias (cursos de libre configuraci\u00f3n de la Universidad de Sevilla) de 2010 y 2011, a los Cursos de Direcci\u00f3n Coral realizados en a\u00f1os precedentes y al Ciclo de Talleres iniciado en 2011, con Alonso G\u00f3mez Gallego, los dos realizados en 2012 con Jorge Enrique Garc\u00eda y Martin Schmidt, en 2013 con Gabriel D\u00edaz, en 2014 con Israel Moreno y en 2015 tambi\u00e9n con Gabriel D\u00edaz.<\/p>\n<p style=\"text-align: justify;\">En esta ocasi\u00f3n, el director fue el prestigioso director ovetense <strong>Ra\u00fal Mallavibarrena,<\/strong> fundador y director de los grupos Musica Ficta y Ensemble Fontegara, as\u00ed como del sello discogr\u00e1fico Enchiriadis.<\/p>\n<p class=\"font_7\" style=\"text-align: justify;\">Ha dirigido conciertos en los principales festivales de Espa\u00f1a, as\u00ed como diversos pa\u00edses de Europa, Magreb, Oriente Medio, Suram\u00e9rica, M\u00e9xico, Estados Unidos y Jap\u00f3n, con repertorio que va desde la m\u00fasica medieval hasta oratorios de Monteverdi, Haendel y Bach, zarzuelas barrocas, cantatas y \u00f3peras de Vivaldi, pasando por el m\u00e1s amplio repertorio renacentista europeo. Su discograf\u00eda comprende veinte discos como director musical y m\u00e1s de cuarenta como productor.<\/p>\n<p class=\"font_7\" style=\"text-align: justify;\">Es invitado regularmente a impartir cursos y conferencias en universidades (Valencia, M\u00e1laga, Castilla-Le\u00f3n, Universidad Aut\u00f3noma de Madrid, Universidad de los Andes-Colombia) y centros especializados, as\u00ed como colaboraciones para el Teatro Real de Madrid.<\/p>\n<hr \/>\n<div class=\"su-row\">\n<div class=\"su-column su-column-size-1-2\"><div class=\"su-column-inner su-u-clearfix su-u-trim\"><strong>LUGAR, FECHAS Y HORARIOS<\/strong><\/p>\n<p>7 y 8, 14 y 15 de mayo de 2016<\/p>\n<p><strong>Centro C\u00edvico \u00abTejar del Mellizo\u00bb<\/strong><br \/>\nCalle Santa Fe, s\/n<\/p>\n<p>&nbsp;<\/p>\n<\/div><\/div>\n<div class=\"su-column su-column-size-1-2\"><div class=\"su-column-inner su-u-clearfix su-u-trim\"><strong>REPERTORIO<\/strong><\/p>\n<p><strong>CRIST\u00d3BAL DE MORALES<\/strong><br \/>\n(1500 &#8211; 1553)<\/p>\n<p><strong>Pastores dicite quidnam vidistis<\/strong><\/p>\n<p><strong>FRANCISCO GUERRERO<br \/>\n<\/strong>(1528 \u2013 1599)<\/p>\n<p><strong>Alma redemptoris mater<\/strong><br \/>\n<strong>Dum Aurora<\/strong><br \/>\n<strong>In illo tempore assumpsit Iesus<\/strong><\/p>\n<p><strong>TOM\u00c1S LUIS DE VICTORIA<\/strong><br \/>\n(1548-1611)<\/p>\n<p><strong>Ardens est cor meum<\/strong><br \/>\n<strong>Quem vidistis pastores<\/strong><br \/>\n<strong>Amicus meus<\/strong><br \/>\n<strong>Tradiderunt me<\/strong><br \/>\n<strong>Versa est in luctum<\/strong> (del Officium Defunctorum)<br \/>\n<strong>Gaudent in caelis<\/strong><br \/>\n<strong>Magi viderunt stellam<\/strong><br \/>\n<\/div><\/div>\n<\/div>\n<hr \/>\n","protected":false},"excerpt":{"rendered":"<p>La Sociedad Musical de Sevilla prosigue sus actividades formativas y did\u00e1cticas de car\u00e1cter abierto, como continuaci\u00f3n a los Ciclos de Conferencias (cursos de libre configuraci\u00f3n de la Universidad de Sevilla) de 2010 y 2011, a los Cursos de Direcci\u00f3n Coral realizados en a\u00f1os precedentes y al Ciclo de Talleres iniciado en 2011, con Alonso G\u00f3mez [&hellip;]<\/p>\n","protected":false},"author":1,"featured_media":7380,"parent":7638,"menu_order":50,"comment_status":"closed","ping_status":"closed","template":"page-3-2","meta":{"_price":"","_stock":"","_tribe_ticket_header":"","_tribe_default_ticket_provider":"","_tribe_ticket_capacity":"0","_ticket_start_date":"","_ticket_end_date":"","_tribe_ticket_show_description":"","_tribe_ticket_show_not_going":false,"_tribe_ticket_use_global_stock":"","_tribe_ticket_global_stock_level":"","_global_stock_mode":"","_global_stock_cap":"","_tribe_rsvp_for_event":"","_tribe_ticket_going_count":"","_tribe_ticket_not_going_count":"","_tribe_tickets_list":"[]","_tribe_ticket_has_attendee_info_fields":false,"footnotes":"","_tec_slr_enabled":"","_tec_slr_layout":""},"class_list":["post-7672","page","type-page","status-publish","has-post-thumbnail","hentry"],"aioseo_notices":[],"ticketed":false,"_links":{"self":[{"href":"https:\/\/smdesevilla.com\/principal\/wp-json\/wp\/v2\/pages\/7672","targetHints":{"allow":["GET"]}}],"collection":[{"href":"https:\/\/smdesevilla.com\/principal\/wp-json\/wp\/v2\/pages"}],"about":[{"href":"https:\/\/smdesevilla.com\/principal\/wp-json\/wp\/v2\/types\/page"}],"author":[{"embeddable":true,"href":"https:\/\/smdesevilla.com\/principal\/wp-json\/wp\/v2\/users\/1"}],"replies":[{"embeddable":true,"href":"https:\/\/smdesevilla.com\/principal\/wp-json\/wp\/v2\/comments?post=7672"}],"version-history":[{"count":1,"href":"https:\/\/smdesevilla.com\/principal\/wp-json\/wp\/v2\/pages\/7672\/revisions"}],"predecessor-version":[{"id":14348,"href":"https:\/\/smdesevilla.com\/principal\/wp-json\/wp\/v2\/pages\/7672\/revisions\/14348"}],"up":[{"embeddable":true,"href":"https:\/\/smdesevilla.com\/principal\/wp-json\/wp\/v2\/pages\/7638"}],"wp:featuredmedia":[{"embeddable":true,"href":"https:\/\/smdesevilla.com\/principal\/wp-json\/wp\/v2\/media\/7380"}],"wp:attachment":[{"href":"https:\/\/smdesevilla.com\/principal\/wp-json\/wp\/v2\/media?parent=7672"}],"curies":[{"name":"wp","href":"https:\/\/api.w.org\/{rel}","templated":true}]}}

Taller con Raúl Mallavibarrena

<p style="text-align: justify;">La Sociedad Musical de Sevilla prosigue sus actividades formativas y didácticas de carácter abierto, como continuación a los Ciclos de Conferencias (cursos de libre configuración de la Universidad de Sevilla) de 2010 y 2011, a los Cursos de Dirección Coral realizados en años precedentes y al Ciclo de Talleres iniciado en 2011, con Alonso Gómez Gallego, los dos realizados en 2012 con Jorge Enrique García y Martin Schmidt, en 2013 con Gabriel Díaz, en 2014 con Israel Moreno y en 2015 también con Gabriel Díaz.</p>
<p style="text-align: justify;">En esta ocasión, el director fue el prestigioso director ovetense <strong>Raúl Mallavibarrena,</strong> fundador y director de los grupos Musica Ficta y Ensemble Fontegara, así como del sello discográfico Enchiriadis.</p>
<p class="font_7" style="text-align: justify;">Ha dirigido conciertos en los principales festivales de España, así como diversos países de Europa, Magreb, Oriente Medio, Suramérica, México, Estados Unidos y Japón, con repertorio que va desde la música medieval hasta oratorios de Monteverdi, Haendel y Bach, zarzuelas barrocas, cantatas y óperas de Vivaldi, pasando por el más amplio repertorio renacentista europeo. Su discografía comprende veinte discos como director musical y más de cuarenta como productor.</p>
<p class="font_7" style="text-align: justify;">Es invitado regularmente a impartir cursos y conferencias en universidades (Valencia, Málaga, Castilla-León, Universidad Autónoma de Madrid, Universidad de los Andes-Colombia) y centros especializados, así como colaboraciones para el Teatro Real de Madrid.</p>
<hr />
<div class="su-row">
<div class="su-column su-column-size-1-2"><div class="su-column-inner su-u-clearfix su-u-trim"><strong>LUGAR, FECHAS Y HORARIOS</strong></p>
<p>7 y 8, 14 y 15 de mayo de 2016</p>
<p><strong>Centro Cívico «Tejar del Mellizo»</strong><br />
Calle Santa Fe, s/n</p>
<p>&nbsp;</p>
</div></div>
<div class="su-column su-column-size-1-2"><div class="su-column-inner su-u-clearfix su-u-trim"><strong>REPERTORIO</strong></p>
<p><strong>CRISTÓBAL DE MORALES</strong><br />
(1500 &#8211; 1553)</p>
<p><strong>Pastores dicite quidnam vidistis</strong></p>
<p><strong>FRANCISCO GUERRERO<br />
</strong>(1528 – 1599)</p>
<p><strong>Alma redemptoris mater</strong><br />
<strong>Dum Aurora</strong><br />
<strong>In illo tempore assumpsit Iesus</strong></p>
<p><strong>TOMÁS LUIS DE VICTORIA</strong><br />
(1548-1611)</p>
<p><strong>Ardens est cor meum</strong><br />
<strong>Quem vidistis pastores</strong><br />
<strong>Amicus meus</strong><br />
<strong>Tradiderunt me</strong><br />
<strong>Versa est in luctum</strong> (del Officium Defunctorum)<br />
<strong>Gaudent in caelis</strong><br />
<strong>Magi viderunt stellam</strong><br />
</div></div>
</div>
<hr />

<p>La Sociedad Musical de Sevilla prosigue sus actividades formativas y didácticas de carácter abierto, como continuación a los Ciclos de Conferencias (cursos de libre configuración de la Universidad de Sevilla) de 2010 y 2011, a los Cursos de Dirección Coral realizados en años precedentes y al Ciclo de Talleres iniciado en 2011, con Alonso Gómez [&hellip;]</p>
