{"id":7669,"date":"2017-01-28T12:14:30","date_gmt":"2017-01-28T11:14:30","guid":{"rendered":"http:\/\/smdesevilla.com\/principal\/?page_id=7669"},"modified":"2026-03-16T22:06:57","modified_gmt":"2026-03-16T21:06:57","slug":"passio","status":"publish","type":"page","link":"https:\/\/smdesevilla.com\/principal\/trayectori\/2015-2016\/passio\/","title":{"rendered":"PASSIO"},"content":{"rendered":"<p>12 y 13 de marzo de 2016<br \/>\nParroquia de San Carlos Borromeo (C\/ Pedro Salinas, 1)<br \/>\n13 de marzo de 2016<br \/>\nIglesia de San Alberto de los PP. Filipenses (C\/ Estrella, 2).<\/p>\n<p>Raquel Batalloso, viol\u00edn<br \/>\nM\u00aa Pilar S\u00e1nchez, oboe<br \/>\nSasha Louise Crisan, violonchelo<br \/>\nJos\u00e9 Arsenio Rueda, fagot<br \/>\nAlfonso Sebasti\u00e1n, \u00f3rgano<\/p>\n<p>Javier Cuevas, bajo<br \/>\nIsrael Moreno, tenor<\/p>\n<p>Coro de la Sociedad Musical de Sevilla<\/p>\n<p>Pedro Teixeira, director<\/p>\n<p><strong>PROGRAMA<\/strong><\/p>\n<p>ARVO P\u00c4RT (n. 1935)<br \/>\nPassio Domini Nostri Jesu Christi secundum Joannem (1989)<\/p>\n","protected":false},"excerpt":{"rendered":"<p>12 y 13 de marzo de 2016 Parroquia de San Carlos Borromeo (C\/ Pedro Salinas, 1) 13 de marzo de 2016 Iglesia de San Alberto de los PP. Filipenses (C\/ Estrella, 2). Raquel Batalloso, viol\u00edn M\u00aa Pilar S\u00e1nchez, oboe Sasha Louise Crisan, violonchelo Jos\u00e9 Arsenio Rueda, fagot Alfonso Sebasti\u00e1n, \u00f3rgano Javier Cuevas, bajo Israel Moreno, [&hellip;]<\/p>\n","protected":false},"author":1,"featured_media":7670,"parent":7638,"menu_order":40,"comment_status":"closed","ping_status":"closed","template":"page-3-2","meta":{"_price":"","_stock":"","_tribe_ticket_header":"","_tribe_default_ticket_provider":"","_tribe_ticket_capacity":"0","_ticket_start_date":"","_ticket_end_date":"","_tribe_ticket_show_description":"","_tribe_ticket_show_not_going":false,"_tribe_ticket_use_global_stock":"","_tribe_ticket_global_stock_level":"","_global_stock_mode":"","_global_stock_cap":"","_tribe_rsvp_for_event":"","_tribe_ticket_going_count":"","_tribe_ticket_not_going_count":"","_tribe_tickets_list":"[]","_tribe_ticket_has_attendee_info_fields":false,"footnotes":"","_tec_slr_enabled":"","_tec_slr_layout":""},"class_list":["post-7669","page","type-page","status-publish","has-post-thumbnail","hentry"],"aioseo_notices":[],"ticketed":false,"_links":{"self":[{"href":"https:\/\/smdesevilla.com\/principal\/wp-json\/wp\/v2\/pages\/7669","targetHints":{"allow":["GET"]}}],"collection":[{"href":"https:\/\/smdesevilla.com\/principal\/wp-json\/wp\/v2\/pages"}],"about":[{"href":"https:\/\/smdesevilla.com\/principal\/wp-json\/wp\/v2\/types\/page"}],"author":[{"embeddable":true,"href":"https:\/\/smdesevilla.com\/principal\/wp-json\/wp\/v2\/users\/1"}],"replies":[{"embeddable":true,"href":"https:\/\/smdesevilla.com\/principal\/wp-json\/wp\/v2\/comments?post=7669"}],"version-history":[{"count":1,"href":"https:\/\/smdesevilla.com\/principal\/wp-json\/wp\/v2\/pages\/7669\/revisions"}],"predecessor-version":[{"id":14347,"href":"https:\/\/smdesevilla.com\/principal\/wp-json\/wp\/v2\/pages\/7669\/revisions\/14347"}],"up":[{"embeddable":true,"href":"https:\/\/smdesevilla.com\/principal\/wp-json\/wp\/v2\/pages\/7638"}],"wp:featuredmedia":[{"embeddable":true,"href":"https:\/\/smdesevilla.com\/principal\/wp-json\/wp\/v2\/media\/7670"}],"wp:attachment":[{"href":"https:\/\/smdesevilla.com\/principal\/wp-json\/wp\/v2\/media?parent=7669"}],"curies":[{"name":"wp","href":"https:\/\/api.w.org\/{rel}","templated":true}]}}

<p>12 y 13 de marzo de 2016<br />
Parroquia de San Carlos Borromeo (C/ Pedro Salinas, 1)<br />
13 de marzo de 2016<br />
Iglesia de San Alberto de los PP. Filipenses (C/ Estrella, 2).</p>
<p>Raquel Batalloso, violín<br />
Mª Pilar Sánchez, oboe<br />
Sasha Louise Crisan, violonchelo<br />
José Arsenio Rueda, fagot<br />
Alfonso Sebastián, órgano</p>
<p>Javier Cuevas, bajo<br />
Israel Moreno, tenor</p>
<p>Coro de la Sociedad Musical de Sevilla</p>
<p>Pedro Teixeira, director</p>
<p><strong>PROGRAMA</strong></p>
<p>ARVO PÄRT (n. 1935)<br />
Passio Domini Nostri Jesu Christi secundum Joannem (1989)</p>

<p>12 y 13 de marzo de 2016 Parroquia de San Carlos Borromeo (C/ Pedro Salinas, 1) 13 de marzo de 2016 Iglesia de San Alberto de los PP. Filipenses (C/ Estrella, 2). Raquel Batalloso, violín Mª Pilar Sánchez, oboe Sasha Louise Crisan, violonchelo José Arsenio Rueda, fagot Alfonso Sebastián, órgano Javier Cuevas, bajo Israel Moreno, [&hellip;]</p>
