{"id":7662,"date":"2017-01-28T11:56:25","date_gmt":"2017-01-28T10:56:25","guid":{"rendered":"http:\/\/smdesevilla.com\/principal\/?page_id=7662"},"modified":"2026-03-16T22:06:57","modified_gmt":"2026-03-16T21:06:57","slug":"ensaladas-de-mateo-flecha","status":"publish","type":"page","link":"https:\/\/smdesevilla.com\/principal\/trayectori\/2015-2016\/ensaladas-de-mateo-flecha\/","title":{"rendered":"Ensaladas de Mateo Flecha"},"content":{"rendered":"<p>S\u00e1bado, 14 de noviembre de 2015, 20:30 horas<br \/>\nBas\u00edlica del Sant\u00edsimo Cristo de la Expiraci\u00f3n (El Cachorro) \u00b7 C\/ Castilla, 182<\/p>\n<p>Domingo, 15 de noviembre de 2015, 19:00 horas<br \/>\nIglesia de San Alberto (Padres Filipenses) \u00b7 C\/ Estrella, 2<\/p>\n<p>Daniel Bernaza<br \/>\nManuel Pascual<br \/>\nArnau Rod\u00f3n<br \/>\n<em>Cornetas y flautas de pico<\/em><\/p>\n<p>Francisco Blay<br \/>\nCarmelo Sosa<br \/>\nRam\u00f3n Pe\u00f1aranda<br \/>\n<em>Sacabuches<\/em><\/p>\n<p>B\u00e1rbara Sela<br \/>\n<em>Baj\u00f3n<\/em><\/p>\n<p>Miguel Hern\u00e1ndez<br \/>\n<em>Violone<\/em><\/p>\n<p>Marc Clos<br \/>\n<em>Percusi\u00f3n<\/em><\/p>\n<p>Coro de la Sociedad Musical de Sevilla<\/p>\n<p>Gabriel D\u00edaz Cuesta<br \/>\n<em>Direcci\u00f3n<\/em><\/p>\n<h5>PROGRAMA<\/h5>\n<p>MATEO FLECHA \u00abEL VIEJO\u00bb (1481-1553)<br \/>\nENSALADAS<\/p>\n<p>LA JUSTA \u00b7 EL FUEGO \u00b7 LA NEGRINA \u00b7 LA BOMBA<\/p>\n<p>&nbsp;<\/p>\n","protected":false},"excerpt":{"rendered":"<p>S\u00e1bado, 14 de noviembre de 2015, 20:30 horas Bas\u00edlica del Sant\u00edsimo Cristo de la Expiraci\u00f3n (El Cachorro) \u00b7 C\/ Castilla, 182 Domingo, 15 de noviembre de 2015, 19:00 horas Iglesia de San Alberto (Padres Filipenses) \u00b7 C\/ Estrella, 2 Daniel Bernaza Manuel Pascual Arnau Rod\u00f3n Cornetas y flautas de pico Francisco Blay Carmelo Sosa Ram\u00f3n [&hellip;]<\/p>\n","protected":false},"author":1,"featured_media":7090,"parent":7638,"menu_order":0,"comment_status":"closed","ping_status":"closed","template":"page-3-2","meta":{"_price":"","_stock":"","_tribe_ticket_header":"","_tribe_default_ticket_provider":"","_tribe_ticket_capacity":"0","_ticket_start_date":"","_ticket_end_date":"","_tribe_ticket_show_description":"","_tribe_ticket_show_not_going":false,"_tribe_ticket_use_global_stock":"","_tribe_ticket_global_stock_level":"","_global_stock_mode":"","_global_stock_cap":"","_tribe_rsvp_for_event":"","_tribe_ticket_going_count":"","_tribe_ticket_not_going_count":"","_tribe_tickets_list":"[]","_tribe_ticket_has_attendee_info_fields":false,"footnotes":"","_tec_slr_enabled":"","_tec_slr_layout":""},"class_list":["post-7662","page","type-page","status-publish","has-post-thumbnail","hentry"],"aioseo_notices":[],"ticketed":false,"_links":{"self":[{"href":"https:\/\/smdesevilla.com\/principal\/wp-json\/wp\/v2\/pages\/7662","targetHints":{"allow":["GET"]}}],"collection":[{"href":"https:\/\/smdesevilla.com\/principal\/wp-json\/wp\/v2\/pages"}],"about":[{"href":"https:\/\/smdesevilla.com\/principal\/wp-json\/wp\/v2\/types\/page"}],"author":[{"embeddable":true,"href":"https:\/\/smdesevilla.com\/principal\/wp-json\/wp\/v2\/users\/1"}],"replies":[{"embeddable":true,"href":"https:\/\/smdesevilla.com\/principal\/wp-json\/wp\/v2\/comments?post=7662"}],"version-history":[{"count":1,"href":"https:\/\/smdesevilla.com\/principal\/wp-json\/wp\/v2\/pages\/7662\/revisions"}],"predecessor-version":[{"id":14345,"href":"https:\/\/smdesevilla.com\/principal\/wp-json\/wp\/v2\/pages\/7662\/revisions\/14345"}],"up":[{"embeddable":true,"href":"https:\/\/smdesevilla.com\/principal\/wp-json\/wp\/v2\/pages\/7638"}],"wp:featuredmedia":[{"embeddable":true,"href":"https:\/\/smdesevilla.com\/principal\/wp-json\/wp\/v2\/media\/7090"}],"wp:attachment":[{"href":"https:\/\/smdesevilla.com\/principal\/wp-json\/wp\/v2\/media?parent=7662"}],"curies":[{"name":"wp","href":"https:\/\/api.w.org\/{rel}","templated":true}]}}

<p>Sábado, 14 de noviembre de 2015, 20:30 horas<br />
Basílica del Santísimo Cristo de la Expiración (El Cachorro) · C/ Castilla, 182</p>
<p>Domingo, 15 de noviembre de 2015, 19:00 horas<br />
Iglesia de San Alberto (Padres Filipenses) · C/ Estrella, 2</p>
<p>Daniel Bernaza<br />
Manuel Pascual<br />
Arnau Rodón<br />
<em>Cornetas y flautas de pico</em></p>
<p>Francisco Blay<br />
Carmelo Sosa<br />
Ramón Peñaranda<br />
<em>Sacabuches</em></p>
<p>Bárbara Sela<br />
<em>Bajón</em></p>
<p>Miguel Hernández<br />
<em>Violone</em></p>
<p>Marc Clos<br />
<em>Percusión</em></p>
<p>Coro de la Sociedad Musical de Sevilla</p>
<p>Gabriel Díaz Cuesta<br />
<em>Dirección</em></p>
<h5>PROGRAMA</h5>
<p>MATEO FLECHA «EL VIEJO» (1481-1553)<br />
ENSALADAS</p>
<p>LA JUSTA · EL FUEGO · LA NEGRINA · LA BOMBA</p>
<p>&nbsp;</p>

<p>Sábado, 14 de noviembre de 2015, 20:30 horas Basílica del Santísimo Cristo de la Expiración (El Cachorro) · C/ Castilla, 182 Domingo, 15 de noviembre de 2015, 19:00 horas Iglesia de San Alberto (Padres Filipenses) · C/ Estrella, 2 Daniel Bernaza Manuel Pascual Arnau Rodón Cornetas y flautas de pico Francisco Blay Carmelo Sosa Ramón [&hellip;]</p>
