{"id":7644,"date":"2017-01-20T14:09:24","date_gmt":"2017-01-20T13:09:24","guid":{"rendered":"http:\/\/smdesevilla.com\/principal\/?page_id=7644"},"modified":"2026-03-16T22:06:57","modified_gmt":"2026-03-16T21:06:57","slug":"scarlatti-%c2%b7-stabat-mater","status":"publish","type":"page","link":"https:\/\/smdesevilla.com\/principal\/trayectori\/2014-2015\/scarlatti-%c2%b7-stabat-mater\/","title":{"rendered":"Scarlatti \u00b7 Stabat Mater"},"content":{"rendered":"<p>14 de marzo de 2015 \u00b7 Convento Madre de Dios (Carmona) \u00b7 19:30 horas<br \/>\n15 de marzo de 2015 \u00b7 Iglesia de San Alberto \u00b7 12:00 horas<\/p>\n<p>Cristina Bay\u00f3n Soprano<br \/>\nIsrael Moreno Tenor<br \/>\nPatricia Gonz\u00e1lez \u00d3rgano<br \/>\nCoro de la Sociedad Musical de Sevilla<\/p>\n<p>Coro de la Sociedad Musical de Sevilla<br \/>\nGabriel D\u00edaz, Director<\/p>\n<p><strong>PROGRAMA<\/strong><\/p>\n<p>Domenico Scarlatti (1685-1757)<br \/>\nSonata K.92<\/p>\n<p>Antonio Lotti (ca. 1667-1740)<br \/>\nMiserere a 4<\/p>\n<p>Arcangello Corelli (1653-1713)<br \/>\nGrave<br \/>\nSonata no. 1 (Sonate a tre\u2026 op. 3, 1689)<\/p>\n<p>Antonio Lotti<br \/>\nCrucifixus a 8<\/p>\n<p>Domenico Scarlatti<br \/>\nSonata K.58 Fuga<br \/>\nStabat Mater a 10<\/p>\n<p>&nbsp;<\/p>\n","protected":false},"excerpt":{"rendered":"<p>14 de marzo de 2015 \u00b7 Convento Madre de Dios (Carmona) \u00b7 19:30 horas 15 de marzo de 2015 \u00b7 Iglesia de San Alberto \u00b7 12:00 horas Cristina Bay\u00f3n Soprano Israel Moreno Tenor Patricia Gonz\u00e1lez \u00d3rgano Coro de la Sociedad Musical de Sevilla Coro de la Sociedad Musical de Sevilla Gabriel D\u00edaz, Director PROGRAMA Domenico [&hellip;]<\/p>\n","protected":false},"author":1,"featured_media":7645,"parent":5895,"menu_order":20,"comment_status":"closed","ping_status":"open","template":"page-3-2","meta":{"_price":"","_stock":"","_tribe_ticket_header":"","_tribe_default_ticket_provider":"TEC\\Tickets\\Commerce\\Module","_tribe_ticket_capacity":"0","_ticket_start_date":"","_ticket_end_date":"","_tribe_ticket_show_description":"","_tribe_ticket_show_not_going":false,"_tribe_ticket_use_global_stock":"","_tribe_ticket_global_stock_level":"","_global_stock_mode":"","_global_stock_cap":"","_tribe_rsvp_for_event":"","_tribe_ticket_going_count":"","_tribe_ticket_not_going_count":"","_tribe_tickets_list":"[]","_tribe_ticket_has_attendee_info_fields":false,"footnotes":"","_tec_slr_enabled":"","_tec_slr_layout":""},"class_list":["post-7644","page","type-page","status-publish","has-post-thumbnail","hentry"],"aioseo_notices":[],"ticketed":false,"_links":{"self":[{"href":"https:\/\/smdesevilla.com\/principal\/wp-json\/wp\/v2\/pages\/7644","targetHints":{"allow":["GET"]}}],"collection":[{"href":"https:\/\/smdesevilla.com\/principal\/wp-json\/wp\/v2\/pages"}],"about":[{"href":"https:\/\/smdesevilla.com\/principal\/wp-json\/wp\/v2\/types\/page"}],"author":[{"embeddable":true,"href":"https:\/\/smdesevilla.com\/principal\/wp-json\/wp\/v2\/users\/1"}],"replies":[{"embeddable":true,"href":"https:\/\/smdesevilla.com\/principal\/wp-json\/wp\/v2\/comments?post=7644"}],"version-history":[{"count":1,"href":"https:\/\/smdesevilla.com\/principal\/wp-json\/wp\/v2\/pages\/7644\/revisions"}],"predecessor-version":[{"id":14328,"href":"https:\/\/smdesevilla.com\/principal\/wp-json\/wp\/v2\/pages\/7644\/revisions\/14328"}],"up":[{"embeddable":true,"href":"https:\/\/smdesevilla.com\/principal\/wp-json\/wp\/v2\/pages\/5895"}],"wp:featuredmedia":[{"embeddable":true,"href":"https:\/\/smdesevilla.com\/principal\/wp-json\/wp\/v2\/media\/7645"}],"wp:attachment":[{"href":"https:\/\/smdesevilla.com\/principal\/wp-json\/wp\/v2\/media?parent=7644"}],"curies":[{"name":"wp","href":"https:\/\/api.w.org\/{rel}","templated":true}]}}

<p>14 de marzo de 2015 · Convento Madre de Dios (Carmona) · 19:30 horas<br />
15 de marzo de 2015 · Iglesia de San Alberto · 12:00 horas</p>
<p>Cristina Bayón Soprano<br />
Israel Moreno Tenor<br />
Patricia González Órgano<br />
Coro de la Sociedad Musical de Sevilla</p>
<p>Coro de la Sociedad Musical de Sevilla<br />
Gabriel Díaz, Director</p>
<p><strong>PROGRAMA</strong></p>
<p>Domenico Scarlatti (1685-1757)<br />
Sonata K.92</p>
<p>Antonio Lotti (ca. 1667-1740)<br />
Miserere a 4</p>
<p>Arcangello Corelli (1653-1713)<br />
Grave<br />
Sonata no. 1 (Sonate a tre… op. 3, 1689)</p>
<p>Antonio Lotti<br />
Crucifixus a 8</p>
<p>Domenico Scarlatti<br />
Sonata K.58 Fuga<br />
Stabat Mater a 10</p>
<p>&nbsp;</p>

<p>14 de marzo de 2015 · Convento Madre de Dios (Carmona) · 19:30 horas 15 de marzo de 2015 · Iglesia de San Alberto · 12:00 horas Cristina Bayón Soprano Israel Moreno Tenor Patricia González Órgano Coro de la Sociedad Musical de Sevilla Coro de la Sociedad Musical de Sevilla Gabriel Díaz, Director PROGRAMA Domenico [&hellip;]</p>
