{"id":7641,"date":"2017-01-20T13:57:01","date_gmt":"2017-01-20T12:57:01","guid":{"rendered":"http:\/\/smdesevilla.com\/principal\/?page_id=7641"},"modified":"2026-03-16T22:06:57","modified_gmt":"2026-03-16T21:06:57","slug":"2016-2017","status":"publish","type":"page","link":"https:\/\/smdesevilla.com\/principal\/trayectori\/2016-2017\/","title":{"rendered":"2016-2017"},"content":{"rendered":"<h3><a href=\"?page_id=7674\" target=\"_self\" rel=\"noopener\">RESPONSORIOS DE TINIEBLAS<\/a><\/h3>\n<p style=\"text-align: justify;\">Coro de la Sociedad Musical de Sevilla<\/p>\n<p style=\"text-align: justify;\">Ra\u00fal Mallavibarrena, director<\/p>\n<p style=\"text-align: justify;\">Conciertos<\/p>\n<p>Domingo 2 de octubre de 2016<br \/>\nIglesia de San Alberto (PP. Filipenses)<\/p>\n<h3><a href=\"?page_id=7678\" target=\"_self\" rel=\"noopener\">EL MES\u00cdAS PARTICIPATIVO<\/a><\/h3>\n<p>Real Orquesta Sinf\u00f3nica de Sevilla<\/p>\n<p>Coro Cappella Amsterdam<\/p>\n<p>Camerata Vocal Concertante<br \/>\nCoro San Felipe Neri<br \/>\nCoral \u00c1ngel de Urcelay<br \/>\nCoro An Die Musik<br \/>\nCoro Ars Vivendi Sevilla<br \/>\nCoro Ciudad de Aracena<br \/>\nCoro de la Sociedad Musical de Sevilla<br \/>\nCoro de la Universidad de Huelva<br \/>\nCoro del Ateneo de Sevilla<br \/>\nCoro Manuel de Falla<br \/>\nOrfe\u00f3n Portuense<br \/>\nOrfe\u00f3n Virgen de la Escalera de Rota<\/p>\n<p>Julia Doyle, <em>soprano<br \/>\n<\/em>Catherine Hopper, <em>mezzosoprano<br \/>\n<\/em>Ed Lyon, <em>tenor<br \/>\n<\/em>Morgan Pearse, <em>bajo<\/em><\/p>\n<p>Daniel Reuss, director<\/p>\n<p>Conciertos<\/p>\n<p>21 y 22 de diciembre de 2016<br \/>\nTeatro de la Maestranza<\/p>\n<h3><a href=\"?page_id=7681\" target=\"_self\" rel=\"noopener\">VIVALDI &amp; H\u00c4NDEL<\/a><\/h3>\n<p>Leo Rossi \u00b7 Viol\u00edn I concertino<br \/>\nRaquel Batalloso \u00b7 Viol\u00edn II<br \/>\nPablo Trav\u00e9 \u00b7 viola<br \/>\nGuillermo Mart\u00ednez \u00b7 cello<br \/>\nJose Luis Sosa \u00b7 violone<br \/>\nPatricia Gonz\u00e1lez \u00b7 clave<\/p>\n<p>Roc\u00edo de Frutos \u00b7 Soprano<br \/>\nGabriel D\u00edaz \u00b7 Alto<\/p>\n<p>Coro de la Sociedad Musical de Sevilla<\/p>\n<p>Ra\u00fal Moncada \u00b7 \u00d3rgano y direcci\u00f3n<\/p>\n<p>Conciertos<\/p>\n<p>S\u00e1bado 21 de enero de 2017 \u00b7 21.00 horas \u00b7 Parroquia de San Carlos Borromeo<br \/>\nDomingo 22 de enero de 2017 \u00b7 18.30 horas \u00b7 Iglesia de San Alberto (PP. Filipenses)<\/p>\n<h3><a href=\"?page_id=7551\" target=\"_self\" rel=\"noopener\">TALLER CON LIONEL MEUNIER<\/a><\/h3>\n<p>4 y 5, 10, 11 y 12 de febrero de 2017<br \/>\nCentro C\u00edvico \u00abTejar del Mellizo\u00bb<\/p>\n<h3><a href=\"?page_id=11604\" target=\"_self\" rel=\"noopener\">PROYECTO 40<\/a><\/h3>\n<p>Coro de la Sociedad Musical de Sevilla<br \/>\nParticipantes individuales<br \/>\nCon la colaboraci\u00f3n de la Escolan\u00eda \u00abMar\u00eda Auxiliadora\u00bb de Sevilla<\/p>\n<p>Conciertos<\/p>\n<p>S\u00e1bado 29 de abril de 2017 a las 19 horas<br \/>\nDomingo 30 de abril de 2017 a las 12 horas<br \/>\nCASINO DE LA EXPOSICI\u00d3N<\/p>\n","protected":false},"excerpt":{"rendered":"<p>RESPONSORIOS DE TINIEBLAS Coro de la Sociedad Musical de Sevilla Ra\u00fal Mallavibarrena, director Conciertos Domingo 2 de octubre de 2016 Iglesia de San Alberto (PP. Filipenses) EL MES\u00cdAS PARTICIPATIVO Real Orquesta Sinf\u00f3nica de Sevilla Coro Cappella Amsterdam Camerata Vocal Concertante Coro San Felipe Neri Coral \u00c1ngel de Urcelay Coro An Die Musik Coro Ars Vivendi [&hellip;]<\/p>\n","protected":false},"author":1,"featured_media":7642,"parent":33,"menu_order":1617,"comment_status":"closed","ping_status":"closed","template":"page-3-2","meta":{"_price":"","_stock":"","_tribe_ticket_header":"","_tribe_default_ticket_provider":"TEC\\Tickets\\Commerce\\Module","_tribe_ticket_capacity":"0","_ticket_start_date":"","_ticket_end_date":"","_tribe_ticket_show_description":"","_tribe_ticket_show_not_going":false,"_tribe_ticket_use_global_stock":"","_tribe_ticket_global_stock_level":"","_global_stock_mode":"","_global_stock_cap":"","_tribe_rsvp_for_event":"","_tribe_ticket_going_count":"","_tribe_ticket_not_going_count":"","_tribe_tickets_list":"[]","_tribe_ticket_has_attendee_info_fields":false,"footnotes":"","_tec_slr_enabled":"","_tec_slr_layout":""},"class_list":["post-7641","page","type-page","status-publish","has-post-thumbnail","hentry"],"aioseo_notices":[],"ticketed":false,"_links":{"self":[{"href":"https:\/\/smdesevilla.com\/principal\/wp-json\/wp\/v2\/pages\/7641","targetHints":{"allow":["GET"]}}],"collection":[{"href":"https:\/\/smdesevilla.com\/principal\/wp-json\/wp\/v2\/pages"}],"about":[{"href":"https:\/\/smdesevilla.com\/principal\/wp-json\/wp\/v2\/types\/page"}],"author":[{"embeddable":true,"href":"https:\/\/smdesevilla.com\/principal\/wp-json\/wp\/v2\/users\/1"}],"replies":[{"embeddable":true,"href":"https:\/\/smdesevilla.com\/principal\/wp-json\/wp\/v2\/comments?post=7641"}],"version-history":[{"count":3,"href":"https:\/\/smdesevilla.com\/principal\/wp-json\/wp\/v2\/pages\/7641\/revisions"}],"predecessor-version":[{"id":13066,"href":"https:\/\/smdesevilla.com\/principal\/wp-json\/wp\/v2\/pages\/7641\/revisions\/13066"}],"up":[{"embeddable":true,"href":"https:\/\/smdesevilla.com\/principal\/wp-json\/wp\/v2\/pages\/33"}],"wp:featuredmedia":[{"embeddable":true,"href":"https:\/\/smdesevilla.com\/principal\/wp-json\/wp\/v2\/media\/7642"}],"wp:attachment":[{"href":"https:\/\/smdesevilla.com\/principal\/wp-json\/wp\/v2\/media?parent=7641"}],"curies":[{"name":"wp","href":"https:\/\/api.w.org\/{rel}","templated":true}]}}

<h3><a href="?page_id=7674" target="_self" rel="noopener">RESPONSORIOS DE TINIEBLAS</a></h3>
<p style="text-align: justify;">Coro de la Sociedad Musical de Sevilla</p>
<p style="text-align: justify;">Raúl Mallavibarrena, director</p>
<p style="text-align: justify;">Conciertos</p>
<p>Domingo 2 de octubre de 2016<br />
Iglesia de San Alberto (PP. Filipenses)</p>
<h3><a href="?page_id=7678" target="_self" rel="noopener">EL MESÍAS PARTICIPATIVO</a></h3>
<p>Real Orquesta Sinfónica de Sevilla</p>
<p>Coro Cappella Amsterdam</p>
<p>Camerata Vocal Concertante<br />
Coro San Felipe Neri<br />
Coral Ángel de Urcelay<br />
Coro An Die Musik<br />
Coro Ars Vivendi Sevilla<br />
Coro Ciudad de Aracena<br />
Coro de la Sociedad Musical de Sevilla<br />
Coro de la Universidad de Huelva<br />
Coro del Ateneo de Sevilla<br />
Coro Manuel de Falla<br />
Orfeón Portuense<br />
Orfeón Virgen de la Escalera de Rota</p>
<p>Julia Doyle, <em>soprano<br />
</em>Catherine Hopper, <em>mezzosoprano<br />
</em>Ed Lyon, <em>tenor<br />
</em>Morgan Pearse, <em>bajo</em></p>
<p>Daniel Reuss, director</p>
<p>Conciertos</p>
<p>21 y 22 de diciembre de 2016<br />
Teatro de la Maestranza</p>
<h3><a href="?page_id=7681" target="_self" rel="noopener">VIVALDI &amp; HÄNDEL</a></h3>
<p>Leo Rossi · Violín I concertino<br />
Raquel Batalloso · Violín II<br />
Pablo Travé · viola<br />
Guillermo Martínez · cello<br />
Jose Luis Sosa · violone<br />
Patricia González · clave</p>
<p>Rocío de Frutos · Soprano<br />
Gabriel Díaz · Alto</p>
<p>Coro de la Sociedad Musical de Sevilla</p>
<p>Raúl Moncada · Órgano y dirección</p>
<p>Conciertos</p>
<p>Sábado 21 de enero de 2017 · 21.00 horas · Parroquia de San Carlos Borromeo<br />
Domingo 22 de enero de 2017 · 18.30 horas · Iglesia de San Alberto (PP. Filipenses)</p>
<h3><a href="?page_id=7551" target="_self" rel="noopener">TALLER CON LIONEL MEUNIER</a></h3>
<p>4 y 5, 10, 11 y 12 de febrero de 2017<br />
Centro Cívico «Tejar del Mellizo»</p>
<h3><a href="?page_id=11604" target="_self" rel="noopener">PROYECTO 40</a></h3>
<p>Coro de la Sociedad Musical de Sevilla<br />
Participantes individuales<br />
Con la colaboración de la Escolanía «María Auxiliadora» de Sevilla</p>
<p>Conciertos</p>
<p>Sábado 29 de abril de 2017 a las 19 horas<br />
Domingo 30 de abril de 2017 a las 12 horas<br />
CASINO DE LA EXPOSICIÓN</p>

<p>RESPONSORIOS DE TINIEBLAS Coro de la Sociedad Musical de Sevilla Raúl Mallavibarrena, director Conciertos Domingo 2 de octubre de 2016 Iglesia de San Alberto (PP. Filipenses) EL MESÍAS PARTICIPATIVO Real Orquesta Sinfónica de Sevilla Coro Cappella Amsterdam Camerata Vocal Concertante Coro San Felipe Neri Coral Ángel de Urcelay Coro An Die Musik Coro Ars Vivendi [&hellip;]</p>
