{"id":74,"date":"2008-06-27T02:29:08","date_gmt":"2008-06-27T00:29:08","guid":{"rendered":"http:\/\/localhost\/wordpress\/?page_id=151"},"modified":"2026-03-16T22:06:54","modified_gmt":"2026-03-16T21:06:54","slug":"el-mesias-participativo","status":"publish","type":"page","link":"https:\/\/smdesevilla.com\/principal\/trayectori\/2007-2\/el-mesias-participativo\/","title":{"rendered":"El Mes\u00edas participativo"},"content":{"rendered":"<p>Orquesta Barroca de Sevilla<br \/>\nCoro Arsys Bourgogne<\/p>\n<p>Hana Blazikova Soprano<br \/>\nCarlos Mena Contratenor<br \/>\nChristoph Genz Tenor<br \/>\nThomas Bauer Bajo<\/p>\n<p>Coro del Ateneo de Sevilla (Director: Antonio Mart\u00ednez Oliva)<br \/>\nCoro Manuel de Falla (Director: Ricardo Rodr\u00edguez)<br \/>\nCoro de la Sociedad Musical de Sevilla (Director: Alfred Ca\u00f1amero)<\/p>\n<p>Preparador de los coros Jordi Bern\u00e1cer<\/p>\n<p>Direcci\u00f3n Pierre Cao<\/p>\n<h3>Conciertos<\/h3>\n<p>Catedral de Sevilla<br \/>\nLunes 10 de diciembre de 2007<\/p>\n<h3>Programa<\/h3>\n<p>El Mes\u00edas HWV 56<br \/>\nde Georg Friedrich H\u00e4ndel<\/p>\n","protected":false},"excerpt":{"rendered":"<p>Orquesta Barroca de Sevilla Coro Arsys Bourgogne Hana Blazikova Soprano Carlos Mena Contratenor Christoph Genz Tenor Thomas Bauer Bajo Coro del Ateneo de Sevilla (Director: Antonio Mart\u00ednez Oliva) Coro Manuel de Falla (Director: Ricardo Rodr\u00edguez) Coro de la Sociedad Musical de Sevilla (Director: Alfred Ca\u00f1amero) Preparador de los coros Jordi Bern\u00e1cer Direcci\u00f3n Pierre Cao Conciertos [&hellip;]<\/p>\n","protected":false},"author":1,"featured_media":12982,"parent":37,"menu_order":2,"comment_status":"closed","ping_status":"open","template":"page-3-2","meta":{"_price":"","_stock":"","_tribe_ticket_header":"","_tribe_default_ticket_provider":"TEC\\Tickets\\Commerce\\Module","_tribe_ticket_capacity":"0","_ticket_start_date":"","_ticket_end_date":"","_tribe_ticket_show_description":"","_tribe_ticket_show_not_going":false,"_tribe_ticket_use_global_stock":"","_tribe_ticket_global_stock_level":"","_global_stock_mode":"","_global_stock_cap":"","_tribe_rsvp_for_event":"","_tribe_ticket_going_count":"","_tribe_ticket_not_going_count":"","_tribe_tickets_list":"[]","_tribe_ticket_has_attendee_info_fields":false,"footnotes":"","_tec_slr_enabled":"","_tec_slr_layout":""},"class_list":["post-74","page","type-page","status-publish","has-post-thumbnail","hentry"],"aioseo_notices":[],"ticketed":false,"_links":{"self":[{"href":"https:\/\/smdesevilla.com\/principal\/wp-json\/wp\/v2\/pages\/74","targetHints":{"allow":["GET"]}}],"collection":[{"href":"https:\/\/smdesevilla.com\/principal\/wp-json\/wp\/v2\/pages"}],"about":[{"href":"https:\/\/smdesevilla.com\/principal\/wp-json\/wp\/v2\/types\/page"}],"author":[{"embeddable":true,"href":"https:\/\/smdesevilla.com\/principal\/wp-json\/wp\/v2\/users\/1"}],"replies":[{"embeddable":true,"href":"https:\/\/smdesevilla.com\/principal\/wp-json\/wp\/v2\/comments?post=74"}],"version-history":[{"count":1,"href":"https:\/\/smdesevilla.com\/principal\/wp-json\/wp\/v2\/pages\/74\/revisions"}],"predecessor-version":[{"id":12983,"href":"https:\/\/smdesevilla.com\/principal\/wp-json\/wp\/v2\/pages\/74\/revisions\/12983"}],"up":[{"embeddable":true,"href":"https:\/\/smdesevilla.com\/principal\/wp-json\/wp\/v2\/pages\/37"}],"wp:featuredmedia":[{"embeddable":true,"href":"https:\/\/smdesevilla.com\/principal\/wp-json\/wp\/v2\/media\/12982"}],"wp:attachment":[{"href":"https:\/\/smdesevilla.com\/principal\/wp-json\/wp\/v2\/media?parent=74"}],"curies":[{"name":"wp","href":"https:\/\/api.w.org\/{rel}","templated":true}]}}

El Mesías participativo

<p>Orquesta Barroca de Sevilla<br />
Coro Arsys Bourgogne</p>
<p>Hana Blazikova Soprano<br />
Carlos Mena Contratenor<br />
Christoph Genz Tenor<br />
Thomas Bauer Bajo</p>
<p>Coro del Ateneo de Sevilla (Director: Antonio Martínez Oliva)<br />
Coro Manuel de Falla (Director: Ricardo Rodríguez)<br />
Coro de la Sociedad Musical de Sevilla (Director: Alfred Cañamero)</p>
<p>Preparador de los coros Jordi Bernácer</p>
<p>Dirección Pierre Cao</p>
<h3>Conciertos</h3>
<p>Catedral de Sevilla<br />
Lunes 10 de diciembre de 2007</p>
<h3>Programa</h3>
<p>El Mesías HWV 56<br />
de Georg Friedrich Händel</p>

<p>Orquesta Barroca de Sevilla Coro Arsys Bourgogne Hana Blazikova Soprano Carlos Mena Contratenor Christoph Genz Tenor Thomas Bauer Bajo Coro del Ateneo de Sevilla (Director: Antonio Martínez Oliva) Coro Manuel de Falla (Director: Ricardo Rodríguez) Coro de la Sociedad Musical de Sevilla (Director: Alfred Cañamero) Preparador de los coros Jordi Bernácer Dirección Pierre Cao Conciertos [&hellip;]</p>
