{"id":70,"date":"2008-06-27T02:26:20","date_gmt":"2008-06-27T00:26:20","guid":{"rendered":"http:\/\/localhost\/wordpress\/?page_id=147"},"modified":"2026-03-16T22:06:54","modified_gmt":"2026-03-16T21:06:54","slug":"los-gozos-de-la-navidad","status":"publish","type":"page","link":"https:\/\/smdesevilla.com\/principal\/trayectori\/2006-2\/los-gozos-de-la-navidad\/","title":{"rendered":"Los gozos de la Navidad"},"content":{"rendered":"<p>Coro de la Sociedad Musical de Sevilla<\/p>\n<p>Cristina Bay\u00f3n, Soprano<br \/>\nJuan Escalera Pe\u00f1a, Piano<\/p>\n<p>Director Alfred Ca\u00f1amero<\/p>\n<h3>Conciertos<\/h3>\n<p>18 de diciembre de 2006<br \/>\nSala Joaqu\u00edn Turina, Fundaci\u00f3n El Monte<\/p>\n<h3>Programa<\/h3>\n<p>Felix Mendelssohn-Bartholdy (1808-1847)<br \/>\nCantata coral Verleih uns Frieden, gn\u00e4diglich<br \/>\nLaudate Pueri Op. 39, n\u00ba 2<br \/>\nHymne H\u00f6r mein Bitten, Herr, neuge dich zu mir<\/p>\n<p>Benjam\u00edn Britten (1913-1976)<br \/>\nA Ceremony of Carols Op. 28<br \/>\nProcession<br \/>\nWolcum Yole!<br \/>\nThere is no Rose<br \/>\nThat yong\u00eb child<br \/>\nBalulalow \u00a0<span style=\"background-color: #182068;\"><span style=\"color: #ffffff;\">\u00a0 VIDEO\u00a0 <\/span><\/span><br \/>\nAs dew in Aprille \u00a0<span style=\"background-color: #182068;\"><span style=\"color: #ffffff;\">\u00a0 VIDEO \u00a0<\/span><\/span><br \/>\nThis little Babe \u00a0<span style=\"background-color: #182068;\"><span style=\"color: #ffffff;\">\u00a0 VIDEO \u00a0<\/span><\/span><br \/>\nIn Freezing Winter Night<br \/>\nSpring Carol\u00a0<span style=\"background-color: #182068;\"><span style=\"color: #ffffff;\">\u00a0 AUDIO \u00a0<\/span><\/span><br \/>\nDeo Gracias<br \/>\nRecession<\/p>\n<hr \/>\n<h3>Notas al Programa<\/h3>\n<p>M\u00aa Isabel Osuna Lucena<br \/>\nUniversidad de Sevilla<\/p>\n<p style=\"text-align: justify;\">El concierto de Navidad que hoy nos ofrece el Coro de la Sociedad Musical de Sevilla, se centra en dos importantes figuras: Felix Mendelssohnn-Bartholdy y Benjam\u00edn Britten. Los dos, incansables viajeros, reflejan en su obra el esp\u00edritu de una \u00e9poca y los dos se preocupan de dar a conocer un pasado glorioso de la m\u00fasica.<\/p>\n<p style=\"text-align: justify;\">Felix Mendelssohnn-Bartholdy vivi\u00f3 entre 1809 y 1847 lle-vando una vida intensa tanto por la calidad y cantidad de su obra como por la encomiable labor de mostrar la m\u00fasica de otros creadores. Fue esmeradamente educado en un ambiente intelectual amplio, refinado y exquisito, destacando desde ni\u00f1o por su genialidad y madurez indiscutibles. Su m\u00fasica, el medio expresivo de su preferencia, significa un aut\u00e9ntico exponente de la verdadera s\u00edntesis cultural de estilo, valores y pensamiento que signific\u00f3 la sensibilidad europea del siglo XIX. Viaj\u00f3 por toda Europa y su autoridad fue requerida por numeros\u00edsimos compositores e intelectuales de todo tipo.<\/p>\n<p style=\"text-align: justify;\">La Cantata Coral \u201cVerleih uns Frieden\u201d compuesta en febrero de 1831 en un solo movimiento, es una de las ocho cantatas corales escritas entre 1827 y 1832, con una clara influencia de J.S. Bach. De hecho est\u00e1 basada en un coral luterano muy utilizado a lo largo de diferentes \u00e9pocas (recordemos las versiones de H. Sch\u00fctz y J.S. Bach, entre otras). Fue calificada como \u201cplegaria\u201d por el propio Mendelssohnn y su textura representa una perfecta fusi\u00f3n entre el Barroco y el Romanticismo.<br \/>\nR. Schumann coment\u00f3 en una ocasi\u00f3n: \u201cesta peque\u00f1a pieza merece ser famosa en el mundo y as\u00ed ser\u00e1 en el futuro. Las \u201cMadonnas\u201d de Rafael y Murillo no han permanecido ocultas por mucho tiempo\u201d. No podemos detenernos en el an\u00e1lisis de esta sugerente comparaci\u00f3n est\u00e9tica, s\u00f3lo apuntaremos el car\u00e1cter de sublime intemporalidad que irradia esta obra austera y profunda.<\/p>\n<p style=\"text-align: justify;\">Con una concepci\u00f3n mucho m\u00e1s compleja el \u201cHymne H\u00f6r mein Bitten, Herr, neuge dich zu mir\u201d (Escucha mis s\u00faplicas\u2026) para soprano solo y coro, nos muestra a un Mendelssohnn hondo y rico en matices, fiel a su caracter\u00edstica plasticidad sonora.<\/p>\n<p style=\"text-align: justify;\">Este \u201chimno\u201d presenta una estructura en tres partes con una detallada musicalizaci\u00f3n del texto: En la primera parte la soprano interpreta un interiorizado ruego \u201c Se\u00f1or escucha mis ruegos\u2026estoy solo\u2026\u00bfQui\u00e9n me ayudar\u00e1?&#8230;\u201d que se exterioriza y se convierte en apremiante cuando interviene el coro aposti-llando y remarcando las frases: \u201clos enemigos nos amenazan y alzan sus cabezas; \u00bfD\u00f3nde est\u00e1 el salvador en que cre\u00e9is?&#8230;\u201d. La segunda parte se convierte en un sombr\u00edo recitativo de la voz solista \u201cme oprime el miedo a la muerte\u2026 los enemigos\u2026 son innumerables y yo estoy solo\u2026\u201d desembocando en un grito de petici\u00f3n de ayuda \u201c\u00a1Dios, escucha mis s\u00faplicas!\u201d clamado por el tutti, que es realmente el momento cum-bre y central de la plegaria. Finalmente en la tercera parte se vuelve al sentido reflexivo e intimista, esta vez matizado y subrayado por el coro.<\/p>\n<p style=\"text-align: justify;\">El tratamiento de la voz solista y el coro contrapuestos y complementarios nos hace recordar una cierta policoralidad, con lo que asistimos a un perfecto equilibrio entre la tradici\u00f3n barroca (concepto formal, t\u00e9cnica polif\u00f3nica\u2026) y la tensi\u00f3n mel\u00f3dica rom\u00e1ntica, remodelada con el sentido cl\u00e1sico propio de este compositor y que tan acertadamente se\u00f1ala su bi\u00f3grafo Eric Werner cuando escribe: \u201cla m\u00fasica sacra de Mendelssohnn muestra una doble cara, hacia el pasado y hacia el fu-turo\u201d.<\/p>\n<p style=\"text-align: justify;\">Benjam\u00edn Britten (1913-1976) es sin duda el compositor ingl\u00e9s m\u00e1s famoso de la segunda mitad del siglo XX, cuya obra supo ser reflejo de su \u00e9poca y de la realidad de su pa\u00eds. \u00c9l mismo escribi\u00f3: \u00abSoy antes que nada un artista y como artista quiero servir a la comunidad y no escribir en el vac\u00edo. Como compositor considero muy valioso saber c\u00f3mo los oyentes van a reaccionar frente a una creaci\u00f3n m\u00eda.\u00bb<br \/>\nSu condici\u00f3n de ni\u00f1o prodigio (comenz\u00f3 a componer a los ocho a\u00f1os) no desvi\u00f3 su inter\u00e9s por el estudio sistem\u00e1tico y profundo de la m\u00fasica, lo que le ha llevado a convertirse en uno de los maestros indiscutibles del dominio sonoro tanto vocal como instrumental de todos los tiempos. Ha sido justamente valorado y aclamado en vida como compositor, pianista y director, si bien, en determinadas ocasiones, sus actitudes ante la complicada etapa pol\u00edtico-social que le toc\u00f3 vivir y su propia situaci\u00f3n personal, le condujeron a numerosas apreciaciones hostiles que s\u00f3lo con su genio, y su incansable dedica-ci\u00f3n en todos los \u00e1mbitos musicales (incluida la m\u00fasica de cine), supo soslayar.<\/p>\n<p style=\"text-align: justify;\">Desde sus primeras obras, atrajo la atenci\u00f3n del p\u00fablico por su combinaci\u00f3n de cualidades l\u00edricas, ritmo flexible y estilo arm\u00f3nico, lo suficientemente modernos como para ser interesantes sin resultar desconcertantes (D.B. Boyden). De todas sus cualidades destaca sin duda su especial inter\u00e9s por la voz, fundamental para toda su m\u00fasica, y sus dotes dram\u00e1ticas y l\u00edricas genuinas.<\/p>\n<p style=\"text-align: justify;\">Benjam\u00edn Britten compuso esta breve obra maestra \u201cA Ceremony of Carols\u201d en 1942 durante la peligrosa traves\u00eda nort-atl\u00e1ntica en su viaje de regreso a Inglaterra desde estados Unidos, hasta donde se hab\u00eda marchado en 1939 tras negarse a realizar el servicio militar y eludir su participaci\u00f3n en la 2\u00aa Guerra Mundial, aduciendo su profunda convicci\u00f3n pacifista (que mantuvo durante toda su vida).<\/p>\n<p style=\"text-align: justify;\">Su carrera en Am\u00e9rica hab\u00eda adquirido una enorme proyecci\u00f3n y a su vuelta, su prestigio y su fama adquirieron cotas insospechables, avalados por su ingente producci\u00f3n y su incansable vitalidad.<\/p>\n<p style=\"text-align: justify;\">En una escala de este viaje en Halifax (Nova Scotia, Canada) Britten compr\u00f3 una copia de \u201cThe English Galaxy of Shorter Poems\u201d, una antolog\u00eda de poemas cortos ingleses, que le inspir\u00f3 la realizaci\u00f3n de una obra articulada en una serie de can-ciones, de hecho seis de los n\u00fameros de \u201cA Ceremony\u201d recogen poemas de esta antolog\u00eda. Despu\u00e9s de varias modificaciones, tanto en la elecci\u00f3n de los textos como en el desarrollo musical (algunos bocetos iniciales sugieren su preferencia por voces femeninas y en los n\u00fameros 4 y 7 Britten apunt\u00f3 la posibilidad de utilizar el piano en lugar del arpa \u201csi era necesario\u201d), finalmente la obra fue publicada para voces de ni\u00f1os y arpa. La elecci\u00f3n del arpa fue posiblemente fortuita debido a un encargo de realizar un concierto para arpa y llevar consigo en el viaje unos manuales de composici\u00f3n para este instrumento. Se estren\u00f3 el 4 de diciembre de 1943 y posteriormente fue grabada por primera vez por Decca. Su enorme popularidad llev\u00f3 a los editores Boosey &amp; Hawkes a encargar al compositor Julius Harrison un arreglo para SATB y arpa (piano), que es la versi\u00f3n interpretada en esta ocasi\u00f3n.<\/p>\n<p style=\"text-align: justify;\">Desde nuestra perspectiva hist\u00f3rica, podr\u00edamos considerarla como un antecedente de algunas de sus obras dram\u00e1ticas con tem\u00e1ticas b\u00edblicas y morales que abord\u00f3 en su etapa de madurez.<\/p>\n<p style=\"text-align: justify;\">La Ceremonia ilustra diversos motivos de la Navidad, sobre textos de poetas medievales y del siglo XVI, impregnada del encanto evocador de la m\u00fasica de Britten, que supo combinar magistralmente el pensamiento del siglo XX con elementos tradicionales.<\/p>\n<p style=\"text-align: justify;\">Benjam\u00edn Britten cre\u00f3 una sonoridad sin precedentes para su \u00e9poca y tuvo una gran aceptaci\u00f3n inmediata.<\/p>\n<p style=\"text-align: justify;\">La obra comprende ocho canciones en ingl\u00e9s antiguo, con algunas citas en lat\u00edn, con un canto procesional de entrada \u201cProcesi\u00f3n\u201d, que se repite a la salida \u201cRecession\u201d, l\u00f3gicamente con texto en lat\u00edn, al ser una traslaci\u00f3n del canto gregoriano de la Ant\u00edfona (modo I) \u201cHodie Christus natus est\u201d de las V\u00edsperas del d\u00eda de Navidad y un interludio instrumental en el centro.<\/p>\n<p style=\"text-align: justify;\">Aunque \u00e9l compuso relativamente poca m\u00fasica para el uso ritual eclesi\u00e1stico, si escribi\u00f3 un cierto n\u00famero de piezas previstas para ser interpretadas en Iglesias por lo que es importante destacar el ambiente ac\u00fastico en una realizaci\u00f3n ideal de la ceremonia de Britten.<\/p>\n<p style=\"text-align: justify;\">La textura es en su mayor\u00eda homof\u00f3nica con indiscutibles alusiones a la danza. Pero, como se ha apuntado m\u00e1s arriba, se trata de una ilustraci\u00f3n, por lo que observaremos pinceladas descriptivas: el contrapunto que reconstruye el efecto de la gota de agua del roc\u00edo en \u201cAs dew in Aprille\u201d (n\u00ba 5) (Como el roc\u00edo en Abril); la descripci\u00f3n de la guerra virtual entre el peque\u00f1o reci\u00e9n nacido y Sat\u00e1n en \u201cThis little Babe\u201d (n\u00ba 6) (Este peque\u00f1o Beb\u00e9), sobre un acompa\u00f1amiento austero y repetitivo se sustenta la melod\u00eda inicialmente al un\u00edsono que va descomponi\u00e9ndose en un canon primero a dos partes, luego a tres y a cuatro, abri\u00e9ndose un espacio como imagen po\u00e9tica del conflicto apocal\u00edptico, que algunos apuntan como posible referencia al mundo contempor\u00e1neo de Britten; otro ejemplo lo vemos en \u201cIn Freezing Winter Night\u201d (n\u00ba 8) (En una noche helada de Invierno) en el que significativos contrastes refuerzan el fr\u00edo y el milagro de la presencia del Ni\u00f1o, que convierte un establo en una aut\u00e9ntica \u201ccorte de un pr\u00edncipe\u201d. Por \u00faltimo apuntaremos el matiz del reflejo del sol de primavera en el duetto del \u201cSpring Carol\u201d (n\u00ba 9) (Canci\u00f3n de Primavera).<\/p>\n<p style=\"text-align: justify;\">As\u00ed pues, mediante efectos sutiles y sugerentes, estos cantos que nos celebran el Nacimiento de Jes\u00fas de forma amable, contemplativa y jubilosa, nos introducen en una atm\u00f3sfera nueva y conocida a la vez, perfecta s\u00edntesis de gran parte de la historia musical inglesa.<\/p>\n","protected":false},"excerpt":{"rendered":"<p>Coro de la Sociedad Musical de Sevilla Cristina Bay\u00f3n, Soprano Juan Escalera Pe\u00f1a, Piano Director Alfred Ca\u00f1amero Conciertos 18 de diciembre de 2006 Sala Joaqu\u00edn Turina, Fundaci\u00f3n El Monte Programa Felix Mendelssohn-Bartholdy (1808-1847) Cantata coral Verleih uns Frieden, gn\u00e4diglich Laudate Pueri Op. 39, n\u00ba 2 Hymne H\u00f6r mein Bitten, Herr, neuge dich zu mir Benjam\u00edn [&hellip;]<\/p>\n","protected":false},"author":1,"featured_media":5993,"parent":36,"menu_order":1,"comment_status":"closed","ping_status":"open","template":"page-3-2","meta":{"_price":"","_stock":"","_tribe_ticket_header":"","_tribe_default_ticket_provider":"TEC\\Tickets\\Commerce\\Module","_tribe_ticket_capacity":"0","_ticket_start_date":"","_ticket_end_date":"","_tribe_ticket_show_description":"","_tribe_ticket_show_not_going":false,"_tribe_ticket_use_global_stock":"","_tribe_ticket_global_stock_level":"","_global_stock_mode":"","_global_stock_cap":"","_tribe_rsvp_for_event":"","_tribe_ticket_going_count":"","_tribe_ticket_not_going_count":"","_tribe_tickets_list":"[]","_tribe_ticket_has_attendee_info_fields":false,"footnotes":"","_tec_slr_enabled":"","_tec_slr_layout":""},"class_list":["post-70","page","type-page","status-publish","has-post-thumbnail","hentry"],"aioseo_notices":[],"ticketed":false,"_links":{"self":[{"href":"https:\/\/smdesevilla.com\/principal\/wp-json\/wp\/v2\/pages\/70","targetHints":{"allow":["GET"]}}],"collection":[{"href":"https:\/\/smdesevilla.com\/principal\/wp-json\/wp\/v2\/pages"}],"about":[{"href":"https:\/\/smdesevilla.com\/principal\/wp-json\/wp\/v2\/types\/page"}],"author":[{"embeddable":true,"href":"https:\/\/smdesevilla.com\/principal\/wp-json\/wp\/v2\/users\/1"}],"replies":[{"embeddable":true,"href":"https:\/\/smdesevilla.com\/principal\/wp-json\/wp\/v2\/comments?post=70"}],"version-history":[{"count":1,"href":"https:\/\/smdesevilla.com\/principal\/wp-json\/wp\/v2\/pages\/70\/revisions"}],"predecessor-version":[{"id":12979,"href":"https:\/\/smdesevilla.com\/principal\/wp-json\/wp\/v2\/pages\/70\/revisions\/12979"}],"up":[{"embeddable":true,"href":"https:\/\/smdesevilla.com\/principal\/wp-json\/wp\/v2\/pages\/36"}],"wp:featuredmedia":[{"embeddable":true,"href":"https:\/\/smdesevilla.com\/principal\/wp-json\/wp\/v2\/media\/5993"}],"wp:attachment":[{"href":"https:\/\/smdesevilla.com\/principal\/wp-json\/wp\/v2\/media?parent=70"}],"curies":[{"name":"wp","href":"https:\/\/api.w.org\/{rel}","templated":true}]}}

<p>Coro de la Sociedad Musical de Sevilla</p>
<p>Cristina Bayón, Soprano<br />
Juan Escalera Peña, Piano</p>
<p>Director Alfred Cañamero</p>
<h3>Conciertos</h3>
<p>18 de diciembre de 2006<br />
Sala Joaquín Turina, Fundación El Monte</p>
<h3>Programa</h3>
<p>Felix Mendelssohn-Bartholdy (1808-1847)<br />
Cantata coral Verleih uns Frieden, gnädiglich<br />
Laudate Pueri Op. 39, nº 2<br />
Hymne Hör mein Bitten, Herr, neuge dich zu mir</p>
<p>Benjamín Britten (1913-1976)<br />
A Ceremony of Carols Op. 28<br />
Procession<br />
Wolcum Yole!<br />
There is no Rose<br />
That yongë child<br />
Balulalow  <span style="background-color: #182068;"><span style="color: #ffffff;">  VIDEO  </span></span><br />
As dew in Aprille  <span style="background-color: #182068;"><span style="color: #ffffff;">  VIDEO  </span></span><br />
This little Babe  <span style="background-color: #182068;"><span style="color: #ffffff;">  VIDEO  </span></span><br />
In Freezing Winter Night<br />
Spring Carol <span style="background-color: #182068;"><span style="color: #ffffff;">  AUDIO  </span></span><br />
Deo Gracias<br />
Recession</p>
<hr />
<h3>Notas al Programa</h3>
<p>Mª Isabel Osuna Lucena<br />
Universidad de Sevilla</p>
<p style="text-align: justify;">El concierto de Navidad que hoy nos ofrece el Coro de la Sociedad Musical de Sevilla, se centra en dos importantes figuras: Felix Mendelssohnn-Bartholdy y Benjamín Britten. Los dos, incansables viajeros, reflejan en su obra el espíritu de una época y los dos se preocupan de dar a conocer un pasado glorioso de la música.</p>
<p style="text-align: justify;">Felix Mendelssohnn-Bartholdy vivió entre 1809 y 1847 lle-vando una vida intensa tanto por la calidad y cantidad de su obra como por la encomiable labor de mostrar la música de otros creadores. Fue esmeradamente educado en un ambiente intelectual amplio, refinado y exquisito, destacando desde niño por su genialidad y madurez indiscutibles. Su música, el medio expresivo de su preferencia, significa un auténtico exponente de la verdadera síntesis cultural de estilo, valores y pensamiento que significó la sensibilidad europea del siglo XIX. Viajó por toda Europa y su autoridad fue requerida por numerosísimos compositores e intelectuales de todo tipo.</p>
<p style="text-align: justify;">La Cantata Coral “Verleih uns Frieden” compuesta en febrero de 1831 en un solo movimiento, es una de las ocho cantatas corales escritas entre 1827 y 1832, con una clara influencia de J.S. Bach. De hecho está basada en un coral luterano muy utilizado a lo largo de diferentes épocas (recordemos las versiones de H. Schütz y J.S. Bach, entre otras). Fue calificada como “plegaria” por el propio Mendelssohnn y su textura representa una perfecta fusión entre el Barroco y el Romanticismo.<br />
R. Schumann comentó en una ocasión: “esta pequeña pieza merece ser famosa en el mundo y así será en el futuro. Las “Madonnas” de Rafael y Murillo no han permanecido ocultas por mucho tiempo”. No podemos detenernos en el análisis de esta sugerente comparación estética, sólo apuntaremos el carácter de sublime intemporalidad que irradia esta obra austera y profunda.</p>
<p style="text-align: justify;">Con una concepción mucho más compleja el “Hymne Hör mein Bitten, Herr, neuge dich zu mir” (Escucha mis súplicas…) para soprano solo y coro, nos muestra a un Mendelssohnn hondo y rico en matices, fiel a su característica plasticidad sonora.</p>
<p style="text-align: justify;">Este “himno” presenta una estructura en tres partes con una detallada musicalización del texto: En la primera parte la soprano interpreta un interiorizado ruego “ Señor escucha mis ruegos…estoy solo…¿Quién me ayudará?&#8230;” que se exterioriza y se convierte en apremiante cuando interviene el coro aposti-llando y remarcando las frases: “los enemigos nos amenazan y alzan sus cabezas; ¿Dónde está el salvador en que creéis?&#8230;”. La segunda parte se convierte en un sombrío recitativo de la voz solista “me oprime el miedo a la muerte… los enemigos… son innumerables y yo estoy solo…” desembocando en un grito de petición de ayuda “¡Dios, escucha mis súplicas!” clamado por el tutti, que es realmente el momento cum-bre y central de la plegaria. Finalmente en la tercera parte se vuelve al sentido reflexivo e intimista, esta vez matizado y subrayado por el coro.</p>
<p style="text-align: justify;">El tratamiento de la voz solista y el coro contrapuestos y complementarios nos hace recordar una cierta policoralidad, con lo que asistimos a un perfecto equilibrio entre la tradición barroca (concepto formal, técnica polifónica…) y la tensión melódica romántica, remodelada con el sentido clásico propio de este compositor y que tan acertadamente señala su biógrafo Eric Werner cuando escribe: “la música sacra de Mendelssohnn muestra una doble cara, hacia el pasado y hacia el fu-turo”.</p>
<p style="text-align: justify;">Benjamín Britten (1913-1976) es sin duda el compositor inglés más famoso de la segunda mitad del siglo XX, cuya obra supo ser reflejo de su época y de la realidad de su país. Él mismo escribió: «Soy antes que nada un artista y como artista quiero servir a la comunidad y no escribir en el vacío. Como compositor considero muy valioso saber cómo los oyentes van a reaccionar frente a una creación mía.»<br />
Su condición de niño prodigio (comenzó a componer a los ocho años) no desvió su interés por el estudio sistemático y profundo de la música, lo que le ha llevado a convertirse en uno de los maestros indiscutibles del dominio sonoro tanto vocal como instrumental de todos los tiempos. Ha sido justamente valorado y aclamado en vida como compositor, pianista y director, si bien, en determinadas ocasiones, sus actitudes ante la complicada etapa político-social que le tocó vivir y su propia situación personal, le condujeron a numerosas apreciaciones hostiles que sólo con su genio, y su incansable dedica-ción en todos los ámbitos musicales (incluida la música de cine), supo soslayar.</p>
<p style="text-align: justify;">Desde sus primeras obras, atrajo la atención del público por su combinación de cualidades líricas, ritmo flexible y estilo armónico, lo suficientemente modernos como para ser interesantes sin resultar desconcertantes (D.B. Boyden). De todas sus cualidades destaca sin duda su especial interés por la voz, fundamental para toda su música, y sus dotes dramáticas y líricas genuinas.</p>
<p style="text-align: justify;">Benjamín Britten compuso esta breve obra maestra “A Ceremony of Carols” en 1942 durante la peligrosa travesía nort-atlántica en su viaje de regreso a Inglaterra desde estados Unidos, hasta donde se había marchado en 1939 tras negarse a realizar el servicio militar y eludir su participación en la 2ª Guerra Mundial, aduciendo su profunda convicción pacifista (que mantuvo durante toda su vida).</p>
<p style="text-align: justify;">Su carrera en América había adquirido una enorme proyección y a su vuelta, su prestigio y su fama adquirieron cotas insospechables, avalados por su ingente producción y su incansable vitalidad.</p>
<p style="text-align: justify;">En una escala de este viaje en Halifax (Nova Scotia, Canada) Britten compró una copia de “The English Galaxy of Shorter Poems”, una antología de poemas cortos ingleses, que le inspiró la realización de una obra articulada en una serie de can-ciones, de hecho seis de los números de “A Ceremony” recogen poemas de esta antología. Después de varias modificaciones, tanto en la elección de los textos como en el desarrollo musical (algunos bocetos iniciales sugieren su preferencia por voces femeninas y en los números 4 y 7 Britten apuntó la posibilidad de utilizar el piano en lugar del arpa “si era necesario”), finalmente la obra fue publicada para voces de niños y arpa. La elección del arpa fue posiblemente fortuita debido a un encargo de realizar un concierto para arpa y llevar consigo en el viaje unos manuales de composición para este instrumento. Se estrenó el 4 de diciembre de 1943 y posteriormente fue grabada por primera vez por Decca. Su enorme popularidad llevó a los editores Boosey &amp; Hawkes a encargar al compositor Julius Harrison un arreglo para SATB y arpa (piano), que es la versión interpretada en esta ocasión.</p>
<p style="text-align: justify;">Desde nuestra perspectiva histórica, podríamos considerarla como un antecedente de algunas de sus obras dramáticas con temáticas bíblicas y morales que abordó en su etapa de madurez.</p>
<p style="text-align: justify;">La Ceremonia ilustra diversos motivos de la Navidad, sobre textos de poetas medievales y del siglo XVI, impregnada del encanto evocador de la música de Britten, que supo combinar magistralmente el pensamiento del siglo XX con elementos tradicionales.</p>
<p style="text-align: justify;">Benjamín Britten creó una sonoridad sin precedentes para su época y tuvo una gran aceptación inmediata.</p>
<p style="text-align: justify;">La obra comprende ocho canciones en inglés antiguo, con algunas citas en latín, con un canto procesional de entrada “Procesión”, que se repite a la salida “Recession”, lógicamente con texto en latín, al ser una traslación del canto gregoriano de la Antífona (modo I) “Hodie Christus natus est” de las Vísperas del día de Navidad y un interludio instrumental en el centro.</p>
<p style="text-align: justify;">Aunque él compuso relativamente poca música para el uso ritual eclesiástico, si escribió un cierto número de piezas previstas para ser interpretadas en Iglesias por lo que es importante destacar el ambiente acústico en una realización ideal de la ceremonia de Britten.</p>
<p style="text-align: justify;">La textura es en su mayoría homofónica con indiscutibles alusiones a la danza. Pero, como se ha apuntado más arriba, se trata de una ilustración, por lo que observaremos pinceladas descriptivas: el contrapunto que reconstruye el efecto de la gota de agua del rocío en “As dew in Aprille” (nº 5) (Como el rocío en Abril); la descripción de la guerra virtual entre el pequeño recién nacido y Satán en “This little Babe” (nº 6) (Este pequeño Bebé), sobre un acompañamiento austero y repetitivo se sustenta la melodía inicialmente al unísono que va descomponiéndose en un canon primero a dos partes, luego a tres y a cuatro, abriéndose un espacio como imagen poética del conflicto apocalíptico, que algunos apuntan como posible referencia al mundo contemporáneo de Britten; otro ejemplo lo vemos en “In Freezing Winter Night” (nº 8) (En una noche helada de Invierno) en el que significativos contrastes refuerzan el frío y el milagro de la presencia del Niño, que convierte un establo en una auténtica “corte de un príncipe”. Por último apuntaremos el matiz del reflejo del sol de primavera en el duetto del “Spring Carol” (nº 9) (Canción de Primavera).</p>
<p style="text-align: justify;">Así pues, mediante efectos sutiles y sugerentes, estos cantos que nos celebran el Nacimiento de Jesús de forma amable, contemplativa y jubilosa, nos introducen en una atmósfera nueva y conocida a la vez, perfecta síntesis de gran parte de la historia musical inglesa.</p>

<p>Coro de la Sociedad Musical de Sevilla Cristina Bayón, Soprano Juan Escalera Peña, Piano Director Alfred Cañamero Conciertos 18 de diciembre de 2006 Sala Joaquín Turina, Fundación El Monte Programa Felix Mendelssohn-Bartholdy (1808-1847) Cantata coral Verleih uns Frieden, gnädiglich Laudate Pueri Op. 39, nº 2 Hymne Hör mein Bitten, Herr, neuge dich zu mir Benjamín [&hellip;]</p>
