{"id":692,"date":"2009-11-03T18:31:49","date_gmt":"2009-11-03T17:31:49","guid":{"rendered":"http:\/\/smdesevilla.com\/principal\/?page_id=692"},"modified":"2026-03-16T22:06:55","modified_gmt":"2026-03-16T21:06:55","slug":"2009-2","status":"publish","type":"page","link":"https:\/\/smdesevilla.com\/principal\/trayectori\/2009-2010\/2009-2\/","title":{"rendered":"Curso sobre Barroco en la Catedral"},"content":{"rendered":"<p style=\"text-align: justify;\">De acuerdo con la trascendencia que tiene la presentaci\u00f3n del programa <em><strong>La m\u00fasica barroca para coro conservada en los libros de la Catedral de Sevilla<\/strong><\/em> por el Coro de la SMS, se acompa\u00f1\u00f3 su puesta en escena con el desarrollo de un curso en la Universidad Hispalense a lo largo del a\u00f1o acad\u00e9mico 2009\/2010 con el t\u00edtulo \u201cLA M\u00daSICA CORAL DEL CABILDO CATEDRAL DE SEVILLA DURANTE EL SIGLO XVII. ESTUDIO MUSICOL\u00d3GICO E INTERPRETACI\u00d3N\u201d, que con un total de dos cr\u00e9ditos desmenuz\u00f3 las caracter\u00edsticas particulares de las obras tanto desde el estudio del contexto para el que fueron escritas, como desde el punto de vista de su composici\u00f3n, transcripci\u00f3n y, por supuesto, su an\u00e1lisis.<\/p>\n<p style=\"text-align: justify;\">Las conferencias, todas ellas de dos horas de duraci\u00f3n, fueron las siguientes:<\/p>\n<p style=\"text-align: justify;\">Doctor Jos\u00e9 S\u00e1nchez Herrero, Catedr\u00e1tico Em\u00e9rito de Historia Medieval. T\u00edtulo: <strong>El Cabildo Catedral de Sevilla durante el siglo XVII: componentes, rentas, relaci\u00f3n con el Arzobispo, actividad cultual y actividad cultural \u201cMusical\u201d.<\/strong><\/p>\n<p style=\"text-align: justify;\">Doctor Juan Mar\u00eda Su\u00e1rez Martos, Profesor de Musicolog\u00eda del Conservatorio Superior de M\u00fasica de C\u00f3rdoba. T\u00edtulo: <strong>Funcionamiento de la capilla de m\u00fasica, los ministriles, los seises y otros organismos que nos permite acercarnos a la realidad interpretativa del momento.<\/strong><\/p>\n<p style=\"text-align: justify;\">Licenciado Rafael Jes\u00fas Luque Vela, Profesor de Coro del Conservatorio Superior de M\u00fasica de Sevilla. T\u00edtulo: <strong>Melod\u00edas gregorianas y cantus firmus de los himnos polif\u00f3nicos en el Archivo musical de la Catedral de Sevilla: estudio de las fuentes.<\/strong><\/p>\n<p style=\"text-align: justify;\">Licenciado Israel S\u00e1nchez L\u00f3pez, Profesor de An\u00e1lisis Musical del Conservatorio Superior de M\u00fasica de Sevilla, Compositor y Director de la Asociaci\u00f3n Coral \u201cSociedad Musical de Sevilla\u201d. T\u00edtulo: <strong>Aproximaciones anal\u00edticas de las obras musicales estudiadas durante el curso.<\/strong><\/p>\n<p style=\"text-align: justify;\">Existiendo una \u00faltima conferencia, en la que particip\u00f3 el coro, y en la que se analizaron las caracter\u00edsticas expresivas y de composici\u00f3n de algunas de las obras interpretadas. Por lo tanto, estamos hablando de un curso de 10 horas que tambi\u00e9n se quiso ofrecer como propuesta m\u00e1s amplia que completa la sola realizaci\u00f3n del concierto.<\/p>\n","protected":false},"excerpt":{"rendered":"<p>De acuerdo con la trascendencia que tiene la presentaci\u00f3n del programa La m\u00fasica barroca para coro conservada en los libros de la Catedral de Sevilla por el Coro de la SMS, se acompa\u00f1\u00f3 su puesta en escena con el desarrollo de un curso en la Universidad Hispalense a lo largo del a\u00f1o acad\u00e9mico 2009\/2010 con [&hellip;]<\/p>\n","protected":false},"author":1,"featured_media":12992,"parent":686,"menu_order":99,"comment_status":"closed","ping_status":"closed","template":"page-3-2","meta":{"_price":"","_stock":"","_tribe_ticket_header":"","_tribe_default_ticket_provider":"TEC\\Tickets\\Commerce\\Module","_tribe_ticket_capacity":"0","_ticket_start_date":"","_ticket_end_date":"","_tribe_ticket_show_description":"","_tribe_ticket_show_not_going":false,"_tribe_ticket_use_global_stock":"","_tribe_ticket_global_stock_level":"","_global_stock_mode":"","_global_stock_cap":"","_tribe_rsvp_for_event":"","_tribe_ticket_going_count":"","_tribe_ticket_not_going_count":"","_tribe_tickets_list":"[]","_tribe_ticket_has_attendee_info_fields":false,"footnotes":"","_tec_slr_enabled":"","_tec_slr_layout":""},"class_list":["post-692","page","type-page","status-publish","has-post-thumbnail","hentry"],"aioseo_notices":[],"ticketed":false,"_links":{"self":[{"href":"https:\/\/smdesevilla.com\/principal\/wp-json\/wp\/v2\/pages\/692","targetHints":{"allow":["GET"]}}],"collection":[{"href":"https:\/\/smdesevilla.com\/principal\/wp-json\/wp\/v2\/pages"}],"about":[{"href":"https:\/\/smdesevilla.com\/principal\/wp-json\/wp\/v2\/types\/page"}],"author":[{"embeddable":true,"href":"https:\/\/smdesevilla.com\/principal\/wp-json\/wp\/v2\/users\/1"}],"replies":[{"embeddable":true,"href":"https:\/\/smdesevilla.com\/principal\/wp-json\/wp\/v2\/comments?post=692"}],"version-history":[{"count":1,"href":"https:\/\/smdesevilla.com\/principal\/wp-json\/wp\/v2\/pages\/692\/revisions"}],"predecessor-version":[{"id":12991,"href":"https:\/\/smdesevilla.com\/principal\/wp-json\/wp\/v2\/pages\/692\/revisions\/12991"}],"up":[{"embeddable":true,"href":"https:\/\/smdesevilla.com\/principal\/wp-json\/wp\/v2\/pages\/686"}],"wp:featuredmedia":[{"embeddable":true,"href":"https:\/\/smdesevilla.com\/principal\/wp-json\/wp\/v2\/media\/12992"}],"wp:attachment":[{"href":"https:\/\/smdesevilla.com\/principal\/wp-json\/wp\/v2\/media?parent=692"}],"curies":[{"name":"wp","href":"https:\/\/api.w.org\/{rel}","templated":true}]}}

<p style="text-align: justify;">De acuerdo con la trascendencia que tiene la presentación del programa <em><strong>La música barroca para coro conservada en los libros de la Catedral de Sevilla</strong></em> por el Coro de la SMS, se acompañó su puesta en escena con el desarrollo de un curso en la Universidad Hispalense a lo largo del año académico 2009/2010 con el título “LA MÚSICA CORAL DEL CABILDO CATEDRAL DE SEVILLA DURANTE EL SIGLO XVII. ESTUDIO MUSICOLÓGICO E INTERPRETACIÓN”, que con un total de dos créditos desmenuzó las características particulares de las obras tanto desde el estudio del contexto para el que fueron escritas, como desde el punto de vista de su composición, transcripción y, por supuesto, su análisis.</p>
<p style="text-align: justify;">Las conferencias, todas ellas de dos horas de duración, fueron las siguientes:</p>
<p style="text-align: justify;">Doctor José Sánchez Herrero, Catedrático Emérito de Historia Medieval. Título: <strong>El Cabildo Catedral de Sevilla durante el siglo XVII: componentes, rentas, relación con el Arzobispo, actividad cultual y actividad cultural “Musical”.</strong></p>
<p style="text-align: justify;">Doctor Juan María Suárez Martos, Profesor de Musicología del Conservatorio Superior de Música de Córdoba. Título: <strong>Funcionamiento de la capilla de música, los ministriles, los seises y otros organismos que nos permite acercarnos a la realidad interpretativa del momento.</strong></p>
<p style="text-align: justify;">Licenciado Rafael Jesús Luque Vela, Profesor de Coro del Conservatorio Superior de Música de Sevilla. Título: <strong>Melodías gregorianas y cantus firmus de los himnos polifónicos en el Archivo musical de la Catedral de Sevilla: estudio de las fuentes.</strong></p>
<p style="text-align: justify;">Licenciado Israel Sánchez López, Profesor de Análisis Musical del Conservatorio Superior de Música de Sevilla, Compositor y Director de la Asociación Coral “Sociedad Musical de Sevilla”. Título: <strong>Aproximaciones analíticas de las obras musicales estudiadas durante el curso.</strong></p>
<p style="text-align: justify;">Existiendo una última conferencia, en la que participó el coro, y en la que se analizaron las características expresivas y de composición de algunas de las obras interpretadas. Por lo tanto, estamos hablando de un curso de 10 horas que también se quiso ofrecer como propuesta más amplia que completa la sola realización del concierto.</p>

<p>De acuerdo con la trascendencia que tiene la presentación del programa La música barroca para coro conservada en los libros de la Catedral de Sevilla por el Coro de la SMS, se acompañó su puesta en escena con el desarrollo de un curso en la Universidad Hispalense a lo largo del año académico 2009/2010 con [&hellip;]</p>
