{"id":677,"date":"2009-07-29T23:54:04","date_gmt":"2009-07-29T22:54:04","guid":{"rendered":"http:\/\/smdesevilla.com\/principal\/?page_id=677"},"modified":"2026-03-16T22:06:54","modified_gmt":"2026-03-16T21:06:54","slug":"el-mesias-participativo","status":"publish","type":"page","link":"https:\/\/smdesevilla.com\/principal\/trayectori\/2008-2\/el-mesias-participativo\/","title":{"rendered":"El Mes\u00edas Participativo"},"content":{"rendered":"<p>Orquesta Barroca de Palma<\/p>\n<p>Coral Universitat de les Illes Balears<\/p>\n<p>Marta Almajano Soprano<br \/>\nJordi Dom\u00e8nech Contratenor<br \/>\nLlu\u00eds Vilamaj\u00f3 Tenor<br \/>\nEnrique S\u00e1nchez Bajo<\/p>\n<p>Coro del Ateneo de Sevilla<br \/>\nCoro de la Universidad de Huelva<br \/>\nOrfe\u00f3n Portuense<br \/>\nCamerata Vocal Concertante<br \/>\nCoro de la Sociedad Musical de Sevilla<\/p>\n<p>Direcci\u00f3n Barry Sargent<\/p>\n<h3>Conciertos<\/h3>\n<p>22 y 23 de diciembre de 2008<\/p>\n<h3>Programa<\/h3>\n<p>El Mes\u00edas HWV 56<br \/>\nde Georg Friedrich H\u00e4ndel<\/p>\n","protected":false},"excerpt":{"rendered":"<p>Orquesta Barroca de Palma Coral Universitat de les Illes Balears Marta Almajano Soprano Jordi Dom\u00e8nech Contratenor Llu\u00eds Vilamaj\u00f3 Tenor Enrique S\u00e1nchez Bajo Coro del Ateneo de Sevilla Coro de la Universidad de Huelva Orfe\u00f3n Portuense Camerata Vocal Concertante Coro de la Sociedad Musical de Sevilla Direcci\u00f3n Barry Sargent Conciertos 22 y 23 de diciembre de [&hellip;]<\/p>\n","protected":false},"author":1,"featured_media":6039,"parent":38,"menu_order":2,"comment_status":"closed","ping_status":"open","template":"page-3-2","meta":{"_price":"","_stock":"","_tribe_ticket_header":"","_tribe_default_ticket_provider":"TEC\\Tickets\\Commerce\\Module","_tribe_ticket_capacity":"0","_ticket_start_date":"","_ticket_end_date":"","_tribe_ticket_show_description":"","_tribe_ticket_show_not_going":false,"_tribe_ticket_use_global_stock":"","_tribe_ticket_global_stock_level":"","_global_stock_mode":"","_global_stock_cap":"","_tribe_rsvp_for_event":"","_tribe_ticket_going_count":"","_tribe_ticket_not_going_count":"","_tribe_tickets_list":"[]","_tribe_ticket_has_attendee_info_fields":false,"footnotes":"","_tec_slr_enabled":"","_tec_slr_layout":""},"class_list":["post-677","page","type-page","status-publish","has-post-thumbnail","hentry"],"aioseo_notices":[],"ticketed":false,"_links":{"self":[{"href":"https:\/\/smdesevilla.com\/principal\/wp-json\/wp\/v2\/pages\/677","targetHints":{"allow":["GET"]}}],"collection":[{"href":"https:\/\/smdesevilla.com\/principal\/wp-json\/wp\/v2\/pages"}],"about":[{"href":"https:\/\/smdesevilla.com\/principal\/wp-json\/wp\/v2\/types\/page"}],"author":[{"embeddable":true,"href":"https:\/\/smdesevilla.com\/principal\/wp-json\/wp\/v2\/users\/1"}],"replies":[{"embeddable":true,"href":"https:\/\/smdesevilla.com\/principal\/wp-json\/wp\/v2\/comments?post=677"}],"version-history":[{"count":1,"href":"https:\/\/smdesevilla.com\/principal\/wp-json\/wp\/v2\/pages\/677\/revisions"}],"predecessor-version":[{"id":12986,"href":"https:\/\/smdesevilla.com\/principal\/wp-json\/wp\/v2\/pages\/677\/revisions\/12986"}],"up":[{"embeddable":true,"href":"https:\/\/smdesevilla.com\/principal\/wp-json\/wp\/v2\/pages\/38"}],"wp:featuredmedia":[{"embeddable":true,"href":"https:\/\/smdesevilla.com\/principal\/wp-json\/wp\/v2\/media\/6039"}],"wp:attachment":[{"href":"https:\/\/smdesevilla.com\/principal\/wp-json\/wp\/v2\/media?parent=677"}],"curies":[{"name":"wp","href":"https:\/\/api.w.org\/{rel}","templated":true}]}}

El Mesías Participativo

<p>Orquesta Barroca de Palma</p>
<p>Coral Universitat de les Illes Balears</p>
<p>Marta Almajano Soprano<br />
Jordi Domènech Contratenor<br />
Lluís Vilamajó Tenor<br />
Enrique Sánchez Bajo</p>
<p>Coro del Ateneo de Sevilla<br />
Coro de la Universidad de Huelva<br />
Orfeón Portuense<br />
Camerata Vocal Concertante<br />
Coro de la Sociedad Musical de Sevilla</p>
<p>Dirección Barry Sargent</p>
<h3>Conciertos</h3>
<p>22 y 23 de diciembre de 2008</p>
<h3>Programa</h3>
<p>El Mesías HWV 56<br />
de Georg Friedrich Händel</p>

<p>Orquesta Barroca de Palma Coral Universitat de les Illes Balears Marta Almajano Soprano Jordi Domènech Contratenor Lluís Vilamajó Tenor Enrique Sánchez Bajo Coro del Ateneo de Sevilla Coro de la Universidad de Huelva Orfeón Portuense Camerata Vocal Concertante Coro de la Sociedad Musical de Sevilla Dirección Barry Sargent Conciertos 22 y 23 de diciembre de [&hellip;]</p>
