{"id":61,"date":"2008-06-22T02:53:14","date_gmt":"2008-06-22T00:53:14","guid":{"rendered":"http:\/\/localhost\/wordpress\/?page_id=138"},"modified":"2026-03-16T22:06:52","modified_gmt":"2026-03-16T21:06:52","slug":"temporada-2004","status":"publish","type":"page","link":"https:\/\/smdesevilla.com\/principal\/trayectori\/temporada-2004\/","title":{"rendered":"Temporada inaugural"},"content":{"rendered":"<h3><a href=\"?page_id=62\" target=\"_self\">Mendelssohn<\/a><\/h3>\n<p>Conciertos 2 y 3 de abril de 2004<br \/>\nCapilla del Colegio del Sagrado Coraz\u00f3n<\/p>\n<h3><a href=\"?page_id=63\" target=\"_self\">K\u00f3d\u00e1ly\/Morales\/Guerrero\/Victoria<\/a><\/h3>\n<p>Conciertos 11, 12 y 13 de junio de 2004<br \/>\nCapilla de la Virgen de Montserrat<br \/>\nIglesia de Santa Marina<br \/>\nColegio Protectorado de la Infancia<\/p>\n","protected":false},"excerpt":{"rendered":"<p>Mendelssohn Conciertos 2 y 3 de abril de 2004 Capilla del Colegio del Sagrado Coraz\u00f3n K\u00f3d\u00e1ly\/Morales\/Guerrero\/Victoria Conciertos 11, 12 y 13 de junio de 2004 Capilla de la Virgen de Montserrat Iglesia de Santa Marina Colegio Protectorado de la Infancia<\/p>\n","protected":false},"author":1,"featured_media":6191,"parent":33,"menu_order":1,"comment_status":"closed","ping_status":"open","template":"page-3-2","meta":{"_price":"","_stock":"","_tribe_ticket_header":"","_tribe_default_ticket_provider":"","_tribe_ticket_capacity":"0","_ticket_start_date":"","_ticket_end_date":"","_tribe_ticket_show_description":"","_tribe_ticket_show_not_going":false,"_tribe_ticket_use_global_stock":"","_tribe_ticket_global_stock_level":"","_global_stock_mode":"","_global_stock_cap":"","_tribe_rsvp_for_event":"","_tribe_ticket_going_count":"","_tribe_ticket_not_going_count":"","_tribe_tickets_list":"[]","_tribe_ticket_has_attendee_info_fields":false,"footnotes":"","_tec_slr_enabled":"","_tec_slr_layout":""},"class_list":["post-61","page","type-page","status-publish","has-post-thumbnail","hentry"],"aioseo_notices":[],"ticketed":false,"_links":{"self":[{"href":"https:\/\/smdesevilla.com\/principal\/wp-json\/wp\/v2\/pages\/61","targetHints":{"allow":["GET"]}}],"collection":[{"href":"https:\/\/smdesevilla.com\/principal\/wp-json\/wp\/v2\/pages"}],"about":[{"href":"https:\/\/smdesevilla.com\/principal\/wp-json\/wp\/v2\/types\/page"}],"author":[{"embeddable":true,"href":"https:\/\/smdesevilla.com\/principal\/wp-json\/wp\/v2\/users\/1"}],"replies":[{"embeddable":true,"href":"https:\/\/smdesevilla.com\/principal\/wp-json\/wp\/v2\/comments?post=61"}],"version-history":[{"count":1,"href":"https:\/\/smdesevilla.com\/principal\/wp-json\/wp\/v2\/pages\/61\/revisions"}],"predecessor-version":[{"id":14329,"href":"https:\/\/smdesevilla.com\/principal\/wp-json\/wp\/v2\/pages\/61\/revisions\/14329"}],"up":[{"embeddable":true,"href":"https:\/\/smdesevilla.com\/principal\/wp-json\/wp\/v2\/pages\/33"}],"wp:featuredmedia":[{"embeddable":true,"href":"https:\/\/smdesevilla.com\/principal\/wp-json\/wp\/v2\/media\/6191"}],"wp:attachment":[{"href":"https:\/\/smdesevilla.com\/principal\/wp-json\/wp\/v2\/media?parent=61"}],"curies":[{"name":"wp","href":"https:\/\/api.w.org\/{rel}","templated":true}]}}

<h3><a href="?page_id=62" target="_self">Mendelssohn</a></h3>
<p>Conciertos 2 y 3 de abril de 2004<br />
Capilla del Colegio del Sagrado Corazón</p>
<h3><a href="?page_id=63" target="_self">Kódály/Morales/Guerrero/Victoria</a></h3>
<p>Conciertos 11, 12 y 13 de junio de 2004<br />
Capilla de la Virgen de Montserrat<br />
Iglesia de Santa Marina<br />
Colegio Protectorado de la Infancia</p>

<p>Mendelssohn Conciertos 2 y 3 de abril de 2004 Capilla del Colegio del Sagrado Corazón Kódály/Morales/Guerrero/Victoria Conciertos 11, 12 y 13 de junio de 2004 Capilla de la Virgen de Montserrat Iglesia de Santa Marina Colegio Protectorado de la Infancia</p>
