{"id":5897,"date":"2014-10-04T12:26:22","date_gmt":"2014-10-04T11:26:22","guid":{"rendered":"http:\/\/smdesevilla.com\/principal\/?page_id=5897"},"modified":"2026-03-16T22:06:56","modified_gmt":"2026-03-16T21:06:56","slug":"clone","status":"publish","type":"page","link":"https:\/\/smdesevilla.com\/principal\/trayectori\/2014-2015\/clone\/","title":{"rendered":"CLONE"},"content":{"rendered":"<p>Jueves 30 de octubre de 2014<br \/>\nTeatro de Capitan\u00eda General<br \/>\nPlaza de Espa\u00f1a<\/p>\n<h3>CLONE<\/h3>\n<p>Recreaci\u00f3n musical sobre textos de Julio Cort\u00e1zar<br \/>\ny madrigales de Carlo Gesualdo y Claudio Monteverdi<\/p>\n<p>Textos de CLONE, Casa Tomada y Rayuela<br \/>\nGui\u00f3n de Gabriel D\u00edaz<\/p>\n<p>Cynthia Luque \u00b7 Actriz<\/p>\n<p><em>Dolce Rima<\/em><br \/>\nJulieta Vi\u00f1as \u00b7 Viola da gamba<br \/>\nPaula Brieva \u00b7 Tiorba<\/p>\n<p>Coro de la Sociedad Musical de Sevilla<\/p>\n<p>Direcci\u00f3n<br \/>\nGabriel D\u00edaz Cuesta<\/p>\n<h3>PROGRAMA<\/h3>\n<p>Carlo Gesualdo (1566-1613)<br \/>\nMoro Lasso<\/p>\n<p>Claudio Monteverdi (1567-1643)<br \/>\nEra l\u2019anima mia<br \/>\nLamento della ninfa<br \/>\nLamento d\u2019Arianna<br \/>\nInterrotte speranze<\/p>\n","protected":false},"excerpt":{"rendered":"<p>Jueves 30 de octubre de 2014 Teatro de Capitan\u00eda General Plaza de Espa\u00f1a CLONE Recreaci\u00f3n musical sobre textos de Julio Cort\u00e1zar y madrigales de Carlo Gesualdo y Claudio Monteverdi Textos de CLONE, Casa Tomada y Rayuela Gui\u00f3n de Gabriel D\u00edaz Cynthia Luque \u00b7 Actriz Dolce Rima Julieta Vi\u00f1as \u00b7 Viola da gamba Paula Brieva \u00b7 [&hellip;]<\/p>\n","protected":false},"author":1,"featured_media":6037,"parent":5895,"menu_order":0,"comment_status":"closed","ping_status":"open","template":"page-3-2","meta":{"_price":"","_stock":"","_tribe_ticket_header":"","_tribe_default_ticket_provider":"TEC\\Tickets\\Commerce\\Module","_tribe_ticket_capacity":"0","_ticket_start_date":"","_ticket_end_date":"","_tribe_ticket_show_description":"","_tribe_ticket_show_not_going":false,"_tribe_ticket_use_global_stock":"","_tribe_ticket_global_stock_level":"","_global_stock_mode":"","_global_stock_cap":"","_tribe_rsvp_for_event":"","_tribe_ticket_going_count":"","_tribe_ticket_not_going_count":"","_tribe_tickets_list":"[]","_tribe_ticket_has_attendee_info_fields":false,"footnotes":"","_tec_slr_enabled":"","_tec_slr_layout":""},"class_list":["post-5897","page","type-page","status-publish","has-post-thumbnail","hentry"],"aioseo_notices":[],"ticketed":false,"_links":{"self":[{"href":"https:\/\/smdesevilla.com\/principal\/wp-json\/wp\/v2\/pages\/5897","targetHints":{"allow":["GET"]}}],"collection":[{"href":"https:\/\/smdesevilla.com\/principal\/wp-json\/wp\/v2\/pages"}],"about":[{"href":"https:\/\/smdesevilla.com\/principal\/wp-json\/wp\/v2\/types\/page"}],"author":[{"embeddable":true,"href":"https:\/\/smdesevilla.com\/principal\/wp-json\/wp\/v2\/users\/1"}],"replies":[{"embeddable":true,"href":"https:\/\/smdesevilla.com\/principal\/wp-json\/wp\/v2\/comments?post=5897"}],"version-history":[{"count":4,"href":"https:\/\/smdesevilla.com\/principal\/wp-json\/wp\/v2\/pages\/5897\/revisions"}],"predecessor-version":[{"id":13056,"href":"https:\/\/smdesevilla.com\/principal\/wp-json\/wp\/v2\/pages\/5897\/revisions\/13056"}],"up":[{"embeddable":true,"href":"https:\/\/smdesevilla.com\/principal\/wp-json\/wp\/v2\/pages\/5895"}],"wp:featuredmedia":[{"embeddable":true,"href":"https:\/\/smdesevilla.com\/principal\/wp-json\/wp\/v2\/media\/6037"}],"wp:attachment":[{"href":"https:\/\/smdesevilla.com\/principal\/wp-json\/wp\/v2\/media?parent=5897"}],"curies":[{"name":"wp","href":"https:\/\/api.w.org\/{rel}","templated":true}]}}

<p>Jueves 30 de octubre de 2014<br />
Teatro de Capitanía General<br />
Plaza de España</p>
<h3>CLONE</h3>
<p>Recreación musical sobre textos de Julio Cortázar<br />
y madrigales de Carlo Gesualdo y Claudio Monteverdi</p>
<p>Textos de CLONE, Casa Tomada y Rayuela<br />
Guión de Gabriel Díaz</p>
<p>Cynthia Luque · Actriz</p>
<p><em>Dolce Rima</em><br />
Julieta Viñas · Viola da gamba<br />
Paula Brieva · Tiorba</p>
<p>Coro de la Sociedad Musical de Sevilla</p>
<p>Dirección<br />
Gabriel Díaz Cuesta</p>
<h3>PROGRAMA</h3>
<p>Carlo Gesualdo (1566-1613)<br />
Moro Lasso</p>
<p>Claudio Monteverdi (1567-1643)<br />
Era l’anima mia<br />
Lamento della ninfa<br />
Lamento d’Arianna<br />
Interrotte speranze</p>

<p>Jueves 30 de octubre de 2014 Teatro de Capitanía General Plaza de España CLONE Recreación musical sobre textos de Julio Cortázar y madrigales de Carlo Gesualdo y Claudio Monteverdi Textos de CLONE, Casa Tomada y Rayuela Guión de Gabriel Díaz Cynthia Luque · Actriz Dolce Rima Julieta Viñas · Viola da gamba Paula Brieva · [&hellip;]</p>
