{"id":5888,"date":"2014-10-04T11:31:28","date_gmt":"2014-10-04T10:31:28","guid":{"rendered":"http:\/\/smdesevilla.com\/principal\/?page_id=5888"},"modified":"2026-03-16T22:06:56","modified_gmt":"2026-03-16T21:06:56","slug":"5888-2","status":"publish","type":"page","link":"https:\/\/smdesevilla.com\/principal\/trayectori\/2013-2014\/5888-2\/","title":{"rendered":"Taller coral con Israel Moreno"},"content":{"rendered":"<p>24 y 25 de mayo, 7 y 8 de junio de 2014<br \/>\nCentro C\u00edvico \u00abTejar del Mellizo\u00bb, calle Santa Fe s\/n, 41011 Sevilla.<\/p>\n<p>La Sociedad Musical de Sevilla organiza un nuevo taller coral, en esta ocasi\u00f3n dedicado a la m\u00fasica de Tom\u00e1s Luis de Victoria, en el que se contin\u00faa profundizando sobre la obra del m\u00fasico abulense. Est\u00e1 dirigido por Israel Moreno, y el repertorio a trabajar es el siguiente:<\/p>\n<p>Missa <em>O quam gloriosum<\/em><\/p>\n<p>Motetes<\/p>\n<p><em> O quam gloriosum est regnum<\/em><br \/>\n<em>Vadam et circuibo civitatem<\/em><br \/>\n<em>Nigra sum sed formosa<\/em><br \/>\n<em>Ne timeas Maria<\/em><br \/>\n<em>Congratulamini mihi<\/em><\/p>\n","protected":false},"excerpt":{"rendered":"<p>24 y 25 de mayo, 7 y 8 de junio de 2014 Centro C\u00edvico \u00abTejar del Mellizo\u00bb, calle Santa Fe s\/n, 41011 Sevilla. La Sociedad Musical de Sevilla organiza un nuevo taller coral, en esta ocasi\u00f3n dedicado a la m\u00fasica de Tom\u00e1s Luis de Victoria, en el que se contin\u00faa profundizando sobre la obra del [&hellip;]<\/p>\n","protected":false},"author":1,"featured_media":6034,"parent":5683,"menu_order":60,"comment_status":"closed","ping_status":"open","template":"page-3-2","meta":{"_price":"","_stock":"","_tribe_ticket_header":"","_tribe_default_ticket_provider":"TEC\\Tickets\\Commerce\\Module","_tribe_ticket_capacity":"0","_ticket_start_date":"","_ticket_end_date":"","_tribe_ticket_show_description":"","_tribe_ticket_show_not_going":false,"_tribe_ticket_use_global_stock":"","_tribe_ticket_global_stock_level":"","_global_stock_mode":"","_global_stock_cap":"","_tribe_rsvp_for_event":"","_tribe_ticket_going_count":"","_tribe_ticket_not_going_count":"","_tribe_tickets_list":"[]","_tribe_ticket_has_attendee_info_fields":false,"footnotes":"","_tec_slr_enabled":"","_tec_slr_layout":""},"class_list":["post-5888","page","type-page","status-publish","has-post-thumbnail","hentry"],"aioseo_notices":[],"ticketed":false,"_links":{"self":[{"href":"https:\/\/smdesevilla.com\/principal\/wp-json\/wp\/v2\/pages\/5888","targetHints":{"allow":["GET"]}}],"collection":[{"href":"https:\/\/smdesevilla.com\/principal\/wp-json\/wp\/v2\/pages"}],"about":[{"href":"https:\/\/smdesevilla.com\/principal\/wp-json\/wp\/v2\/types\/page"}],"author":[{"embeddable":true,"href":"https:\/\/smdesevilla.com\/principal\/wp-json\/wp\/v2\/users\/1"}],"replies":[{"embeddable":true,"href":"https:\/\/smdesevilla.com\/principal\/wp-json\/wp\/v2\/comments?post=5888"}],"version-history":[{"count":1,"href":"https:\/\/smdesevilla.com\/principal\/wp-json\/wp\/v2\/pages\/5888\/revisions"}],"predecessor-version":[{"id":13007,"href":"https:\/\/smdesevilla.com\/principal\/wp-json\/wp\/v2\/pages\/5888\/revisions\/13007"}],"up":[{"embeddable":true,"href":"https:\/\/smdesevilla.com\/principal\/wp-json\/wp\/v2\/pages\/5683"}],"wp:featuredmedia":[{"embeddable":true,"href":"https:\/\/smdesevilla.com\/principal\/wp-json\/wp\/v2\/media\/6034"}],"wp:attachment":[{"href":"https:\/\/smdesevilla.com\/principal\/wp-json\/wp\/v2\/media?parent=5888"}],"curies":[{"name":"wp","href":"https:\/\/api.w.org\/{rel}","templated":true}]}}

<p>24 y 25 de mayo, 7 y 8 de junio de 2014<br />
Centro Cívico «Tejar del Mellizo», calle Santa Fe s/n, 41011 Sevilla.</p>
<p>La Sociedad Musical de Sevilla organiza un nuevo taller coral, en esta ocasión dedicado a la música de Tomás Luis de Victoria, en el que se continúa profundizando sobre la obra del músico abulense. Está dirigido por Israel Moreno, y el repertorio a trabajar es el siguiente:</p>
<p>Missa <em>O quam gloriosum</em></p>
<p>Motetes</p>
<p><em> O quam gloriosum est regnum</em><br />
<em>Vadam et circuibo civitatem</em><br />
<em>Nigra sum sed formosa</em><br />
<em>Ne timeas Maria</em><br />
<em>Congratulamini mihi</em></p>

<p>24 y 25 de mayo, 7 y 8 de junio de 2014 Centro Cívico «Tejar del Mellizo», calle Santa Fe s/n, 41011 Sevilla. La Sociedad Musical de Sevilla organiza un nuevo taller coral, en esta ocasión dedicado a la música de Tomás Luis de Victoria, en el que se continúa profundizando sobre la obra del [&hellip;]</p>
