{"id":5742,"date":"2014-01-31T11:58:42","date_gmt":"2014-01-31T10:58:42","guid":{"rendered":"http:\/\/smdesevilla.com\/principal\/?page_id=5742"},"modified":"2026-03-16T22:06:56","modified_gmt":"2026-03-16T21:06:56","slug":"taller-con-gabriel-diaz","status":"publish","type":"page","link":"https:\/\/smdesevilla.com\/principal\/trayectori\/2012-2013\/taller-con-gabriel-diaz\/","title":{"rendered":"Taller con Gabriel D\u00edaz"},"content":{"rendered":"<p>15, 16 y 17 de febrero de 2013<br \/>\n22, 23 y 24 de febrero de 2013<\/p>\n<p>Centro C\u00edvico \u00abTejar del Mellizo\u00bb<\/p>\n<p>La Sociedad Musical de Sevilla prosigue sus actividades formativas y did\u00e1cticas de car\u00e1cter abierto, como continuaci\u00f3n a los Ciclos de Conferencias (cursos de libre configuraci\u00f3n de la Universidad de Sevilla) de 2010 y 2011, a los Cursos de Direcci\u00f3n Coral realizados en a\u00f1os precedentes y al Ciclo de Talleres iniciado en 2011, con el dedicado por Alonso G\u00f3mez Gallego a la m\u00fasica del siglo XX, y los dos realizados en 2012 con Jorge Enrique Garc\u00eda, dedi-cado a Francisco Guerrero, y con Martin Schmidt, en el que se trabajaron obras de Bach, Buxtehude y Sch\u00fctz. En esta ocasi\u00f3n, la propuesta se centra en el estudio de la m\u00fasica de Tom\u00e1s Luis de Victoria, a trav\u00e9s de sus Responsorios de Tinieblas.<\/p>\n<p>El taller fue dirigido por Gabriel D\u00edaz, contratenor y director.<\/p>\n<p><strong>REPERTORIO<\/strong><\/p>\n<p>Tom\u00e1s Luis de Victoria (1548-1611)<br \/>\n<em>Responsorios de Tinieblas<\/em><\/p>\n<hr \/>\n<p>&nbsp;<\/p>\n<p><strong>Gabriel D\u00edaz<\/strong><br \/>\nDirector del taller<\/p>\n<p>Nacido en Pilas, Sevilla. Inicia sus estudios musicales de piano para m\u00e1s tarde dedicarse de lleno al canto y la interpretaci\u00f3n hist\u00f3rica. Inicia su formaci\u00f3n vocal dentro del proyecto Coro Barroco de Andaluc\u00eda donde recibe clases regulares de Carlos Mena, Lambert Climent y Lluis Vilamajo. En 2005 se traslada a Londres donde estudia en el Trinity College of Music con el contratenor Timothy Travers-Brown, Philip Thorby y Stephen Preston.<\/p>\n<p>Trabaja habitualmente con multitud de grupos espa\u00f1oles y europeos como La Capella Real de Catalu\u00f1a (Jordi Savall), Choeur de Chambre de Namur(Leonardo Garc\u00eda Alarc\u00f3n), La Grande Chapelle, Musica Ficta, Capilla Real de Madrid, Los M\u00fasicos de su Alteza, Vox Luminis, Musica Saeculorum, entre otros.<\/p>\n<p>Ha actuado en los pricipales auditorios espa\u00f1oles como auditorio Nacional de Madrid, Auditorio de Barcelona, Le\u00f3n, Castell\u00f3n, Girona, Cuenca, Zaragoza y Santiago, as\u00ed como en multitud de festivales como Festival de Musica Antigua de Sevilla, Ubeda y Baeza, M\u00e1laga y La Laguna, Festival de M\u00fasica Religiosa de Cuenca, Siglos de Oro de Cajamadrid, Festival Mozart de La Coru\u00f1a, Musikaste de Errenter\u00eda, Quincena Musical Donostiarra de San Sebasti\u00e1n, Festival Laus Polyphoniae (Amberes), De Singel (Amberes), Palais de Beaux-Arts (Bruselas), Festival Vocal de Mechelen, Musica Sacra Maastricht, Tag der Alten Musik in Alden Biesen (B\u00e9lgica), Cit\u00e8 de la Musique (Par\u00eds), Rencontres d&#8217;Art Vocal de Noirlac, Festival de Ambronay, Abadia de Fontfroide, Festival de Radio France (Montpellier), Festival d&#8217;Arques la Bataille, Festival \u00cele de France, Festival de Ribeauville, Festival de M\u00fasica Antigua de Fribourg (Suiza), Colegio Espa\u00f1ol de Roma, Musica Brixen, Festival Bach de Leipzig, Festpielhaus Baden-Baden, K\u00f6then Bachfest, National Theatre (Londres), Greenwich Early Music Festival, Estyriarte (Graz), Osterklang Festival (Viena), Festival Misteria Paschalia (Cracovia), Institutos Cervantes de Casablanca y Rabat, Festival de M\u00fasica Antigua del CENART (M\u00e9xico), Festival Cervantino (M\u00e9xico), Festival de M\u00fasica Antigua de Lima (Per\u00fa).<\/p>\n<p>Ha interpretado el rol de Melissa en la \u00f3pera \u201cLa Liberazzione di Rugiero\u201d de Francesca Caccini en el Teatro Jovellanos de Gij\u00f3n bajo la direcci\u00f3n de Furio Zanasi y Roberto Gini.<\/p>\n<p>Ha sido invitado a impartir cursos por la Universidad de M\u00e1laga, Muestra de M\u00fasica Antigua Castillo de Aracena, Coro de la Sociedad Musical de Sevilla y Sistema nacional de Fomento Musical de M\u00e9xico.<\/p>\n<p>Durante abril y mayo de 2013 ser\u00e1 el director invitado del Coro de Madrigalistas de Bellas Artes de M\u00e9xico, con el que realizar\u00e1 varios proyectos.<\/p>\n<p>Ha realizado grabaciones para los sellos Almaviva, Enchiriadis, Lauda Musica y Alpha.<\/p>\n<p>&nbsp;<\/p>\n<p>&nbsp;<\/p>\n","protected":false},"excerpt":{"rendered":"<p>15, 16 y 17 de febrero de 2013 22, 23 y 24 de febrero de 2013 Centro C\u00edvico \u00abTejar del Mellizo\u00bb La Sociedad Musical de Sevilla prosigue sus actividades formativas y did\u00e1cticas de car\u00e1cter abierto, como continuaci\u00f3n a los Ciclos de Conferencias (cursos de libre configuraci\u00f3n de la Universidad de Sevilla) de 2010 y 2011, [&hellip;]<\/p>\n","protected":false},"author":1,"featured_media":5743,"parent":5681,"menu_order":100,"comment_status":"closed","ping_status":"open","template":"page-3-2","meta":{"_price":"","_stock":"","_tribe_ticket_header":"","_tribe_default_ticket_provider":"","_tribe_ticket_capacity":"0","_ticket_start_date":"","_ticket_end_date":"","_tribe_ticket_show_description":"","_tribe_ticket_show_not_going":false,"_tribe_ticket_use_global_stock":"","_tribe_ticket_global_stock_level":"","_global_stock_mode":"","_global_stock_cap":"","_tribe_rsvp_for_event":"","_tribe_ticket_going_count":"","_tribe_ticket_not_going_count":"","_tribe_tickets_list":"[]","_tribe_ticket_has_attendee_info_fields":false,"footnotes":"","_tec_slr_enabled":"","_tec_slr_layout":""},"class_list":["post-5742","page","type-page","status-publish","has-post-thumbnail","hentry"],"aioseo_notices":[],"ticketed":false,"_links":{"self":[{"href":"https:\/\/smdesevilla.com\/principal\/wp-json\/wp\/v2\/pages\/5742","targetHints":{"allow":["GET"]}}],"collection":[{"href":"https:\/\/smdesevilla.com\/principal\/wp-json\/wp\/v2\/pages"}],"about":[{"href":"https:\/\/smdesevilla.com\/principal\/wp-json\/wp\/v2\/types\/page"}],"author":[{"embeddable":true,"href":"https:\/\/smdesevilla.com\/principal\/wp-json\/wp\/v2\/users\/1"}],"replies":[{"embeddable":true,"href":"https:\/\/smdesevilla.com\/principal\/wp-json\/wp\/v2\/comments?post=5742"}],"version-history":[{"count":1,"href":"https:\/\/smdesevilla.com\/principal\/wp-json\/wp\/v2\/pages\/5742\/revisions"}],"predecessor-version":[{"id":14342,"href":"https:\/\/smdesevilla.com\/principal\/wp-json\/wp\/v2\/pages\/5742\/revisions\/14342"}],"up":[{"embeddable":true,"href":"https:\/\/smdesevilla.com\/principal\/wp-json\/wp\/v2\/pages\/5681"}],"wp:featuredmedia":[{"embeddable":true,"href":"https:\/\/smdesevilla.com\/principal\/wp-json\/wp\/v2\/media\/5743"}],"wp:attachment":[{"href":"https:\/\/smdesevilla.com\/principal\/wp-json\/wp\/v2\/media?parent=5742"}],"curies":[{"name":"wp","href":"https:\/\/api.w.org\/{rel}","templated":true}]}}

Taller con Gabriel Díaz

<p>15, 16 y 17 de febrero de 2013<br />
22, 23 y 24 de febrero de 2013</p>
<p>Centro Cívico «Tejar del Mellizo»</p>
<p>La Sociedad Musical de Sevilla prosigue sus actividades formativas y didácticas de carácter abierto, como continuación a los Ciclos de Conferencias (cursos de libre configuración de la Universidad de Sevilla) de 2010 y 2011, a los Cursos de Dirección Coral realizados en años precedentes y al Ciclo de Talleres iniciado en 2011, con el dedicado por Alonso Gómez Gallego a la música del siglo XX, y los dos realizados en 2012 con Jorge Enrique García, dedi-cado a Francisco Guerrero, y con Martin Schmidt, en el que se trabajaron obras de Bach, Buxtehude y Schütz. En esta ocasión, la propuesta se centra en el estudio de la música de Tomás Luis de Victoria, a través de sus Responsorios de Tinieblas.</p>
<p>El taller fue dirigido por Gabriel Díaz, contratenor y director.</p>
<p><strong>REPERTORIO</strong></p>
<p>Tomás Luis de Victoria (1548-1611)<br />
<em>Responsorios de Tinieblas</em></p>
<hr />
<p>&nbsp;</p>
<p><strong>Gabriel Díaz</strong><br />
Director del taller</p>
<p>Nacido en Pilas, Sevilla. Inicia sus estudios musicales de piano para más tarde dedicarse de lleno al canto y la interpretación histórica. Inicia su formación vocal dentro del proyecto Coro Barroco de Andalucía donde recibe clases regulares de Carlos Mena, Lambert Climent y Lluis Vilamajo. En 2005 se traslada a Londres donde estudia en el Trinity College of Music con el contratenor Timothy Travers-Brown, Philip Thorby y Stephen Preston.</p>
<p>Trabaja habitualmente con multitud de grupos españoles y europeos como La Capella Real de Cataluña (Jordi Savall), Choeur de Chambre de Namur(Leonardo García Alarcón), La Grande Chapelle, Musica Ficta, Capilla Real de Madrid, Los Músicos de su Alteza, Vox Luminis, Musica Saeculorum, entre otros.</p>
<p>Ha actuado en los pricipales auditorios españoles como auditorio Nacional de Madrid, Auditorio de Barcelona, León, Castellón, Girona, Cuenca, Zaragoza y Santiago, así como en multitud de festivales como Festival de Musica Antigua de Sevilla, Ubeda y Baeza, Málaga y La Laguna, Festival de Música Religiosa de Cuenca, Siglos de Oro de Cajamadrid, Festival Mozart de La Coruña, Musikaste de Errentería, Quincena Musical Donostiarra de San Sebastián, Festival Laus Polyphoniae (Amberes), De Singel (Amberes), Palais de Beaux-Arts (Bruselas), Festival Vocal de Mechelen, Musica Sacra Maastricht, Tag der Alten Musik in Alden Biesen (Bélgica), Citè de la Musique (París), Rencontres d&#8217;Art Vocal de Noirlac, Festival de Ambronay, Abadia de Fontfroide, Festival de Radio France (Montpellier), Festival d&#8217;Arques la Bataille, Festival Île de France, Festival de Ribeauville, Festival de Música Antigua de Fribourg (Suiza), Colegio Español de Roma, Musica Brixen, Festival Bach de Leipzig, Festpielhaus Baden-Baden, Köthen Bachfest, National Theatre (Londres), Greenwich Early Music Festival, Estyriarte (Graz), Osterklang Festival (Viena), Festival Misteria Paschalia (Cracovia), Institutos Cervantes de Casablanca y Rabat, Festival de Música Antigua del CENART (México), Festival Cervantino (México), Festival de Música Antigua de Lima (Perú).</p>
<p>Ha interpretado el rol de Melissa en la ópera “La Liberazzione di Rugiero” de Francesca Caccini en el Teatro Jovellanos de Gijón bajo la dirección de Furio Zanasi y Roberto Gini.</p>
<p>Ha sido invitado a impartir cursos por la Universidad de Málaga, Muestra de Música Antigua Castillo de Aracena, Coro de la Sociedad Musical de Sevilla y Sistema nacional de Fomento Musical de México.</p>
<p>Durante abril y mayo de 2013 será el director invitado del Coro de Madrigalistas de Bellas Artes de México, con el que realizará varios proyectos.</p>
<p>Ha realizado grabaciones para los sellos Almaviva, Enchiriadis, Lauda Musica y Alpha.</p>
<p>&nbsp;</p>
<p>&nbsp;</p>

<p>15, 16 y 17 de febrero de 2013 22, 23 y 24 de febrero de 2013 Centro Cívico «Tejar del Mellizo» La Sociedad Musical de Sevilla prosigue sus actividades formativas y didácticas de carácter abierto, como continuación a los Ciclos de Conferencias (cursos de libre configuración de la Universidad de Sevilla) de 2010 y 2011, [&hellip;]</p>
