{"id":5728,"date":"2014-01-31T09:55:59","date_gmt":"2014-01-31T08:55:59","guid":{"rendered":"http:\/\/smdesevilla.com\/principal\/?page_id=5728"},"modified":"2026-03-16T22:06:56","modified_gmt":"2026-03-16T21:06:56","slug":"el-mesias-participativo","status":"publish","type":"page","link":"https:\/\/smdesevilla.com\/principal\/trayectori\/2012-2013\/el-mesias-participativo\/","title":{"rendered":"El Mes\u00edas participativo"},"content":{"rendered":"<p>EL MES\u00cdAS PARTICIPATIVO 2012<\/p>\n<p>20 y 21 de diciembre de 2012<br \/>\nTeatro de la Maestranza de Sevilla<\/p>\n<p>Real Orquesta Sinf\u00f3nica de Sevilla<br \/>\nG\u00e4chinger Kantorei, coro de escenario<\/p>\n<p>Hannah-Elisabeth M\u00fcller, soprano<br \/>\nWallis Giunta, mezzosoprano<br \/>\nDominik Wortig, tenor<br \/>\nMathias Hausmann, bar\u00edtono<\/p>\n<p>Coros participantes:<\/p>\n<p>Camerata Vocal Concertante<br \/>\nCoro An die Musik<br \/>\nCoro de la Sociedad Musical de Sevilla<br \/>\nCoro de la Universidad de Huelva<br \/>\nCoro del Ateneo de Sevilla<br \/>\nCoro Manuel de Falla del Conservatorio Superior de Sevilla<br \/>\nOrfe\u00f3n Portuense<br \/>\nOrfe\u00f3n Virgen de la Escalera de Rota<\/p>\n<p>Esteve Nabona, director preparador<\/p>\n<div>\n<div>\n<h3>Direcci\u00f3n:<\/h3>\n<\/div>\n<div>\n<p>Helmuth Rilling<\/p>\n<\/div>\n<\/div>\n","protected":false},"excerpt":{"rendered":"<p>EL MES\u00cdAS PARTICIPATIVO 2012 20 y 21 de diciembre de 2012 Teatro de la Maestranza de Sevilla Real Orquesta Sinf\u00f3nica de Sevilla G\u00e4chinger Kantorei, coro de escenario Hannah-Elisabeth M\u00fcller, soprano Wallis Giunta, mezzosoprano Dominik Wortig, tenor Mathias Hausmann, bar\u00edtono Coros participantes: Camerata Vocal Concertante Coro An die Musik Coro de la Sociedad Musical de Sevilla [&hellip;]<\/p>\n","protected":false},"author":1,"featured_media":6028,"parent":5681,"menu_order":0,"comment_status":"closed","ping_status":"open","template":"page-3-2","meta":{"_price":"","_stock":"","_tribe_ticket_header":"","_tribe_default_ticket_provider":"TEC\\Tickets\\Commerce\\Module","_tribe_ticket_capacity":"0","_ticket_start_date":"","_ticket_end_date":"","_tribe_ticket_show_description":"","_tribe_ticket_show_not_going":false,"_tribe_ticket_use_global_stock":"","_tribe_ticket_global_stock_level":"","_global_stock_mode":"","_global_stock_cap":"","_tribe_rsvp_for_event":"","_tribe_ticket_going_count":"","_tribe_ticket_not_going_count":"","_tribe_tickets_list":"[]","_tribe_ticket_has_attendee_info_fields":false,"footnotes":"","_tec_slr_enabled":"","_tec_slr_layout":""},"class_list":["post-5728","page","type-page","status-publish","has-post-thumbnail","hentry"],"aioseo_notices":[],"ticketed":false,"_links":{"self":[{"href":"https:\/\/smdesevilla.com\/principal\/wp-json\/wp\/v2\/pages\/5728","targetHints":{"allow":["GET"]}}],"collection":[{"href":"https:\/\/smdesevilla.com\/principal\/wp-json\/wp\/v2\/pages"}],"about":[{"href":"https:\/\/smdesevilla.com\/principal\/wp-json\/wp\/v2\/types\/page"}],"author":[{"embeddable":true,"href":"https:\/\/smdesevilla.com\/principal\/wp-json\/wp\/v2\/users\/1"}],"replies":[{"embeddable":true,"href":"https:\/\/smdesevilla.com\/principal\/wp-json\/wp\/v2\/comments?post=5728"}],"version-history":[{"count":1,"href":"https:\/\/smdesevilla.com\/principal\/wp-json\/wp\/v2\/pages\/5728\/revisions"}],"predecessor-version":[{"id":13001,"href":"https:\/\/smdesevilla.com\/principal\/wp-json\/wp\/v2\/pages\/5728\/revisions\/13001"}],"up":[{"embeddable":true,"href":"https:\/\/smdesevilla.com\/principal\/wp-json\/wp\/v2\/pages\/5681"}],"wp:featuredmedia":[{"embeddable":true,"href":"https:\/\/smdesevilla.com\/principal\/wp-json\/wp\/v2\/media\/6028"}],"wp:attachment":[{"href":"https:\/\/smdesevilla.com\/principal\/wp-json\/wp\/v2\/media?parent=5728"}],"curies":[{"name":"wp","href":"https:\/\/api.w.org\/{rel}","templated":true}]}}

El Mesías participativo

<p>EL MESÍAS PARTICIPATIVO 2012</p>
<p>20 y 21 de diciembre de 2012<br />
Teatro de la Maestranza de Sevilla</p>
<p>Real Orquesta Sinfónica de Sevilla<br />
Gächinger Kantorei, coro de escenario</p>
<p>Hannah-Elisabeth Müller, soprano<br />
Wallis Giunta, mezzosoprano<br />
Dominik Wortig, tenor<br />
Mathias Hausmann, barítono</p>
<p>Coros participantes:</p>
<p>Camerata Vocal Concertante<br />
Coro An die Musik<br />
Coro de la Sociedad Musical de Sevilla<br />
Coro de la Universidad de Huelva<br />
Coro del Ateneo de Sevilla<br />
Coro Manuel de Falla del Conservatorio Superior de Sevilla<br />
Orfeón Portuense<br />
Orfeón Virgen de la Escalera de Rota</p>
<p>Esteve Nabona, director preparador</p>
<div>
<div>
<h3>Dirección:</h3>
</div>
<div>
<p>Helmuth Rilling</p>
</div>
</div>

<p>EL MESÍAS PARTICIPATIVO 2012 20 y 21 de diciembre de 2012 Teatro de la Maestranza de Sevilla Real Orquesta Sinfónica de Sevilla Gächinger Kantorei, coro de escenario Hannah-Elisabeth Müller, soprano Wallis Giunta, mezzosoprano Dominik Wortig, tenor Mathias Hausmann, barítono Coros participantes: Camerata Vocal Concertante Coro An die Musik Coro de la Sociedad Musical de Sevilla [&hellip;]</p>
