{"id":5696,"date":"2014-01-29T23:01:51","date_gmt":"2014-01-29T22:01:51","guid":{"rendered":"http:\/\/smdesevilla.com\/principal\/?page_id=5696"},"modified":"2026-03-16T22:06:55","modified_gmt":"2026-03-16T21:06:55","slug":"carmina-burana","status":"publish","type":"page","link":"https:\/\/smdesevilla.com\/principal\/trayectori\/2011-2012\/carmina-burana\/","title":{"rendered":"Carmina Burana"},"content":{"rendered":"<p><strong>Conciertos<\/strong><\/p>\n<p>Jueves 22 y viernes 23 de diciembre de 2011<br \/>\nTeatro de la Maestranza de Sevilla<\/p>\n<p><strong>Programa<\/strong><\/p>\n<p>CARL ORFF (1895-1982)<\/p>\n<p>Carmina Burana<br \/>\n<i>Cantiones profanae cantoribus et choris cantandae comitantibus instrumentis atque imaginibus magicis<\/i><\/p>\n<p>Real Orquesta Sinf\u00f3nica de Sevilla<br \/>\nCoro de la Asociaci\u00f3n de Amigos del Teatro de la Maestranza<br \/>\nEscolan\u00eda de los Palacios<\/p>\n<p>Judith Pezoa <em>soprano<\/em><br \/>\nJordi Dom\u00e8nech <em>contratenor<\/em><br \/>\nThomas Mohr <em>bar\u00edtono<\/em><\/p>\n<p>Camerata Vocal Concertante<br \/>\nCoro del Ateneo de Sevilla<br \/>\nCoro de la Sociedad Musical de Sevilla<br \/>\nCoro de la Universidad de Huelva<br \/>\nCoro Manuel de Falla<br \/>\nOrfe\u00f3n Portuense<br \/>\nOrfe\u00f3n V\u00edrgen de la Escalera<\/p>\n<p><strong>Direcci\u00f3n<\/strong><\/p>\n<p>Pedro Halffter<\/p>\n<p>&nbsp;<\/p>\n","protected":false},"excerpt":{"rendered":"<p>Conciertos Jueves 22 y viernes 23 de diciembre de 2011 Teatro de la Maestranza de Sevilla Programa CARL ORFF (1895-1982) Carmina Burana Cantiones profanae cantoribus et choris cantandae comitantibus instrumentis atque imaginibus magicis Real Orquesta Sinf\u00f3nica de Sevilla Coro de la Asociaci\u00f3n de Amigos del Teatro de la Maestranza Escolan\u00eda de los Palacios Judith Pezoa [&hellip;]<\/p>\n","protected":false},"author":1,"featured_media":6026,"parent":5676,"menu_order":20,"comment_status":"closed","ping_status":"open","template":"page-3-2","meta":{"_price":"","_stock":"","_tribe_ticket_header":"","_tribe_default_ticket_provider":"TEC\\Tickets\\Commerce\\Module","_tribe_ticket_capacity":"0","_ticket_start_date":"","_ticket_end_date":"","_tribe_ticket_show_description":"","_tribe_ticket_show_not_going":false,"_tribe_ticket_use_global_stock":"","_tribe_ticket_global_stock_level":"","_global_stock_mode":"","_global_stock_cap":"","_tribe_rsvp_for_event":"","_tribe_ticket_going_count":"","_tribe_ticket_not_going_count":"","_tribe_tickets_list":"[]","_tribe_ticket_has_attendee_info_fields":false,"footnotes":"","_tec_slr_enabled":"","_tec_slr_layout":""},"class_list":["post-5696","page","type-page","status-publish","has-post-thumbnail","hentry"],"aioseo_notices":[],"ticketed":false,"_links":{"self":[{"href":"https:\/\/smdesevilla.com\/principal\/wp-json\/wp\/v2\/pages\/5696","targetHints":{"allow":["GET"]}}],"collection":[{"href":"https:\/\/smdesevilla.com\/principal\/wp-json\/wp\/v2\/pages"}],"about":[{"href":"https:\/\/smdesevilla.com\/principal\/wp-json\/wp\/v2\/types\/page"}],"author":[{"embeddable":true,"href":"https:\/\/smdesevilla.com\/principal\/wp-json\/wp\/v2\/users\/1"}],"replies":[{"embeddable":true,"href":"https:\/\/smdesevilla.com\/principal\/wp-json\/wp\/v2\/comments?post=5696"}],"version-history":[{"count":1,"href":"https:\/\/smdesevilla.com\/principal\/wp-json\/wp\/v2\/pages\/5696\/revisions"}],"predecessor-version":[{"id":13000,"href":"https:\/\/smdesevilla.com\/principal\/wp-json\/wp\/v2\/pages\/5696\/revisions\/13000"}],"up":[{"embeddable":true,"href":"https:\/\/smdesevilla.com\/principal\/wp-json\/wp\/v2\/pages\/5676"}],"wp:featuredmedia":[{"embeddable":true,"href":"https:\/\/smdesevilla.com\/principal\/wp-json\/wp\/v2\/media\/6026"}],"wp:attachment":[{"href":"https:\/\/smdesevilla.com\/principal\/wp-json\/wp\/v2\/media?parent=5696"}],"curies":[{"name":"wp","href":"https:\/\/api.w.org\/{rel}","templated":true}]}}

<p><strong>Conciertos</strong></p>
<p>Jueves 22 y viernes 23 de diciembre de 2011<br />
Teatro de la Maestranza de Sevilla</p>
<p><strong>Programa</strong></p>
<p>CARL ORFF (1895-1982)</p>
<p>Carmina Burana<br />
<i>Cantiones profanae cantoribus et choris cantandae comitantibus instrumentis atque imaginibus magicis</i></p>
<p>Real Orquesta Sinfónica de Sevilla<br />
Coro de la Asociación de Amigos del Teatro de la Maestranza<br />
Escolanía de los Palacios</p>
<p>Judith Pezoa <em>soprano</em><br />
Jordi Domènech <em>contratenor</em><br />
Thomas Mohr <em>barítono</em></p>
<p>Camerata Vocal Concertante<br />
Coro del Ateneo de Sevilla<br />
Coro de la Sociedad Musical de Sevilla<br />
Coro de la Universidad de Huelva<br />
Coro Manuel de Falla<br />
Orfeón Portuense<br />
Orfeón Vírgen de la Escalera</p>
<p><strong>Dirección</strong></p>
<p>Pedro Halffter</p>
<p>&nbsp;</p>

<p>Conciertos Jueves 22 y viernes 23 de diciembre de 2011 Teatro de la Maestranza de Sevilla Programa CARL ORFF (1895-1982) Carmina Burana Cantiones profanae cantoribus et choris cantandae comitantibus instrumentis atque imaginibus magicis Real Orquesta Sinfónica de Sevilla Coro de la Asociación de Amigos del Teatro de la Maestranza Escolanía de los Palacios Judith Pezoa [&hellip;]</p>
