{"id":5681,"date":"2014-01-29T21:16:58","date_gmt":"2014-01-29T20:16:58","guid":{"rendered":"http:\/\/smdesevilla.com\/principal\/?page_id=5681"},"modified":"2026-03-16T22:06:56","modified_gmt":"2026-03-16T21:06:56","slug":"2012-2013","status":"publish","type":"page","link":"https:\/\/smdesevilla.com\/principal\/trayectori\/2012-2013\/","title":{"rendered":"2012-2013"},"content":{"rendered":"<h3><a href=\"?page_id=5728\" target=\"_self\" rel=\"noopener\">EL MES\u00cdAS PARTICIPATIVO<\/a><\/h3>\n<p>Real Orquesta Sinf\u00f3nica de Sevilla<br \/>\nG\u00e4chinger Kantorei, coro de escenario<\/p>\n<p>Hannah-Elisabeth M\u00fcller, soprano<br \/>\nWallis Giunta, mezzosoprano<br \/>\nDominik Wortig, tenor<br \/>\nMathias Hausmann, bar\u00edtono<\/p>\n<p>Coros participantes:<\/p>\n<p>Camerata Vocal Concertante<br \/>\nCoro An die Musik<br \/>\nCoro de la Sociedad Musical de Sevilla<br \/>\nCoro de la Universidad de Huelva<br \/>\nCoro del Ateneo de Sevilla<br \/>\nCoro Manuel de Falla del Conservatorio Superior de Sevilla<br \/>\nOrfe\u00f3n Portuense<br \/>\nOrfe\u00f3n Virgen de la Escalera de Rota<\/p>\n<p>Esteve Nabona, director preparador<br \/>\n<strong>Helmuth Rilling, director<\/strong><\/p>\n<p style=\"text-align: justify;\">Conciertos<\/p>\n<p style=\"text-align: justify;\">20 y 21 de diciembre de 2012<br \/>\nTeatro de la Maestranza de Sevilla<\/p>\n<h3><a href=\"?page_id=5720\" target=\"_self\" rel=\"noopener\">RESPONSORIOS DE TINIEBLAS \u00b7 VICTORIA<\/a><\/h3>\n<p>Coro de la Sociedad Musical de Sevilla<br \/>\nGabriel D\u00edaz, director<\/p>\n<p>Conciertos<\/p>\n<p>21 de junio de 2013 \u00b7 Iglesia de San Alberto<\/p>\n<h3><a href=\"?page_id=5742\" target=\"_self\" rel=\"noopener\">TALLER CON GABRIEL D\u00cdAZ<\/a><\/h3>\n<p>15, 16 y 17 de febrero de 2013<br \/>\n22, 23 y 24 de febrero de 2013<\/p>\n<p>Centro C\u00edvico \u00abTejar del Mellizo\u00bb<\/p>\n","protected":false},"excerpt":{"rendered":"<p>EL MES\u00cdAS PARTICIPATIVO Real Orquesta Sinf\u00f3nica de Sevilla G\u00e4chinger Kantorei, coro de escenario Hannah-Elisabeth M\u00fcller, soprano Wallis Giunta, mezzosoprano Dominik Wortig, tenor Mathias Hausmann, bar\u00edtono Coros participantes: Camerata Vocal Concertante Coro An die Musik Coro de la Sociedad Musical de Sevilla Coro de la Universidad de Huelva Coro del Ateneo de Sevilla Coro Manuel de [&hellip;]<\/p>\n","protected":false},"author":1,"featured_media":6200,"parent":33,"menu_order":30,"comment_status":"closed","ping_status":"open","template":"page-3-2","meta":{"_price":"","_stock":"","_tribe_ticket_header":"","_tribe_default_ticket_provider":"TEC\\Tickets\\Commerce\\Module","_tribe_ticket_capacity":"0","_ticket_start_date":"","_ticket_end_date":"","_tribe_ticket_show_description":"","_tribe_ticket_show_not_going":false,"_tribe_ticket_use_global_stock":"","_tribe_ticket_global_stock_level":"","_global_stock_mode":"","_global_stock_cap":"","_tribe_rsvp_for_event":"","_tribe_ticket_going_count":"","_tribe_ticket_not_going_count":"","_tribe_tickets_list":"[]","_tribe_ticket_has_attendee_info_fields":false,"footnotes":"","_tec_slr_enabled":"","_tec_slr_layout":""},"class_list":["post-5681","page","type-page","status-publish","has-post-thumbnail","hentry"],"aioseo_notices":[],"ticketed":false,"_links":{"self":[{"href":"https:\/\/smdesevilla.com\/principal\/wp-json\/wp\/v2\/pages\/5681","targetHints":{"allow":["GET"]}}],"collection":[{"href":"https:\/\/smdesevilla.com\/principal\/wp-json\/wp\/v2\/pages"}],"about":[{"href":"https:\/\/smdesevilla.com\/principal\/wp-json\/wp\/v2\/types\/page"}],"author":[{"embeddable":true,"href":"https:\/\/smdesevilla.com\/principal\/wp-json\/wp\/v2\/users\/1"}],"replies":[{"embeddable":true,"href":"https:\/\/smdesevilla.com\/principal\/wp-json\/wp\/v2\/comments?post=5681"}],"version-history":[{"count":5,"href":"https:\/\/smdesevilla.com\/principal\/wp-json\/wp\/v2\/pages\/5681\/revisions"}],"predecessor-version":[{"id":13053,"href":"https:\/\/smdesevilla.com\/principal\/wp-json\/wp\/v2\/pages\/5681\/revisions\/13053"}],"up":[{"embeddable":true,"href":"https:\/\/smdesevilla.com\/principal\/wp-json\/wp\/v2\/pages\/33"}],"wp:featuredmedia":[{"embeddable":true,"href":"https:\/\/smdesevilla.com\/principal\/wp-json\/wp\/v2\/media\/6200"}],"wp:attachment":[{"href":"https:\/\/smdesevilla.com\/principal\/wp-json\/wp\/v2\/media?parent=5681"}],"curies":[{"name":"wp","href":"https:\/\/api.w.org\/{rel}","templated":true}]}}

<h3><a href="?page_id=5728" target="_self" rel="noopener">EL MESÍAS PARTICIPATIVO</a></h3>
<p>Real Orquesta Sinfónica de Sevilla<br />
Gächinger Kantorei, coro de escenario</p>
<p>Hannah-Elisabeth Müller, soprano<br />
Wallis Giunta, mezzosoprano<br />
Dominik Wortig, tenor<br />
Mathias Hausmann, barítono</p>
<p>Coros participantes:</p>
<p>Camerata Vocal Concertante<br />
Coro An die Musik<br />
Coro de la Sociedad Musical de Sevilla<br />
Coro de la Universidad de Huelva<br />
Coro del Ateneo de Sevilla<br />
Coro Manuel de Falla del Conservatorio Superior de Sevilla<br />
Orfeón Portuense<br />
Orfeón Virgen de la Escalera de Rota</p>
<p>Esteve Nabona, director preparador<br />
<strong>Helmuth Rilling, director</strong></p>
<p style="text-align: justify;">Conciertos</p>
<p style="text-align: justify;">20 y 21 de diciembre de 2012<br />
Teatro de la Maestranza de Sevilla</p>
<h3><a href="?page_id=5720" target="_self" rel="noopener">RESPONSORIOS DE TINIEBLAS · VICTORIA</a></h3>
<p>Coro de la Sociedad Musical de Sevilla<br />
Gabriel Díaz, director</p>
<p>Conciertos</p>
<p>21 de junio de 2013 · Iglesia de San Alberto</p>
<h3><a href="?page_id=5742" target="_self" rel="noopener">TALLER CON GABRIEL DÍAZ</a></h3>
<p>15, 16 y 17 de febrero de 2013<br />
22, 23 y 24 de febrero de 2013</p>
<p>Centro Cívico «Tejar del Mellizo»</p>

<p>EL MESÍAS PARTICIPATIVO Real Orquesta Sinfónica de Sevilla Gächinger Kantorei, coro de escenario Hannah-Elisabeth Müller, soprano Wallis Giunta, mezzosoprano Dominik Wortig, tenor Mathias Hausmann, barítono Coros participantes: Camerata Vocal Concertante Coro An die Musik Coro de la Sociedad Musical de Sevilla Coro de la Universidad de Huelva Coro del Ateneo de Sevilla Coro Manuel de [&hellip;]</p>
