{"id":5676,"date":"2014-01-29T21:14:23","date_gmt":"2014-01-29T20:14:23","guid":{"rendered":"http:\/\/smdesevilla.com\/principal\/?page_id=5676"},"modified":"2026-03-16T22:06:55","modified_gmt":"2026-03-16T21:06:55","slug":"2011-2012","status":"publish","type":"page","link":"https:\/\/smdesevilla.com\/principal\/trayectori\/2011-2012\/","title":{"rendered":"2011-2012"},"content":{"rendered":"<h3><a href=\"?page_id=5699\" target=\"_self\" rel=\"noopener\">PRO DEFUNCTIS<\/a><\/h3>\n<p style=\"text-align: justify;\">Coro de la Sociedad Musical de Sevilla<br \/>\nIsrael S\u00e1nchez L\u00f3pez, Director<\/p>\n<p>Ministriles Hispalensis<br \/>\nArnau Rod\u00f3n, corneta, flautas y direcci\u00f3n<br \/>\nCarmelo Sosa, sacabuches alto y tenor<br \/>\nFrancisco Blay, sacabuche tenor<br \/>\nRam\u00f3n P\u00e9rez, sacabuche tenor<\/p>\n<p style=\"text-align: justify;\">Mar\u00eda Elena Guerrero Garc\u00eda, percusi\u00f3n<\/p>\n<p style=\"text-align: justify;\">Conciertos<\/p>\n<p style=\"text-align: justify;\">21 de octubre de 2011 \u00b7 XVII Muestra de M\u00fasica Antigua de Olivares \u00b7 Teatro Municipal de Olivares (Sevilla)<\/p>\n<h3><a href=\"?page_id=5693\" target=\"_self\" rel=\"noopener\">VICTORIA-PURCELL<\/a><\/h3>\n<p>Coro de la Sociedad Musical de Sevilla<br \/>\nIsrael S\u00e1nchez L\u00f3pez, director<\/p>\n<p>Conciertos<\/p>\n<p>14 de diciembre de 2012 \u00b7 Iglesia de Omnium Sanctorum<\/p>\n<h3><a href=\"?page_id=5696\" target=\"_self\" rel=\"noopener\">CARMINA BURANA<\/a><\/h3>\n<p>Camerata Vocal Concertante<br \/>\nCoro del Ateneo de Sevilla<br \/>\nCoro de la Sociedad Musical de Sevilla<br \/>\nCoro de la Universidad de Huelva<br \/>\nCoro Manuel de Falla<br \/>\nOrfe\u00f3n Portuense<br \/>\nOrfe\u00f3n V\u00edrgen de la Escalera<\/p>\n<p>Pedro Halffter, director<\/p>\n<p>Conciertos<\/p>\n<p>Jueves 22 y viernes 23 de diciembre de 2011<br \/>\nTeatro de la Maestranza de Sevilla<\/p>\n<h3><a href=\"?page_id=5716\" target=\"_self\" rel=\"noopener\">MEDITERR\u00c1NEO<\/a><\/h3>\n<p>Coro de la Sociedad Musical de Sevilla<br \/>\nIsrael S\u00e1nchez L\u00f3pez, director<\/p>\n<p>Conciertos<\/p>\n<p>17 de marzo de 2012 \u00b7 Parroquia de San Joaqu\u00edn<br \/>\n18 de marzo de 2012 \u00b7 Iglesia de San Alberto Magno<\/p>\n<h3><a href=\"?page_id=5735\" target=\"_self\" rel=\"noopener\">TALLER CON JORGE GARC\u00cdA<\/a><\/h3>\n<p>5 \u00b7 6 de mayo de 2012<br \/>\n12 \u00b7 13 de mayo de 2012<\/p>\n<p>Centro C\u00edvico \u00abTejar del Mellizo\u00bb<\/p>\n<h3><a href=\"?page_id=5739\" target=\"_self\" rel=\"noopener\">TALLER CON MARTIN SCHMIDT<\/a><\/h3>\n<p>2 \u00b7 3 de junio de 2012<br \/>\n16 \u00b7 17 de junio de 2012<\/p>\n<p>Centro C\u00edvico \u201cTejar del Mellizo\u201d<\/p>\n","protected":false},"excerpt":{"rendered":"<p>PRO DEFUNCTIS Coro de la Sociedad Musical de Sevilla Israel S\u00e1nchez L\u00f3pez, Director Ministriles Hispalensis Arnau Rod\u00f3n, corneta, flautas y direcci\u00f3n Carmelo Sosa, sacabuches alto y tenor Francisco Blay, sacabuche tenor Ram\u00f3n P\u00e9rez, sacabuche tenor Mar\u00eda Elena Guerrero Garc\u00eda, percusi\u00f3n Conciertos 21 de octubre de 2011 \u00b7 XVII Muestra de M\u00fasica Antigua de Olivares \u00b7 [&hellip;]<\/p>\n","protected":false},"author":1,"featured_media":6199,"parent":33,"menu_order":20,"comment_status":"closed","ping_status":"open","template":"page-3-2","meta":{"_price":"","_stock":"","_tribe_ticket_header":"","_tribe_default_ticket_provider":"TEC\\Tickets\\Commerce\\Module","_tribe_ticket_capacity":"0","_ticket_start_date":"","_ticket_end_date":"","_tribe_ticket_show_description":"","_tribe_ticket_show_not_going":false,"_tribe_ticket_use_global_stock":"","_tribe_ticket_global_stock_level":"","_global_stock_mode":"","_global_stock_cap":"","_tribe_rsvp_for_event":"","_tribe_ticket_going_count":"","_tribe_ticket_not_going_count":"","_tribe_tickets_list":"[]","_tribe_ticket_has_attendee_info_fields":false,"footnotes":"","_tec_slr_enabled":"","_tec_slr_layout":""},"class_list":["post-5676","page","type-page","status-publish","has-post-thumbnail","hentry"],"aioseo_notices":[],"ticketed":false,"_links":{"self":[{"href":"https:\/\/smdesevilla.com\/principal\/wp-json\/wp\/v2\/pages\/5676","targetHints":{"allow":["GET"]}}],"collection":[{"href":"https:\/\/smdesevilla.com\/principal\/wp-json\/wp\/v2\/pages"}],"about":[{"href":"https:\/\/smdesevilla.com\/principal\/wp-json\/wp\/v2\/types\/page"}],"author":[{"embeddable":true,"href":"https:\/\/smdesevilla.com\/principal\/wp-json\/wp\/v2\/users\/1"}],"replies":[{"embeddable":true,"href":"https:\/\/smdesevilla.com\/principal\/wp-json\/wp\/v2\/comments?post=5676"}],"version-history":[{"count":2,"href":"https:\/\/smdesevilla.com\/principal\/wp-json\/wp\/v2\/pages\/5676\/revisions"}],"predecessor-version":[{"id":13048,"href":"https:\/\/smdesevilla.com\/principal\/wp-json\/wp\/v2\/pages\/5676\/revisions\/13048"}],"up":[{"embeddable":true,"href":"https:\/\/smdesevilla.com\/principal\/wp-json\/wp\/v2\/pages\/33"}],"wp:featuredmedia":[{"embeddable":true,"href":"https:\/\/smdesevilla.com\/principal\/wp-json\/wp\/v2\/media\/6199"}],"wp:attachment":[{"href":"https:\/\/smdesevilla.com\/principal\/wp-json\/wp\/v2\/media?parent=5676"}],"curies":[{"name":"wp","href":"https:\/\/api.w.org\/{rel}","templated":true}]}}

<h3><a href="?page_id=5699" target="_self" rel="noopener">PRO DEFUNCTIS</a></h3>
<p style="text-align: justify;">Coro de la Sociedad Musical de Sevilla<br />
Israel Sánchez López, Director</p>
<p>Ministriles Hispalensis<br />
Arnau Rodón, corneta, flautas y dirección<br />
Carmelo Sosa, sacabuches alto y tenor<br />
Francisco Blay, sacabuche tenor<br />
Ramón Pérez, sacabuche tenor</p>
<p style="text-align: justify;">María Elena Guerrero García, percusión</p>
<p style="text-align: justify;">Conciertos</p>
<p style="text-align: justify;">21 de octubre de 2011 · XVII Muestra de Música Antigua de Olivares · Teatro Municipal de Olivares (Sevilla)</p>
<h3><a href="?page_id=5693" target="_self" rel="noopener">VICTORIA-PURCELL</a></h3>
<p>Coro de la Sociedad Musical de Sevilla<br />
Israel Sánchez López, director</p>
<p>Conciertos</p>
<p>14 de diciembre de 2012 · Iglesia de Omnium Sanctorum</p>
<h3><a href="?page_id=5696" target="_self" rel="noopener">CARMINA BURANA</a></h3>
<p>Camerata Vocal Concertante<br />
Coro del Ateneo de Sevilla<br />
Coro de la Sociedad Musical de Sevilla<br />
Coro de la Universidad de Huelva<br />
Coro Manuel de Falla<br />
Orfeón Portuense<br />
Orfeón Vírgen de la Escalera</p>
<p>Pedro Halffter, director</p>
<p>Conciertos</p>
<p>Jueves 22 y viernes 23 de diciembre de 2011<br />
Teatro de la Maestranza de Sevilla</p>
<h3><a href="?page_id=5716" target="_self" rel="noopener">MEDITERRÁNEO</a></h3>
<p>Coro de la Sociedad Musical de Sevilla<br />
Israel Sánchez López, director</p>
<p>Conciertos</p>
<p>17 de marzo de 2012 · Parroquia de San Joaquín<br />
18 de marzo de 2012 · Iglesia de San Alberto Magno</p>
<h3><a href="?page_id=5735" target="_self" rel="noopener">TALLER CON JORGE GARCÍA</a></h3>
<p>5 · 6 de mayo de 2012<br />
12 · 13 de mayo de 2012</p>
<p>Centro Cívico «Tejar del Mellizo»</p>
<h3><a href="?page_id=5739" target="_self" rel="noopener">TALLER CON MARTIN SCHMIDT</a></h3>
<p>2 · 3 de junio de 2012<br />
16 · 17 de junio de 2012</p>
<p>Centro Cívico “Tejar del Mellizo”</p>

<p>PRO DEFUNCTIS Coro de la Sociedad Musical de Sevilla Israel Sánchez López, Director Ministriles Hispalensis Arnau Rodón, corneta, flautas y dirección Carmelo Sosa, sacabuches alto y tenor Francisco Blay, sacabuche tenor Ramón Pérez, sacabuche tenor María Elena Guerrero García, percusión Conciertos 21 de octubre de 2011 · XVII Muestra de Música Antigua de Olivares · [&hellip;]</p>
