{"id":49,"date":"2008-06-05T18:56:54","date_gmt":"2008-06-05T16:56:54","guid":{"rendered":"http:\/\/localhost\/wordpress\/?page_id=78"},"modified":"2014-10-05T23:16:20","modified_gmt":"2014-10-05T22:16:20","slug":"tecnica-vocal","status":"publish","type":"page","link":"https:\/\/smdesevilla.com\/principal\/colaboradores\/musica\/tecnica-vocal\/","title":{"rendered":"T\u00e9cnica vocal"},"content":{"rendered":"<hr \/>\n<h2>Concepci\u00f3n Mart\u00ednez Ortega<\/h2>\n<p style=\"text-align: justify;\"><a href=\"\/principal\/wp-content\/uploads\/2008\/07\/CMO.gif\"><img decoding=\"async\" class=\"imagepost size-medium wp-image-154\" src=\"\/principal\/wp-content\/uploads\/2008\/07\/CMO.gif\" alt=\"\" width=\"130\" \/><\/a>Ha recibido formaci\u00f3n de t\u00e9cnica-vocal y coral de los siguientes profesores: Valle Duque, Lambert Climent, Carlos Mena, Llu\u00eds Vilamaj\u00f3, Vasco Negreiros, y Martin Schmidt. Ha sido miembro del Taller Hispalense de M\u00fasica Antigua durante 6 a\u00f1os. Ha pertenecido a los grupos sevillanos \u201cCapilla Cifra Nueva\u201d y \u201cTahona Consort\u201d, dedicados a la interpretaci\u00f3n de la m\u00fasica Renacentista y Barroca espa\u00f1olas.<\/p>\n<p style=\"text-align: justify;\">Desde Enero de 2001 hasta 2007 fue miembro del Grupo Vocal Mater Saule, dedicado a la interpretaci\u00f3n de la m\u00fasica de los siglos XVI al XXI, con sede en Madrid y dirigido por Nacho Rodr\u00edguez, con el que ha realiz\u00f3 numerosos conciertos en Madrid, Murcia, Badajoz, Castilla la Mancha, Pa\u00eds Vasco, etc. Esta agrupaci\u00f3n posee el 1er premio en el Concurso de M\u00fasica Coral en La Eliana (Valencia) en febrero de 2002 y 2\u00ba premio en el Concurso Nacional de villancicos en Jijona (Valencia) en diciembre de 2001.<\/p>\n<p style=\"text-align: justify;\">Desde Octubre de 2002 es cantante y preparadora vocal del grupo de m\u00fasica vocal contempor\u00e1nea ProyectoeLe con sede en Sevilla, con los que investiga y trabaja repertorio de los siglos XX y XXI. Tienen en su haber el disco grabado en 2004 titulado \u201corigen\u201d.<\/p>\n<p style=\"text-align: justify;\">Pertenece desde su fundaci\u00f3n, en Enero de 2002, al Coro Barroco de Andaluc\u00eda formado gracias a la direcci\u00f3n de Carlos Mena, Lambert Climent y Llu\u00eds Villamaj\u00f3 y bajo el patrocinio de la Consejer\u00eda de Cultura de la Junta de Andaluc\u00eda. Con esta agrupaci\u00f3n ha realizado numerosos conciertos entre los que destacan las actuaciones en varias ediciones del Festival de M\u00fasica Espa\u00f1ola de C\u00e1diz, Festival internacional de m\u00fasica antigua de \u00dabeda y Baeza, Muestra de M\u00fasica Antigua de Aracena, as\u00ed como la realizaci\u00f3n de la \u00d3pera Dido y Eneas de Purcell, en el Maestranza de Sevilla en Enero de 2007 y el Magnificat de Bach con la Orquesta filarm\u00f3nica de M\u00e1laga en Julio de 2008. En 2008 han editado el disco \u201cSerpiente Venenosa\u201d sobre M\u00fasica de las catedrales de C\u00e1diz y M\u00e1laga, dentro de la serie documentos sonoros de Andaluc\u00eda, acompa\u00f1ados por la orquesta barroca de Sevilla.<\/p>\n<p style=\"text-align: justify;\">Tiene experiencia did\u00e1ctica como profesora de m\u00fasica en Secundaria y cuenta con experiencia formando vocalmente a grupos corales. Actualmente compagina su faceta de cantante con la de docente en magisterio en las especialidades de educaci\u00f3n especial y educaci\u00f3n infantil.<\/p>\n<hr \/>\n<h2>Pedro Cuadrado Vilches<\/h2>\n<p><a href=\"\/principal\/wp-content\/uploads\/2008\/07\/PC.gif\"><img decoding=\"async\" class=\"imagepost size-medium wp-image-154\" src=\"\/principal\/wp-content\/uploads\/2008\/07\/PC.gif\" alt=\"\" width=\"130\" \/><\/a><\/p>\n<p style=\"text-align: justify;\">Natural de Sevilla, realiza sus estudios de canto en el conservatorio de la capital hispalense, donde obtiene el Titulo de Profesor.<\/p>\n<p style=\"text-align: justify;\">Es profesor de canto y lenguaje musical en la Escuela Municipal de M\u00fasica de Olivares y en los cursos de m\u00fasica organizados en Sevilla por la Asociaci\u00f3n Sevillana Para La Educaci\u00f3n Musical (ASSPEM). Miembro del Coro de la Asociaci\u00f3n de Amigos del Teatro de la Maestranza y de su comisi\u00f3n t\u00e9cnica.<\/p>\n<p style=\"text-align: justify;\">Ha recibido clases de prestigiosos profesores como Manuel Cid, Victoria de los \u00c1ngeles, Miguel Zanetti, Rosa M\u00aa De Alba, Orlando Rengifo, Maruja Troncoso, Juan Carlos Mera-Euler, Hakan Hagengart y otros. En 1995 viaja a Augsburgo (Alemania), donde realiza varios cursos de perfeccionamiento con Dorotea Chryst en el Conservatorio Leopold Mozart, cantando diversos roles en producciones de la escuela de opera.<\/p>\n<p style=\"text-align: justify;\">Es galardonado con el premio Eduardo Torres para j\u00f3venes tenores sevillanos en 1995.<\/p>\n<p style=\"text-align: justify;\">Ha representado los roles de Ferrando (Cos\u00ed fan tutte, de Mozart), el Conde de Almaviva (El barbero de Sevilla, de Rossini), Bastian (Bastian y Bastiana, de Mozart), Edwin (Csardasf\u00fcrstin), Acis (Acis y Galatea, de H\u00e4ndel), Bepe (Rita, de Donizetti), el camarero (La noche de un neurast\u00e9nico, de Nino Rota) en el Teatro de la Maestranza, entre otros.<\/p>\n<p style=\"text-align: justify;\">En oratorios ha cantado los papeles de tenor solista: El Mes\u00edas (H\u00e4ndel), El David Penitente (Mozart), la Misa en tiempo de guerra (Haydn), el Miserere (Eslava), varias cantatas de Bach, entre otros.<\/p>\n<p style=\"text-align: justify;\">Ha cantado acompa\u00f1ado por distintas orquestas como la orquesta y coros del Conservatorio de Augsburgo, la Orquesta Manuel Castillo, la Real Orquesta Sinf\u00f3nica de Sevilla, Orquesta Filarm\u00f3nica de Augsburgo o la Orquesta de Ceuta.<\/p>\n<p style=\"text-align: justify;\">Invitado a cantar varios a\u00f1os consecutivos en festivales tan importantes como el Festival Internacional de M\u00fasica en los Templos de Medina de Rioseco (Valladolid), Festival Opera por Barrios (Sevilla) o en el Weinacht-Festival de Osnabr\u00fcck (Alemania).<\/p>\n<p style=\"text-align: justify;\">Actualmente participa activamente como Miembro fundador de la Compa\u00f1\u00eda L\u00edrica \u201cMar\u00eda Malibr\u00e1n\u201d de Sevilla, habiendo actuado en todas las provincias de la Comunidad Andaluza.<\/p>\n<p style=\"text-align: justify;\">\n<hr \/>\n","protected":false},"excerpt":{"rendered":"<p>Concepci\u00f3n Mart\u00ednez Ortega Ha recibido formaci\u00f3n de t\u00e9cnica-vocal y coral de los siguientes profesores: Valle Duque, Lambert Climent, Carlos Mena, Llu\u00eds Vilamaj\u00f3, Vasco Negreiros, y Martin Schmidt. Ha sido miembro del Taller Hispalense de M\u00fasica Antigua durante 6 a\u00f1os. Ha pertenecido a los grupos sevillanos \u201cCapilla Cifra Nueva\u201d y \u201cTahona Consort\u201d, dedicados a la interpretaci\u00f3n [&hellip;]<\/p>\n","protected":false},"author":1,"featured_media":0,"parent":46,"menu_order":1,"comment_status":"closed","ping_status":"open","template":"","meta":{"_price":"","_stock":"","_tribe_ticket_header":"","_tribe_default_ticket_provider":"","_tribe_ticket_capacity":"0","_ticket_start_date":"","_ticket_end_date":"","_tribe_ticket_show_description":"","_tribe_ticket_show_not_going":false,"_tribe_ticket_use_global_stock":"","_tribe_ticket_global_stock_level":"","_global_stock_mode":"","_global_stock_cap":"","_tribe_rsvp_for_event":"","_tribe_ticket_going_count":"","_tribe_ticket_not_going_count":"","_tribe_tickets_list":"[]","_tribe_ticket_has_attendee_info_fields":false,"footnotes":"","_tec_slr_enabled":"","_tec_slr_layout":""},"class_list":["post-49","page","type-page","status-publish","hentry"],"aioseo_notices":[],"ticketed":false,"_links":{"self":[{"href":"https:\/\/smdesevilla.com\/principal\/wp-json\/wp\/v2\/pages\/49","targetHints":{"allow":["GET"]}}],"collection":[{"href":"https:\/\/smdesevilla.com\/principal\/wp-json\/wp\/v2\/pages"}],"about":[{"href":"https:\/\/smdesevilla.com\/principal\/wp-json\/wp\/v2\/types\/page"}],"author":[{"embeddable":true,"href":"https:\/\/smdesevilla.com\/principal\/wp-json\/wp\/v2\/users\/1"}],"replies":[{"embeddable":true,"href":"https:\/\/smdesevilla.com\/principal\/wp-json\/wp\/v2\/comments?post=49"}],"version-history":[{"count":0,"href":"https:\/\/smdesevilla.com\/principal\/wp-json\/wp\/v2\/pages\/49\/revisions"}],"up":[{"embeddable":true,"href":"https:\/\/smdesevilla.com\/principal\/wp-json\/wp\/v2\/pages\/46"}],"wp:attachment":[{"href":"https:\/\/smdesevilla.com\/principal\/wp-json\/wp\/v2\/media?parent=49"}],"curies":[{"name":"wp","href":"https:\/\/api.w.org\/{rel}","templated":true}]}}

Técnica vocal

<hr />
<h2>Concepción Martínez Ortega</h2>
<p style="text-align: justify;"><a href="/principal/wp-content/uploads/2008/07/CMO.gif"><img decoding="async" class="imagepost size-medium wp-image-154" src="/principal/wp-content/uploads/2008/07/CMO.gif" alt="" width="130" /></a>Ha recibido formación de técnica-vocal y coral de los siguientes profesores: Valle Duque, Lambert Climent, Carlos Mena, Lluís Vilamajó, Vasco Negreiros, y Martin Schmidt. Ha sido miembro del Taller Hispalense de Música Antigua durante 6 años. Ha pertenecido a los grupos sevillanos “Capilla Cifra Nueva” y “Tahona Consort”, dedicados a la interpretación de la música Renacentista y Barroca españolas.</p>
<p style="text-align: justify;">Desde Enero de 2001 hasta 2007 fue miembro del Grupo Vocal Mater Saule, dedicado a la interpretación de la música de los siglos XVI al XXI, con sede en Madrid y dirigido por Nacho Rodríguez, con el que ha realizó numerosos conciertos en Madrid, Murcia, Badajoz, Castilla la Mancha, País Vasco, etc. Esta agrupación posee el 1er premio en el Concurso de Música Coral en La Eliana (Valencia) en febrero de 2002 y 2º premio en el Concurso Nacional de villancicos en Jijona (Valencia) en diciembre de 2001.</p>
<p style="text-align: justify;">Desde Octubre de 2002 es cantante y preparadora vocal del grupo de música vocal contemporánea ProyectoeLe con sede en Sevilla, con los que investiga y trabaja repertorio de los siglos XX y XXI. Tienen en su haber el disco grabado en 2004 titulado “origen”.</p>
<p style="text-align: justify;">Pertenece desde su fundación, en Enero de 2002, al Coro Barroco de Andalucía formado gracias a la dirección de Carlos Mena, Lambert Climent y Lluís Villamajó y bajo el patrocinio de la Consejería de Cultura de la Junta de Andalucía. Con esta agrupación ha realizado numerosos conciertos entre los que destacan las actuaciones en varias ediciones del Festival de Música Española de Cádiz, Festival internacional de música antigua de Úbeda y Baeza, Muestra de Música Antigua de Aracena, así como la realización de la Ópera Dido y Eneas de Purcell, en el Maestranza de Sevilla en Enero de 2007 y el Magnificat de Bach con la Orquesta filarmónica de Málaga en Julio de 2008. En 2008 han editado el disco “Serpiente Venenosa” sobre Música de las catedrales de Cádiz y Málaga, dentro de la serie documentos sonoros de Andalucía, acompañados por la orquesta barroca de Sevilla.</p>
<p style="text-align: justify;">Tiene experiencia didáctica como profesora de música en Secundaria y cuenta con experiencia formando vocalmente a grupos corales. Actualmente compagina su faceta de cantante con la de docente en magisterio en las especialidades de educación especial y educación infantil.</p>
<hr />
<h2>Pedro Cuadrado Vilches</h2>
<p><a href="/principal/wp-content/uploads/2008/07/PC.gif"><img decoding="async" class="imagepost size-medium wp-image-154" src="/principal/wp-content/uploads/2008/07/PC.gif" alt="" width="130" /></a></p>
<p style="text-align: justify;">Natural de Sevilla, realiza sus estudios de canto en el conservatorio de la capital hispalense, donde obtiene el Titulo de Profesor.</p>
<p style="text-align: justify;">Es profesor de canto y lenguaje musical en la Escuela Municipal de Música de Olivares y en los cursos de música organizados en Sevilla por la Asociación Sevillana Para La Educación Musical (ASSPEM). Miembro del Coro de la Asociación de Amigos del Teatro de la Maestranza y de su comisión técnica.</p>
<p style="text-align: justify;">Ha recibido clases de prestigiosos profesores como Manuel Cid, Victoria de los Ángeles, Miguel Zanetti, Rosa Mª De Alba, Orlando Rengifo, Maruja Troncoso, Juan Carlos Mera-Euler, Hakan Hagengart y otros. En 1995 viaja a Augsburgo (Alemania), donde realiza varios cursos de perfeccionamiento con Dorotea Chryst en el Conservatorio Leopold Mozart, cantando diversos roles en producciones de la escuela de opera.</p>
<p style="text-align: justify;">Es galardonado con el premio Eduardo Torres para jóvenes tenores sevillanos en 1995.</p>
<p style="text-align: justify;">Ha representado los roles de Ferrando (Cosí fan tutte, de Mozart), el Conde de Almaviva (El barbero de Sevilla, de Rossini), Bastian (Bastian y Bastiana, de Mozart), Edwin (Csardasfürstin), Acis (Acis y Galatea, de Händel), Bepe (Rita, de Donizetti), el camarero (La noche de un neurasténico, de Nino Rota) en el Teatro de la Maestranza, entre otros.</p>
<p style="text-align: justify;">En oratorios ha cantado los papeles de tenor solista: El Mesías (Händel), El David Penitente (Mozart), la Misa en tiempo de guerra (Haydn), el Miserere (Eslava), varias cantatas de Bach, entre otros.</p>
<p style="text-align: justify;">Ha cantado acompañado por distintas orquestas como la orquesta y coros del Conservatorio de Augsburgo, la Orquesta Manuel Castillo, la Real Orquesta Sinfónica de Sevilla, Orquesta Filarmónica de Augsburgo o la Orquesta de Ceuta.</p>
<p style="text-align: justify;">Invitado a cantar varios años consecutivos en festivales tan importantes como el Festival Internacional de Música en los Templos de Medina de Rioseco (Valladolid), Festival Opera por Barrios (Sevilla) o en el Weinacht-Festival de Osnabrück (Alemania).</p>
<p style="text-align: justify;">Actualmente participa activamente como Miembro fundador de la Compañía Lírica “María Malibrán” de Sevilla, habiendo actuado en todas las provincias de la Comunidad Andaluza.</p>
<p style="text-align: justify;">
<hr />

<p>Concepción Martínez Ortega Ha recibido formación de técnica-vocal y coral de los siguientes profesores: Valle Duque, Lambert Climent, Carlos Mena, Lluís Vilamajó, Vasco Negreiros, y Martin Schmidt. Ha sido miembro del Taller Hispalense de Música Antigua durante 6 años. Ha pertenecido a los grupos sevillanos “Capilla Cifra Nueva” y “Tahona Consort”, dedicados a la interpretación [&hellip;]</p>
