{"id":40,"date":"2008-06-05T18:44:12","date_gmt":"2008-06-05T16:44:12","guid":{"rendered":"http:\/\/localhost\/wordpress\/?page_id=68"},"modified":"2025-07-01T19:17:39","modified_gmt":"2025-07-01T17:17:39","slug":"la-sociedad-musical","status":"publish","type":"page","link":"https:\/\/smdesevilla.com\/principal\/trayectori\/la-sociedad-musical\/","title":{"rendered":"La Sociedad"},"content":{"rendered":"<p style=\"text-align: justify;\"><strong>La Sociedad Musical de Sevilla<\/strong> (SMS) es una asociaci\u00f3n sin \u00e1nimo de lucro cuya finalidad es la difusi\u00f3n de la m\u00fasica coral. Entre sus objetivos, adem\u00e1s de la interpretaci\u00f3n y divulgaci\u00f3n del repertorio coral, est\u00e1 la formaci\u00f3n de sus integrantes, promoviendo actividades tales como educaci\u00f3n vocal, t\u00e9cnicas corporales, clases de solfeo, teor\u00eda musical, direcci\u00f3n coral y apreciaci\u00f3n musical entre otras.<\/p>\n<p style=\"text-align: justify;\">Fundada en enero del a\u00f1o 2004, sus directores titulares han sido <strong>Alfred Ca\u00f1amero<\/strong> (2004-2007), <strong>Israel S\u00e1nchez<\/strong> (2008-2013), <strong>Gabriel D\u00edaz<\/strong> (2014-2020) y <strong>Pedro Teixeira<\/strong> (2020-2024).<\/p>\n<p style=\"text-align: justify;\">Su objetivo b\u00e1sico es trabajar programas de alto nivel art\u00edstico, y su repertorio abarca desde el Renacimiento y el Barroco, a los que presta especial atenci\u00f3n, hasta la m\u00fasica contempor\u00e1nea. Ha realizado numerosos conciertos en la ciudad de Sevilla, destacando el Auditorio de la Escuela Superior de Ingenieros, las Salas Joaqu\u00edn Turina y Chicarreros de la Fundaci\u00f3n Cajasol, el Teatro Lope de Vega, el Casino de la Exposici\u00f3n y las Iglesias de los Gitanos, el Colegio Portaceli, la Caridad, San Alberto Magno, San Diego de Alcal\u00e1 y San Carlos Borromeo, entre otros escenarios de la capital andaluza. Adem\u00e1s ha actuado en \u00c9cija, Carmona, Montilla, La L\u00ednea de la Concepci\u00f3n, Utrera, El Saucejo, Olivares, Gelves y Tomares.<\/p>\n<p style=\"text-align: justify;\">Desde su fundaci\u00f3n, la Sociedad Musical de Sevilla invita regularmente a prestigiosos directores nacionales e internacionales a dirigir algunas de sus producciones o talleres, entre los que destacan, adem\u00e1s de sus titulares, Monica Huggett, Hans-Christoph Rademann, Gerard Talbot, Martin Schmidt, Rupert Damerell, Ra\u00fal Moncada, Ra\u00fal Mallavibarrena, Lionel Meunier (Vox Luminis), Bart Vandewege o Juan Ignacio Rodrigo.<\/p>\n<p style=\"text-align: justify;\">De su trayectoria art\u00edstica son especialmente significativas las siguientes producciones: <em>Mendelssohn<\/em> (2004, Alfred Ca\u00f1amero), <em>Mozart: Misericordias Domini<\/em> (2005, OBS, Monica Huggett), <em>Brahms<\/em> (2006, Alfred Ca\u00f1amero), <em>Britten: Ceremony of Carols<\/em> (2007, Alfred Ca\u00f1amero), <em>Bruckner: Motetes<\/em> (2008, Israel S\u00e1nchez), <em>Clement Janequin<\/em> (2009, Gerard Talbot), <em>Purcell: Funeral sentences<\/em> (2010, Ministriles Hispalensis, Israel S\u00e1nchez), <em>Victoria: Officium Defunctorum<\/em> (FeM\u00e1s 2011, Israel S\u00e1nchez), <em>Victoria: Responsorios de Tinieblas<\/em> (2013, Gabriel D\u00edaz), <em>O Crux<\/em> (Renacimiento ingl\u00e9s, 2014, Rupert Damerell), <em>Clone<\/em> (Gesualdo y Monteverdi, sobre textos de Cort\u00e1zar, 2014, Gabriel D\u00edaz), <em>Scarlatti: Stabat Mater<\/em> (2015, Gabriel D\u00edaz), <em>Arvo P\u00e4rt:<\/em> <em>Passio<\/em> (2015, Pedro Teixeira), <em>Mateo Flecha: Ensaladas<\/em> (2015, Gabriel D\u00edaz), <em>Renacimiento Espa\u00f1ol<\/em> (2016, Ra\u00fal Mallavibarrena), <em>Gloria de Vivaldi y Dixit Dominus de H\u00e4ndel<\/em> (2017, Ra\u00fal Moncada), <em>Proyecto 40<\/em> (Spem in alium para 40 voces, 2017, Gabriel D\u00edaz), <em>Mozart: Requiem<\/em> (2018, Martin Schmidt), <em>Bach: Misa en Si menor<\/em> (2018 y 2019, Bart Vandewege), <em>Monteverdi: Vespro della Beata Vergine<\/em> (2018, Pedro Teixeira), <em>Victoria: Officium defunctorum<\/em> (2019, Pedro Teixeira), <em>Sch\u00fctz: Pasi\u00f3n seg\u00fan San Mateo<\/em> (Bart Vandewege), <em>Requiem \u00e6ternam<\/em> (una misa de Requiem en la Iberia renacentista, 2022, Pedro Teixeira) <em>Ad C\u00e6lum<\/em> (2023, Pedro Teixeira) los tres \u00faltimos en el ciclo hip ensembles del Espacio Turina; <em>Luto Barroco<\/em>, con obras de Bach y H\u00e4ndel, bajo la direcci\u00f3n de Juan Ignacio Rodrigo, y <em>Made in U.S.A.<\/em>, con obras de Leonard Bernstein (Chichester Psalms y Missa Brevis), Aaron Copland y Philip Glass. \u00faltima producci\u00f3n como director titular del maestro Pedro Teixeira. En el apartado \u00abTrayectoria\u00bb de la web se puede obtener m\u00e1s informaci\u00f3n sobre las producciones realizadas.<\/p>\n<p style=\"text-align: justify;\">La planificaci\u00f3n de la SMS se realiza por temporadas art\u00edsticas completas (septiembre a agosto del siguiente a\u00f1o), que comprenden talleres y producciones, normalmente, en los meses de septiembre a junio. El m\u00e9todo de trabajo es por stages o encuentros, en fines de semana.<\/p>\n<p style=\"text-align: justify;\">Siendo una asociaci\u00f3n sin \u00e1nimo de lucro, sufraga sus actividades, fundamentalmente, con las aportaciones econ\u00f3micas de sus socios (cantantes y no cantantes), los ingresos obtenidos por sus conciertos, as\u00ed como con patrocinios, colaboraciones y subvenciones p\u00fablicas o privadas que apoyan nuestro proyecto.<\/p>\n<p style=\"text-align: justify;\">La SMS es un grupo humano interesado en hacer m\u00fasica coral de calidad, comprometido con la formaci\u00f3n de los cantantes, con gran amplitud de miras y objetivos, y abierta a todo el que quiera participar en ella. Los cantantes, amateurs, no reciben retribuci\u00f3n alguna por su dedicaci\u00f3n.<\/p>\n<p style=\"text-align: justify;\">El balance de la trayectoria seguida es alentador. As\u00ed lo atestiguan el inter\u00e9s despertado en el p\u00fablico, los medios de comunicaci\u00f3n y las opiniones favorables de la cr\u00edtica especializada.<\/p>\n<p style=\"text-align: justify;\">Si deseas formar parte de la Sociedad Musical de Sevilla, solo tienes que rellenar el formulario web y nos pondremos en contacto contigo. Si lo prefieres, puedes escribir un correo electr\u00f3nico a la direcci\u00f3n sms@sociedadmusicaldesevilla.com.<\/p>\n","protected":false},"excerpt":{"rendered":"<p>La Sociedad Musical de Sevilla (SMS) es una asociaci\u00f3n sin \u00e1nimo de lucro cuya finalidad es la difusi\u00f3n de la m\u00fasica coral. Entre sus objetivos, adem\u00e1s de la interpretaci\u00f3n y divulgaci\u00f3n del repertorio coral, est\u00e1 la formaci\u00f3n de sus integrantes, promoviendo actividades tales como educaci\u00f3n vocal, t\u00e9cnicas corporales, clases de solfeo, teor\u00eda musical, direcci\u00f3n coral [&hellip;]<\/p>\n","protected":false},"author":1,"featured_media":12669,"parent":33,"menu_order":0,"comment_status":"closed","ping_status":"open","template":"wp-custom-template-inicio-2024-con-sidebar","meta":{"_price":"","_stock":"","_tribe_ticket_header":"","_tribe_default_ticket_provider":"TEC\\Tickets\\Commerce\\Module","_tribe_ticket_capacity":"0","_ticket_start_date":"","_ticket_end_date":"","_tribe_ticket_show_description":"","_tribe_ticket_show_not_going":false,"_tribe_ticket_use_global_stock":"","_tribe_ticket_global_stock_level":"","_global_stock_mode":"","_global_stock_cap":"","_tribe_rsvp_for_event":"","_tribe_ticket_going_count":"","_tribe_ticket_not_going_count":"","_tribe_tickets_list":"[]","_tribe_ticket_has_attendee_info_fields":false,"footnotes":"","_tec_slr_enabled":"","_tec_slr_layout":""},"class_list":["post-40","page","type-page","status-publish","has-post-thumbnail","hentry"],"aioseo_notices":[],"ticketed":false,"_links":{"self":[{"href":"https:\/\/smdesevilla.com\/principal\/wp-json\/wp\/v2\/pages\/40","targetHints":{"allow":["GET"]}}],"collection":[{"href":"https:\/\/smdesevilla.com\/principal\/wp-json\/wp\/v2\/pages"}],"about":[{"href":"https:\/\/smdesevilla.com\/principal\/wp-json\/wp\/v2\/types\/page"}],"author":[{"embeddable":true,"href":"https:\/\/smdesevilla.com\/principal\/wp-json\/wp\/v2\/users\/1"}],"replies":[{"embeddable":true,"href":"https:\/\/smdesevilla.com\/principal\/wp-json\/wp\/v2\/comments?post=40"}],"version-history":[{"count":3,"href":"https:\/\/smdesevilla.com\/principal\/wp-json\/wp\/v2\/pages\/40\/revisions"}],"predecessor-version":[{"id":13694,"href":"https:\/\/smdesevilla.com\/principal\/wp-json\/wp\/v2\/pages\/40\/revisions\/13694"}],"up":[{"embeddable":true,"href":"https:\/\/smdesevilla.com\/principal\/wp-json\/wp\/v2\/pages\/33"}],"wp:featuredmedia":[{"embeddable":true,"href":"https:\/\/smdesevilla.com\/principal\/wp-json\/wp\/v2\/media\/12669"}],"wp:attachment":[{"href":"https:\/\/smdesevilla.com\/principal\/wp-json\/wp\/v2\/media?parent=40"}],"curies":[{"name":"wp","href":"https:\/\/api.w.org\/{rel}","templated":true}]}}