{"id":38,"date":"2008-06-05T18:28:53","date_gmt":"2008-06-05T16:28:53","guid":{"rendered":"http:\/\/localhost\/wordpress\/?page_id=66"},"modified":"2026-03-16T22:06:54","modified_gmt":"2026-03-16T21:06:54","slug":"2008-2","status":"publish","type":"page","link":"https:\/\/smdesevilla.com\/principal\/trayectori\/2008-2\/","title":{"rendered":"2008-2009"},"content":{"rendered":"<h3><a href=\"?page_id=75\" target=\"_self\">Bruckner<\/a><\/h3>\n<p>Director Invitado Israel S\u00c1NCHEZ L\u00d3PEZ<br \/>\nConciertos 24 y 26 de octubre\u00a0de 2008<br \/>\nIglesia de la Anunciaci\u00f3n<br \/>\nCapilla de la Virgen de Montserrat<\/p>\n<h3><a href=\"?page_id=677\" target=\"_self\">El Mes\u00edas participativo<\/a><\/h3>\n<p>Georg Friedrich Ha\u00ebndel<br \/>\nEl Mes\u00edas HWV 51<\/p>\n<p>Conciertos 22 y 23 de diciembre de 2008<br \/>\nTeatro de la Maestranza<br \/>\nProducci\u00f3n en colaboraci\u00f3n con la Fundaci\u00f3n La Caixa<br \/>\nCoro de la Universidad de Huelva<br \/>\nCoro de la Universidad de C\u00e1diz<br \/>\nCoro de la Sociedad Musical de Sevilla<br \/>\nOrquesta Barroca de Palma<br \/>\nCoral Universitat Illes Balears<br \/>\nDirecci\u00f3n Barry Sargent<\/p>\n<h3><a href=\"?page_id=680\" target=\"_self\">Janequin<\/a><\/h3>\n<p>Director invitado G\u00e9rard TALBOT<\/p>\n<p>Conciertos 6, 7, 10 y 21 de junio de 2009<\/p>\n<p>Iglesia de Santa Marina<br \/>\nIglesia de la Caridad<br \/>\nC\u00edrculo Mercantil<br \/>\nTeatro de la Maestranza-Sala Manuel Garc\u00eda<\/p>\n","protected":false},"excerpt":{"rendered":"<p>Bruckner Director Invitado Israel S\u00c1NCHEZ L\u00d3PEZ Conciertos 24 y 26 de octubre\u00a0de 2008 Iglesia de la Anunciaci\u00f3n Capilla de la Virgen de Montserrat El Mes\u00edas participativo Georg Friedrich Ha\u00ebndel El Mes\u00edas HWV 51 Conciertos 22 y 23 de diciembre de 2008 Teatro de la Maestranza Producci\u00f3n en colaboraci\u00f3n con la Fundaci\u00f3n La Caixa Coro de [&hellip;]<\/p>\n","protected":false},"author":1,"featured_media":6196,"parent":33,"menu_order":6,"comment_status":"closed","ping_status":"open","template":"page-3-2","meta":{"_price":"","_stock":"","_tribe_ticket_header":"","_tribe_default_ticket_provider":"","_tribe_ticket_capacity":"0","_ticket_start_date":"","_ticket_end_date":"","_tribe_ticket_show_description":"","_tribe_ticket_show_not_going":false,"_tribe_ticket_use_global_stock":"","_tribe_ticket_global_stock_level":"","_global_stock_mode":"","_global_stock_cap":"","_tribe_rsvp_for_event":"","_tribe_ticket_going_count":"","_tribe_ticket_not_going_count":"","_tribe_tickets_list":"[]","_tribe_ticket_has_attendee_info_fields":false,"footnotes":"","_tec_slr_enabled":"","_tec_slr_layout":""},"class_list":["post-38","page","type-page","status-publish","has-post-thumbnail","hentry"],"aioseo_notices":[],"ticketed":false,"_links":{"self":[{"href":"https:\/\/smdesevilla.com\/principal\/wp-json\/wp\/v2\/pages\/38","targetHints":{"allow":["GET"]}}],"collection":[{"href":"https:\/\/smdesevilla.com\/principal\/wp-json\/wp\/v2\/pages"}],"about":[{"href":"https:\/\/smdesevilla.com\/principal\/wp-json\/wp\/v2\/types\/page"}],"author":[{"embeddable":true,"href":"https:\/\/smdesevilla.com\/principal\/wp-json\/wp\/v2\/users\/1"}],"replies":[{"embeddable":true,"href":"https:\/\/smdesevilla.com\/principal\/wp-json\/wp\/v2\/comments?post=38"}],"version-history":[{"count":1,"href":"https:\/\/smdesevilla.com\/principal\/wp-json\/wp\/v2\/pages\/38\/revisions"}],"predecessor-version":[{"id":14334,"href":"https:\/\/smdesevilla.com\/principal\/wp-json\/wp\/v2\/pages\/38\/revisions\/14334"}],"up":[{"embeddable":true,"href":"https:\/\/smdesevilla.com\/principal\/wp-json\/wp\/v2\/pages\/33"}],"wp:featuredmedia":[{"embeddable":true,"href":"https:\/\/smdesevilla.com\/principal\/wp-json\/wp\/v2\/media\/6196"}],"wp:attachment":[{"href":"https:\/\/smdesevilla.com\/principal\/wp-json\/wp\/v2\/media?parent=38"}],"curies":[{"name":"wp","href":"https:\/\/api.w.org\/{rel}","templated":true}]}}

<h3><a href="?page_id=75" target="_self">Bruckner</a></h3>
<p>Director Invitado Israel SÁNCHEZ LÓPEZ<br />
Conciertos 24 y 26 de octubre de 2008<br />
Iglesia de la Anunciación<br />
Capilla de la Virgen de Montserrat</p>
<h3><a href="?page_id=677" target="_self">El Mesías participativo</a></h3>
<p>Georg Friedrich Haëndel<br />
El Mesías HWV 51</p>
<p>Conciertos 22 y 23 de diciembre de 2008<br />
Teatro de la Maestranza<br />
Producción en colaboración con la Fundación La Caixa<br />
Coro de la Universidad de Huelva<br />
Coro de la Universidad de Cádiz<br />
Coro de la Sociedad Musical de Sevilla<br />
Orquesta Barroca de Palma<br />
Coral Universitat Illes Balears<br />
Dirección Barry Sargent</p>
<h3><a href="?page_id=680" target="_self">Janequin</a></h3>
<p>Director invitado Gérard TALBOT</p>
<p>Conciertos 6, 7, 10 y 21 de junio de 2009</p>
<p>Iglesia de Santa Marina<br />
Iglesia de la Caridad<br />
Círculo Mercantil<br />
Teatro de la Maestranza-Sala Manuel García</p>

<p>Bruckner Director Invitado Israel SÁNCHEZ LÓPEZ Conciertos 24 y 26 de octubre de 2008 Iglesia de la Anunciación Capilla de la Virgen de Montserrat El Mesías participativo Georg Friedrich Haëndel El Mesías HWV 51 Conciertos 22 y 23 de diciembre de 2008 Teatro de la Maestranza Producción en colaboración con la Fundación La Caixa Coro de [&hellip;]</p>
