{"id":36,"date":"2008-06-05T18:27:51","date_gmt":"2008-06-05T16:27:51","guid":{"rendered":"http:\/\/localhost\/wordpress\/?page_id=63"},"modified":"2026-03-16T22:06:53","modified_gmt":"2026-03-16T21:06:53","slug":"2006-2","status":"publish","type":"page","link":"https:\/\/smdesevilla.com\/principal\/trayectori\/2006-2\/","title":{"rendered":"2006-2007"},"content":{"rendered":"<h3><a href=\"?page_id=70\" target=\"_self\">LOS GOZOS DE LA NAVIDAD<\/a><\/h3>\n<p>Conciertos 16 y 17 de diciembre de 2006<br \/>\nFundaci\u00f3n El Monte (Sala Joaqu\u00edn Turina)<\/p>\n<h3><a href=\"?page_id=71\" target=\"_self\">EL PIANO Y LA VOZ<\/a><\/h3>\n<p>Conciertos 24 y 25 de Marzo de 2007<br \/>\nFundaci\u00f3n El Monte (sala Joaqu\u00edn Turina)<\/p>\n<h3><a href=\"?page_id=72\" target=\"_self\">EL CAMINO DEL ROMANTICISMO EN GRAN BRETA\u00d1A<\/a><\/h3>\n<p>Concierto 17 de junio de 2007<br \/>\nFundaci\u00f3n el Monte (Sala Joaqu\u00edn Turina)<\/p>\n","protected":false},"excerpt":{"rendered":"<p>LOS GOZOS DE LA NAVIDAD Conciertos 16 y 17 de diciembre de 2006 Fundaci\u00f3n El Monte (Sala Joaqu\u00edn Turina) EL PIANO Y LA VOZ Conciertos 24 y 25 de Marzo de 2007 Fundaci\u00f3n El Monte (sala Joaqu\u00edn Turina) EL CAMINO DEL ROMANTICISMO EN GRAN BRETA\u00d1A Concierto 17 de junio de 2007 Fundaci\u00f3n el Monte (Sala [&hellip;]<\/p>\n","protected":false},"author":1,"featured_media":6194,"parent":33,"menu_order":4,"comment_status":"closed","ping_status":"open","template":"page-3-2","meta":{"_price":"","_stock":"","_tribe_ticket_header":"","_tribe_default_ticket_provider":"","_tribe_ticket_capacity":"0","_ticket_start_date":"","_ticket_end_date":"","_tribe_ticket_show_description":"","_tribe_ticket_show_not_going":false,"_tribe_ticket_use_global_stock":"","_tribe_ticket_global_stock_level":"","_global_stock_mode":"","_global_stock_cap":"","_tribe_rsvp_for_event":"","_tribe_ticket_going_count":"","_tribe_ticket_not_going_count":"","_tribe_tickets_list":"[]","_tribe_ticket_has_attendee_info_fields":false,"footnotes":"","_tec_slr_enabled":"","_tec_slr_layout":""},"class_list":["post-36","page","type-page","status-publish","has-post-thumbnail","hentry"],"aioseo_notices":[],"ticketed":false,"_links":{"self":[{"href":"https:\/\/smdesevilla.com\/principal\/wp-json\/wp\/v2\/pages\/36","targetHints":{"allow":["GET"]}}],"collection":[{"href":"https:\/\/smdesevilla.com\/principal\/wp-json\/wp\/v2\/pages"}],"about":[{"href":"https:\/\/smdesevilla.com\/principal\/wp-json\/wp\/v2\/types\/page"}],"author":[{"embeddable":true,"href":"https:\/\/smdesevilla.com\/principal\/wp-json\/wp\/v2\/users\/1"}],"replies":[{"embeddable":true,"href":"https:\/\/smdesevilla.com\/principal\/wp-json\/wp\/v2\/comments?post=36"}],"version-history":[{"count":1,"href":"https:\/\/smdesevilla.com\/principal\/wp-json\/wp\/v2\/pages\/36\/revisions"}],"predecessor-version":[{"id":14332,"href":"https:\/\/smdesevilla.com\/principal\/wp-json\/wp\/v2\/pages\/36\/revisions\/14332"}],"up":[{"embeddable":true,"href":"https:\/\/smdesevilla.com\/principal\/wp-json\/wp\/v2\/pages\/33"}],"wp:featuredmedia":[{"embeddable":true,"href":"https:\/\/smdesevilla.com\/principal\/wp-json\/wp\/v2\/media\/6194"}],"wp:attachment":[{"href":"https:\/\/smdesevilla.com\/principal\/wp-json\/wp\/v2\/media?parent=36"}],"curies":[{"name":"wp","href":"https:\/\/api.w.org\/{rel}","templated":true}]}}