{"id":35,"date":"2008-06-05T18:27:11","date_gmt":"2008-06-05T16:27:11","guid":{"rendered":"http:\/\/localhost\/wordpress\/?page_id=62"},"modified":"2026-03-16T22:06:53","modified_gmt":"2026-03-16T21:06:53","slug":"2005-2","status":"publish","type":"page","link":"https:\/\/smdesevilla.com\/principal\/trayectori\/2005-2\/","title":{"rendered":"2005-2006"},"content":{"rendered":"<h3><a href=\"?page_id=67\" target=\"_self\">M\u00daSICA CORAL DEL SIGLO XX<\/a><\/h3>\n<p>Conciertos 2 y 3 de diciembre de 2005<br \/>\nI.E.S. Triana<br \/>\nIglesia de San Juan de la Palma<\/p>\n<h3><a href=\"?page_id=68\" target=\"_self\">BRAHMS<\/a><\/h3>\n<p>Conciertos 1 y 2 de abril de 2006<br \/>\nFundaci\u00f3n El Monte (Sala Joaqu\u00edn Turina)<br \/>\nIglesia de San Buenaventura<\/p>\n<h3><a href=\"?page_id=69\" target=\"_self\">UN BARRIL DE CANCIONES<\/a><\/h3>\n<p>Concierto 11 de junio de 2006<br \/>\nFundaci\u00f3n El Monte (Sala Joaqu\u00edn Turina)<\/p>\n","protected":false},"excerpt":{"rendered":"<p>M\u00daSICA CORAL DEL SIGLO XX Conciertos 2 y 3 de diciembre de 2005 I.E.S. Triana Iglesia de San Juan de la Palma BRAHMS Conciertos 1 y 2 de abril de 2006 Fundaci\u00f3n El Monte (Sala Joaqu\u00edn Turina) Iglesia de San Buenaventura UN BARRIL DE CANCIONES Concierto 11 de junio de 2006 Fundaci\u00f3n El Monte (Sala [&hellip;]<\/p>\n","protected":false},"author":1,"featured_media":6193,"parent":33,"menu_order":3,"comment_status":"closed","ping_status":"open","template":"page-3-2","meta":{"_price":"","_stock":"","_tribe_ticket_header":"","_tribe_default_ticket_provider":"","_tribe_ticket_capacity":"0","_ticket_start_date":"","_ticket_end_date":"","_tribe_ticket_show_description":"","_tribe_ticket_show_not_going":false,"_tribe_ticket_use_global_stock":"","_tribe_ticket_global_stock_level":"","_global_stock_mode":"","_global_stock_cap":"","_tribe_rsvp_for_event":"","_tribe_ticket_going_count":"","_tribe_ticket_not_going_count":"","_tribe_tickets_list":"[]","_tribe_ticket_has_attendee_info_fields":false,"footnotes":"","_tec_slr_enabled":"","_tec_slr_layout":""},"class_list":["post-35","page","type-page","status-publish","has-post-thumbnail","hentry"],"aioseo_notices":[],"ticketed":false,"_links":{"self":[{"href":"https:\/\/smdesevilla.com\/principal\/wp-json\/wp\/v2\/pages\/35","targetHints":{"allow":["GET"]}}],"collection":[{"href":"https:\/\/smdesevilla.com\/principal\/wp-json\/wp\/v2\/pages"}],"about":[{"href":"https:\/\/smdesevilla.com\/principal\/wp-json\/wp\/v2\/types\/page"}],"author":[{"embeddable":true,"href":"https:\/\/smdesevilla.com\/principal\/wp-json\/wp\/v2\/users\/1"}],"replies":[{"embeddable":true,"href":"https:\/\/smdesevilla.com\/principal\/wp-json\/wp\/v2\/comments?post=35"}],"version-history":[{"count":1,"href":"https:\/\/smdesevilla.com\/principal\/wp-json\/wp\/v2\/pages\/35\/revisions"}],"predecessor-version":[{"id":14331,"href":"https:\/\/smdesevilla.com\/principal\/wp-json\/wp\/v2\/pages\/35\/revisions\/14331"}],"up":[{"embeddable":true,"href":"https:\/\/smdesevilla.com\/principal\/wp-json\/wp\/v2\/pages\/33"}],"wp:featuredmedia":[{"embeddable":true,"href":"https:\/\/smdesevilla.com\/principal\/wp-json\/wp\/v2\/media\/6193"}],"wp:attachment":[{"href":"https:\/\/smdesevilla.com\/principal\/wp-json\/wp\/v2\/media?parent=35"}],"curies":[{"name":"wp","href":"https:\/\/api.w.org\/{rel}","templated":true}]}}

<h3><a href="?page_id=67" target="_self">MÚSICA CORAL DEL SIGLO XX</a></h3>
<p>Conciertos 2 y 3 de diciembre de 2005<br />
I.E.S. Triana<br />
Iglesia de San Juan de la Palma</p>
<h3><a href="?page_id=68" target="_self">BRAHMS</a></h3>
<p>Conciertos 1 y 2 de abril de 2006<br />
Fundación El Monte (Sala Joaquín Turina)<br />
Iglesia de San Buenaventura</p>
<h3><a href="?page_id=69" target="_self">UN BARRIL DE CANCIONES</a></h3>
<p>Concierto 11 de junio de 2006<br />
Fundación El Monte (Sala Joaquín Turina)</p>

<p>MÚSICA CORAL DEL SIGLO XX Conciertos 2 y 3 de diciembre de 2005 I.E.S. Triana Iglesia de San Juan de la Palma BRAHMS Conciertos 1 y 2 de abril de 2006 Fundación El Monte (Sala Joaquín Turina) Iglesia de San Buenaventura UN BARRIL DE CANCIONES Concierto 11 de junio de 2006 Fundación El Monte (Sala [&hellip;]</p>
