{"id":13144,"date":"2024-08-10T20:43:05","date_gmt":"2024-08-10T18:43:05","guid":{"rendered":"https:\/\/smdesevilla.com\/principal\/?page_id=13144"},"modified":"2026-03-16T22:07:00","modified_gmt":"2026-03-16T21:07:00","slug":"oratorio-de-navidad","status":"publish","type":"page","link":"https:\/\/smdesevilla.com\/principal\/trayectori\/2022-2023\/oratorio-de-navidad\/","title":{"rendered":"ORATORIO DE NAVIDAD"},"content":{"rendered":"<p>Orquesta de C\u00f3rdoba<\/p>\n<p>Cristina Bay\u00f3n, soprano<br \/>\nMarif\u00e9 Nogales, contralto<br \/>\nJuan Sancho, tenor<br \/>\nJavier Povedano, bajo<\/p>\n<p>Sociedad Musical de Sevilla (Director del coro: Juan Ignacio Rodrigo)<br \/>\nCoro Ziryab (Director del coro: Carlos Casti\u00f1eira Castrill\u00f3n)<\/p>\n<p>Carlos Dom\u00ednguez-Nieto, director<\/p>\n<h3>CONCIERTOS<\/h3>\n<p>Jueves 15 de diciembre de 2022<br \/>\nViernes 16 de diciembre de 2022<br \/>\nGran Teatro de C\u00f3rdoba<\/p>\n<h3>PROGRAMA<\/h3>\n<p>JOHANN SEBASTIAN BACH (1685-1750)<br \/>\nOratorio de Navidad BWV 248 (1734)<\/p>\n","protected":false},"excerpt":{"rendered":"<p>Orquesta de C\u00f3rdoba Cristina Bay\u00f3n, soprano Marif\u00e9 Nogales, contralto Juan Sancho, tenor Javier Povedano, bajo Sociedad Musical de Sevilla (Director del coro: Juan Ignacio Rodrigo) Coro Ziryab (Director del coro: Carlos Casti\u00f1eira Castrill\u00f3n) Carlos Dom\u00ednguez-Nieto, director CONCIERTOS Jueves 15 de diciembre de 2022 Viernes 16 de diciembre de 2022 Gran Teatro de C\u00f3rdoba PROGRAMA JOHANN [&hellip;]<\/p>\n","protected":false},"author":1,"featured_media":13145,"parent":11624,"menu_order":1,"comment_status":"closed","ping_status":"closed","template":"page-3-2","meta":{"_price":"","_stock":"","_tribe_ticket_header":"","_tribe_default_ticket_provider":"TEC\\Tickets\\Commerce\\Module","_tribe_ticket_capacity":"0","_ticket_start_date":"","_ticket_end_date":"","_tribe_ticket_show_description":"","_tribe_ticket_show_not_going":false,"_tribe_ticket_use_global_stock":"","_tribe_ticket_global_stock_level":"","_global_stock_mode":"","_global_stock_cap":"","_tribe_rsvp_for_event":"","_tribe_ticket_going_count":"","_tribe_ticket_not_going_count":"","_tribe_tickets_list":"[]","_tribe_ticket_has_attendee_info_fields":false,"footnotes":"","_tec_slr_enabled":"","_tec_slr_layout":""},"class_list":["post-13144","page","type-page","status-publish","has-post-thumbnail","hentry"],"aioseo_notices":[],"ticketed":false,"_links":{"self":[{"href":"https:\/\/smdesevilla.com\/principal\/wp-json\/wp\/v2\/pages\/13144","targetHints":{"allow":["GET"]}}],"collection":[{"href":"https:\/\/smdesevilla.com\/principal\/wp-json\/wp\/v2\/pages"}],"about":[{"href":"https:\/\/smdesevilla.com\/principal\/wp-json\/wp\/v2\/types\/page"}],"author":[{"embeddable":true,"href":"https:\/\/smdesevilla.com\/principal\/wp-json\/wp\/v2\/users\/1"}],"replies":[{"embeddable":true,"href":"https:\/\/smdesevilla.com\/principal\/wp-json\/wp\/v2\/comments?post=13144"}],"version-history":[{"count":1,"href":"https:\/\/smdesevilla.com\/principal\/wp-json\/wp\/v2\/pages\/13144\/revisions"}],"predecessor-version":[{"id":13146,"href":"https:\/\/smdesevilla.com\/principal\/wp-json\/wp\/v2\/pages\/13144\/revisions\/13146"}],"up":[{"embeddable":true,"href":"https:\/\/smdesevilla.com\/principal\/wp-json\/wp\/v2\/pages\/11624"}],"wp:featuredmedia":[{"embeddable":true,"href":"https:\/\/smdesevilla.com\/principal\/wp-json\/wp\/v2\/media\/13145"}],"wp:attachment":[{"href":"https:\/\/smdesevilla.com\/principal\/wp-json\/wp\/v2\/media?parent=13144"}],"curies":[{"name":"wp","href":"https:\/\/api.w.org\/{rel}","templated":true}]}}

<p>Orquesta de Córdoba</p>
<p>Cristina Bayón, soprano<br />
Marifé Nogales, contralto<br />
Juan Sancho, tenor<br />
Javier Povedano, bajo</p>
<p>Sociedad Musical de Sevilla (Director del coro: Juan Ignacio Rodrigo)<br />
Coro Ziryab (Director del coro: Carlos Castiñeira Castrillón)</p>
<p>Carlos Domínguez-Nieto, director</p>
<h3>CONCIERTOS</h3>
<p>Jueves 15 de diciembre de 2022<br />
Viernes 16 de diciembre de 2022<br />
Gran Teatro de Córdoba</p>
<h3>PROGRAMA</h3>
<p>JOHANN SEBASTIAN BACH (1685-1750)<br />
Oratorio de Navidad BWV 248 (1734)</p>

<p>Orquesta de Córdoba Cristina Bayón, soprano Marifé Nogales, contralto Juan Sancho, tenor Javier Povedano, bajo Sociedad Musical de Sevilla (Director del coro: Juan Ignacio Rodrigo) Coro Ziryab (Director del coro: Carlos Castiñeira Castrillón) Carlos Domínguez-Nieto, director CONCIERTOS Jueves 15 de diciembre de 2022 Viernes 16 de diciembre de 2022 Gran Teatro de Córdoba PROGRAMA JOHANN [&hellip;]</p>
