{"id":13121,"date":"2024-08-10T19:40:06","date_gmt":"2024-08-10T17:40:06","guid":{"rendered":"https:\/\/smdesevilla.com\/principal\/?page_id=13121"},"modified":"2026-03-16T22:06:59","modified_gmt":"2026-03-16T21:06:59","slug":"taller-con-bart-vandewege","status":"publish","type":"page","link":"https:\/\/smdesevilla.com\/principal\/trayectori\/2020-2021\/taller-con-bart-vandewege\/","title":{"rendered":"TALLER CON BART VANDEWEGE"},"content":{"rendered":"<p>17 y 18 de octubre de 2020<br \/>\nCentro C\u00edvico \u00abTejar del Mellizo\u00bb<\/p>\n<h3>PROGRAMA<\/h3>\n<p>Obras para coro de Bart Vandewege<\/p>\n<p>Dinumerare dexteram tuam<br \/>\nO vos Omnes<br \/>\nAudi alteram partem<br \/>\nEt in terra pax<br \/>\nSit tibi terra levis<\/p>\n<p>Bart Vandewege, director<\/p>\n<hr \/>\n<p>Como m\u00fasico vers\u00e1til que es, Bart Vandewege estudi\u00f3 tanto teor\u00eda musical (armon\u00eda, contrapunto, composici\u00f3n) como flauta travesera, canto y piano en distintos conservatorios de B\u00e9lgica. Movido por su enorme curiosidad, se especializ\u00f3 adem\u00e1s en m\u00fasica antigua, m\u00fasica contempor\u00e1nea y jazz.<\/p>\n<p>Con anterioridad hab\u00eda recibido clases de artes pl\u00e1sticas y escritura, disciplinas que le han servido como herramienta de inspiraci\u00f3n en la composici\u00f3n de piezas musicales para teatro, cine y danza, debido a su capacidad de crear sinestesias.<\/p>\n<p>Canta como bajo en conjuntos como Collegium Vocale Gent (Philippe Herreweghe), Amsterdam Baroque Choir (Ton Koopman), Huelgas Ensemble (Paul van Nevel), Bach Collegium Japan (Masaaki Suzuki), Il Gardellino (Marcel Ponseele), Plus Ultra (Michael Noone), La Petite Bande (Sigiswald Kuijken), Concerto K\u00f6ln, Il Giardino Armonico, Freiburger Barockorchester, bajo las \u00f3rdenes de directores como Gustav Leonhardt, Ren\u00e9 Jacobs, Thomas Hengelbrock, Robert King, Jos Van Immerseel, Alan Curtis, Roy Goodman, Christopher Hogwood, Peter Rundel, Skip Semp\u00e9, Peter Phillips y Marcus Creed, actividad que le ha llevado en gira por Europa, Estados Unidos y Asia. Asimismo, ha tomado parte en numerosas grabaciones discogr\u00e1ficas.<\/p>\n<p>Bart Vandewege compone principalmente para teatro, cine y danza, por encargo de diferentes compa\u00f1\u00edas europeas de teatro as\u00ed como de directores cinematogr\u00e1ficos, la Radio Televisi\u00f3n Belga (VRT), Les Ballets C de la B, Ars Animaci\u00f3n Espa\u00f1a\/Mexico \u2013 Film Animation Studio, entre otros.<\/p>\n<p>En sus composiciones muestra preferencia por una t\u00e9cnica inspirada en el contrapunto de los polifonistas flamencos de los siglos XVI y XVII, pero aplicada al lenguaje sonoro actual y elaborada a base de varias l\u00edneas horizontales superpuestas a modo de l\u00e1minas. Su estilo polifac\u00e9tico var\u00eda en funci\u00f3n del proyecto y de la persona que realiza el encargo, pero sus melod\u00edas-en-las-melod\u00edas, as\u00ed frecuentemente llamadas por los diletantes, son caracter\u00edsticas.<\/p>\n<p>Trabaja regularmente como director invitado y ha realizado diversas grabaciones de obras olvidadas de compositores que van desde F\u00e9tis y Lemmens hasta las del compositor americano Elliott Carter. Como asistente, ha dirigido adem\u00e1s La Chapelle Royale, el Vlaams Radio Koor, Collegium Vocale Gent, Il Gardellino y Amsterdam Baroque Choir. En 2008 fue nombrado director art\u00edstico del coro Vozes de Al Ayre Espa\u00f1ol.<\/p>\n<p>Tambi\u00e9n es director art\u00edstico del conjunto La Hispanoflamenca, especializado en la polifon\u00eda de los siglos XVI y XVII de los Pa\u00edses Bajos y la Pen\u00ednsula Ib\u00e9rica. Gustav Leonhardt, Monica Huggett y Enrico Onofri han sido directores invitados de La Hispanoflamenca.<\/p>\n<p>Bart Vandewege ha sido hasta 2004 programador de Radio3 \/ Klara (VRT Bruselas) y desarrolla una intensa actividad como productor en grabaciones sonoras, pudiendo destacar entre ellas las realizadas recientemente con m\u00fasica de Mauricio Kagel y Crist\u00f3bal Halffter.<\/p>\n<p>Su plural destreza como m\u00fasico resulta ventajosa en la supervisi\u00f3n art\u00edstica de las grabaciones, siendo su objetivo el obtener lo mejor de los int\u00e9rpretes en un tiempo limitado, permitiendo a la vez que se expresen con libertad.<\/p>\n","protected":false},"excerpt":{"rendered":"<p>17 y 18 de octubre de 2020 Centro C\u00edvico \u00abTejar del Mellizo\u00bb PROGRAMA Obras para coro de Bart Vandewege Dinumerare dexteram tuam O vos Omnes Audi alteram partem Et in terra pax Sit tibi terra levis Bart Vandewege, director Como m\u00fasico vers\u00e1til que es, Bart Vandewege estudi\u00f3 tanto teor\u00eda musical (armon\u00eda, contrapunto, composici\u00f3n) como flauta [&hellip;]<\/p>\n","protected":false},"author":1,"featured_media":12702,"parent":11620,"menu_order":10,"comment_status":"closed","ping_status":"closed","template":"page-3-2","meta":{"_price":"","_stock":"","_tribe_ticket_header":"","_tribe_default_ticket_provider":"TEC\\Tickets\\Commerce\\Module","_tribe_ticket_capacity":"0","_ticket_start_date":"","_ticket_end_date":"","_tribe_ticket_show_description":"","_tribe_ticket_show_not_going":false,"_tribe_ticket_use_global_stock":"","_tribe_ticket_global_stock_level":"","_global_stock_mode":"","_global_stock_cap":"","_tribe_rsvp_for_event":"","_tribe_ticket_going_count":"","_tribe_ticket_not_going_count":"","_tribe_tickets_list":"[]","_tribe_ticket_has_attendee_info_fields":false,"footnotes":"","_tec_slr_enabled":"","_tec_slr_layout":""},"class_list":["post-13121","page","type-page","status-publish","has-post-thumbnail","hentry"],"aioseo_notices":[],"ticketed":false,"_links":{"self":[{"href":"https:\/\/smdesevilla.com\/principal\/wp-json\/wp\/v2\/pages\/13121","targetHints":{"allow":["GET"]}}],"collection":[{"href":"https:\/\/smdesevilla.com\/principal\/wp-json\/wp\/v2\/pages"}],"about":[{"href":"https:\/\/smdesevilla.com\/principal\/wp-json\/wp\/v2\/types\/page"}],"author":[{"embeddable":true,"href":"https:\/\/smdesevilla.com\/principal\/wp-json\/wp\/v2\/users\/1"}],"replies":[{"embeddable":true,"href":"https:\/\/smdesevilla.com\/principal\/wp-json\/wp\/v2\/comments?post=13121"}],"version-history":[{"count":8,"href":"https:\/\/smdesevilla.com\/principal\/wp-json\/wp\/v2\/pages\/13121\/revisions"}],"predecessor-version":[{"id":13134,"href":"https:\/\/smdesevilla.com\/principal\/wp-json\/wp\/v2\/pages\/13121\/revisions\/13134"}],"up":[{"embeddable":true,"href":"https:\/\/smdesevilla.com\/principal\/wp-json\/wp\/v2\/pages\/11620"}],"wp:featuredmedia":[{"embeddable":true,"href":"https:\/\/smdesevilla.com\/principal\/wp-json\/wp\/v2\/media\/12702"}],"wp:attachment":[{"href":"https:\/\/smdesevilla.com\/principal\/wp-json\/wp\/v2\/media?parent=13121"}],"curies":[{"name":"wp","href":"https:\/\/api.w.org\/{rel}","templated":true}]}}

<p>17 y 18 de octubre de 2020<br />
Centro Cívico «Tejar del Mellizo»</p>
<h3>PROGRAMA</h3>
<p>Obras para coro de Bart Vandewege</p>
<p>Dinumerare dexteram tuam<br />
O vos Omnes<br />
Audi alteram partem<br />
Et in terra pax<br />
Sit tibi terra levis</p>
<p>Bart Vandewege, director</p>
<hr />
<p>Como músico versátil que es, Bart Vandewege estudió tanto teoría musical (armonía, contrapunto, composición) como flauta travesera, canto y piano en distintos conservatorios de Bélgica. Movido por su enorme curiosidad, se especializó además en música antigua, música contemporánea y jazz.</p>
<p>Con anterioridad había recibido clases de artes plásticas y escritura, disciplinas que le han servido como herramienta de inspiración en la composición de piezas musicales para teatro, cine y danza, debido a su capacidad de crear sinestesias.</p>
<p>Canta como bajo en conjuntos como Collegium Vocale Gent (Philippe Herreweghe), Amsterdam Baroque Choir (Ton Koopman), Huelgas Ensemble (Paul van Nevel), Bach Collegium Japan (Masaaki Suzuki), Il Gardellino (Marcel Ponseele), Plus Ultra (Michael Noone), La Petite Bande (Sigiswald Kuijken), Concerto Köln, Il Giardino Armonico, Freiburger Barockorchester, bajo las órdenes de directores como Gustav Leonhardt, René Jacobs, Thomas Hengelbrock, Robert King, Jos Van Immerseel, Alan Curtis, Roy Goodman, Christopher Hogwood, Peter Rundel, Skip Sempé, Peter Phillips y Marcus Creed, actividad que le ha llevado en gira por Europa, Estados Unidos y Asia. Asimismo, ha tomado parte en numerosas grabaciones discográficas.</p>
<p>Bart Vandewege compone principalmente para teatro, cine y danza, por encargo de diferentes compañías europeas de teatro así como de directores cinematográficos, la Radio Televisión Belga (VRT), Les Ballets C de la B, Ars Animación España/Mexico – Film Animation Studio, entre otros.</p>
<p>En sus composiciones muestra preferencia por una técnica inspirada en el contrapunto de los polifonistas flamencos de los siglos XVI y XVII, pero aplicada al lenguaje sonoro actual y elaborada a base de varias líneas horizontales superpuestas a modo de láminas. Su estilo polifacético varía en función del proyecto y de la persona que realiza el encargo, pero sus melodías-en-las-melodías, así frecuentemente llamadas por los diletantes, son características.</p>
<p>Trabaja regularmente como director invitado y ha realizado diversas grabaciones de obras olvidadas de compositores que van desde Fétis y Lemmens hasta las del compositor americano Elliott Carter. Como asistente, ha dirigido además La Chapelle Royale, el Vlaams Radio Koor, Collegium Vocale Gent, Il Gardellino y Amsterdam Baroque Choir. En 2008 fue nombrado director artístico del coro Vozes de Al Ayre Español.</p>
<p>También es director artístico del conjunto La Hispanoflamenca, especializado en la polifonía de los siglos XVI y XVII de los Países Bajos y la Península Ibérica. Gustav Leonhardt, Monica Huggett y Enrico Onofri han sido directores invitados de La Hispanoflamenca.</p>
<p>Bart Vandewege ha sido hasta 2004 programador de Radio3 / Klara (VRT Bruselas) y desarrolla una intensa actividad como productor en grabaciones sonoras, pudiendo destacar entre ellas las realizadas recientemente con música de Mauricio Kagel y Cristóbal Halffter.</p>
<p>Su plural destreza como músico resulta ventajosa en la supervisión artística de las grabaciones, siendo su objetivo el obtener lo mejor de los intérpretes en un tiempo limitado, permitiendo a la vez que se expresen con libertad.</p>

<p>17 y 18 de octubre de 2020 Centro Cívico «Tejar del Mellizo» PROGRAMA Obras para coro de Bart Vandewege Dinumerare dexteram tuam O vos Omnes Audi alteram partem Et in terra pax Sit tibi terra levis Bart Vandewege, director Como músico versátil que es, Bart Vandewege estudió tanto teoría musical (armonía, contrapunto, composición) como flauta [&hellip;]</p>
