{"id":13108,"date":"2024-08-09T13:58:29","date_gmt":"2024-08-09T11:58:29","guid":{"rendered":"https:\/\/smdesevilla.com\/principal\/?page_id=13108"},"modified":"2026-03-16T22:06:58","modified_gmt":"2026-03-16T21:06:58","slug":"el-mesias-participativo-2016","status":"publish","type":"page","link":"https:\/\/smdesevilla.com\/principal\/trayectori\/2018-2019\/el-mesias-participativo-2016\/","title":{"rendered":"El Mes\u00edas Participativo 2018"},"content":{"rendered":"<p>22 y 23 de diciembre de 2018<br \/>\nTeatro de la Maestranza<strong><br \/>\n<\/strong><\/p>\n<div>\n<p>Real Orquesta Sinf\u00f3nica de Sevilla<br \/>\nCoro de la Orquesta Ciudad de Granada<\/p>\n<p>CAMERATA VOCAL CONCERTANTE<br \/>\nCORAL \u00c1NGEL DE URCELAY<br \/>\nCORAL POLIF\u00d3NICA ECIJANA<br \/>\nCORAL SAN FELIPE NERI DE SEVILLA<br \/>\nCORO ARETIENA DE ARACENA<br \/>\nCORO ARS VIVENDI DE SEVILLA<br \/>\nCORO DE C\u00c1MARA AN DIE MUSIK<br \/>\nCORO DE LA UNIVERSIDAD DE HUELVA<br \/>\nCORO DEL ATENEO DE SEVILLA<br \/>\nCORO FILARMON\u00cdA DE SEVILLA<br \/>\nCORO MANUEL DE FALLA DEL CONSERVATORIO SUPERIOR<br \/>\nDE M\u00daSICA DE SEVILLA<br \/>\nCORO POLIF\u00d3NICO ORIPPO DE DOS HERMANAS<br \/>\nSOCIEDAD MUSICAL DE SEVILLA<\/p>\n<p>Berit Solset, <em>soprano<br \/>\n<\/em>Catherine Hopper, <em>contralto<br \/>\n<\/em>Joshua Ellicott, <em>tenor<br \/>\n<\/em>Nicholas Mogg, <em>bajo<\/em><\/p>\n<p>Daniel Reuss, director<\/p>\n<\/div>\n","protected":false},"excerpt":{"rendered":"<p>22 y 23 de diciembre de 2018 Teatro de la Maestranza Real Orquesta Sinf\u00f3nica de Sevilla Coro de la Orquesta Ciudad de Granada CAMERATA VOCAL CONCERTANTE CORAL \u00c1NGEL DE URCELAY CORAL POLIF\u00d3NICA ECIJANA CORAL SAN FELIPE NERI DE SEVILLA CORO ARETIENA DE ARACENA CORO ARS VIVENDI DE SEVILLA CORO DE C\u00c1MARA AN DIE MUSIK CORO [&hellip;]<\/p>\n","protected":false},"author":1,"featured_media":13110,"parent":11616,"menu_order":0,"comment_status":"closed","ping_status":"closed","template":"page-3-2","meta":{"_price":"","_stock":"","_tribe_ticket_header":"","_tribe_default_ticket_provider":"TEC\\Tickets\\Commerce\\Module","_tribe_ticket_capacity":"0","_ticket_start_date":"","_ticket_end_date":"","_tribe_ticket_show_description":"","_tribe_ticket_show_not_going":false,"_tribe_ticket_use_global_stock":"","_tribe_ticket_global_stock_level":"","_global_stock_mode":"","_global_stock_cap":"","_tribe_rsvp_for_event":"","_tribe_ticket_going_count":"","_tribe_ticket_not_going_count":"","_tribe_tickets_list":"[]","_tribe_ticket_has_attendee_info_fields":false,"footnotes":"","_tec_slr_enabled":"","_tec_slr_layout":""},"class_list":["post-13108","page","type-page","status-publish","has-post-thumbnail","hentry"],"aioseo_notices":[],"ticketed":false,"_links":{"self":[{"href":"https:\/\/smdesevilla.com\/principal\/wp-json\/wp\/v2\/pages\/13108","targetHints":{"allow":["GET"]}}],"collection":[{"href":"https:\/\/smdesevilla.com\/principal\/wp-json\/wp\/v2\/pages"}],"about":[{"href":"https:\/\/smdesevilla.com\/principal\/wp-json\/wp\/v2\/types\/page"}],"author":[{"embeddable":true,"href":"https:\/\/smdesevilla.com\/principal\/wp-json\/wp\/v2\/users\/1"}],"replies":[{"embeddable":true,"href":"https:\/\/smdesevilla.com\/principal\/wp-json\/wp\/v2\/comments?post=13108"}],"version-history":[{"count":1,"href":"https:\/\/smdesevilla.com\/principal\/wp-json\/wp\/v2\/pages\/13108\/revisions"}],"predecessor-version":[{"id":13111,"href":"https:\/\/smdesevilla.com\/principal\/wp-json\/wp\/v2\/pages\/13108\/revisions\/13111"}],"up":[{"embeddable":true,"href":"https:\/\/smdesevilla.com\/principal\/wp-json\/wp\/v2\/pages\/11616"}],"wp:featuredmedia":[{"embeddable":true,"href":"https:\/\/smdesevilla.com\/principal\/wp-json\/wp\/v2\/media\/13110"}],"wp:attachment":[{"href":"https:\/\/smdesevilla.com\/principal\/wp-json\/wp\/v2\/media?parent=13108"}],"curies":[{"name":"wp","href":"https:\/\/api.w.org\/{rel}","templated":true}]}}

El Mesías Participativo 2018

<p>22 y 23 de diciembre de 2018<br />
Teatro de la Maestranza<strong><br />
</strong></p>
<div>
<p>Real Orquesta Sinfónica de Sevilla<br />
Coro de la Orquesta Ciudad de Granada</p>
<p>CAMERATA VOCAL CONCERTANTE<br />
CORAL ÁNGEL DE URCELAY<br />
CORAL POLIFÓNICA ECIJANA<br />
CORAL SAN FELIPE NERI DE SEVILLA<br />
CORO ARETIENA DE ARACENA<br />
CORO ARS VIVENDI DE SEVILLA<br />
CORO DE CÁMARA AN DIE MUSIK<br />
CORO DE LA UNIVERSIDAD DE HUELVA<br />
CORO DEL ATENEO DE SEVILLA<br />
CORO FILARMONÍA DE SEVILLA<br />
CORO MANUEL DE FALLA DEL CONSERVATORIO SUPERIOR<br />
DE MÚSICA DE SEVILLA<br />
CORO POLIFÓNICO ORIPPO DE DOS HERMANAS<br />
SOCIEDAD MUSICAL DE SEVILLA</p>
<p>Berit Solset, <em>soprano<br />
</em>Catherine Hopper, <em>contralto<br />
</em>Joshua Ellicott, <em>tenor<br />
</em>Nicholas Mogg, <em>bajo</em></p>
<p>Daniel Reuss, director</p>
</div>

<p>22 y 23 de diciembre de 2018 Teatro de la Maestranza Real Orquesta Sinfónica de Sevilla Coro de la Orquesta Ciudad de Granada CAMERATA VOCAL CONCERTANTE CORAL ÁNGEL DE URCELAY CORAL POLIFÓNICA ECIJANA CORAL SAN FELIPE NERI DE SEVILLA CORO ARETIENA DE ARACENA CORO ARS VIVENDI DE SEVILLA CORO DE CÁMARA AN DIE MUSIK CORO [&hellip;]</p>
