{"id":11759,"date":"2023-06-10T14:56:57","date_gmt":"2023-06-10T12:56:57","guid":{"rendered":"https:\/\/smdesevilla.com\/principal\/?page_id=11759"},"modified":"2026-03-16T22:07:01","modified_gmt":"2026-03-16T21:07:01","slug":"lionel_meunier","status":"publish","type":"page","link":"https:\/\/smdesevilla.com\/principal\/direccion-artistica-y-musical\/lionel_meunier\/","title":{"rendered":"Lionel Meunier"},"content":{"rendered":"<div class=\"pwi\">\n<p><strong>Lionel Meunier<\/strong>\u00a0naci\u00f3 en Clamecy, Francia, donde a muy temprana edad comenz\u00f3 su educaci\u00f3n musical estudiando solfeo, flauta dulce y trompeta. Continu\u00f3 m\u00e1s tarde en el Instituto Superior de M\u00fasica y Pedagog\u00eda de Namur, gradu\u00e1ndose en flauta dulce con las m\u00e1s altas calificaciones en el a\u00f1o 2004. Durante este tiempo fue alumno de Tatiana Babut du Maresm al tiempo que recibi\u00f3 clases magistrales de Jean Tub\u00e9ry y Hugo Reyne. Tras graduarse, estudi\u00f3 canto con Rita Dams y Peter Kooij en el Real Conservatorio de La Haya.<\/p>\n<p>Desde entonces, Lionel Meunier ha cantado con los principales ensembles europeos, tales como el\u00a0<em>Collegium Vocale Gent<\/em>\u00a0(P. Herreweghe), el\u00a0<em>World Youth Choir<\/em>, el Coro Barroco de Amsterdam (T. Koopman), el Coro de C\u00e1mara de Namur y\u00a0<em>Ex Tempore<\/em>, as\u00ed como con\u00a0<em>Capella Pratensis<\/em>\u00a0o el ensemble de solistas de la\u00a0<em>Nederlandse Bachvereeniging<\/em>. Todas estas experiencias dieron a Meunier la oportunidad de trabajar con grandes directores como Christophe Rousset, Tonu Kaljuste, Gustav Leonhardt, Roberto Gini, Jean\u2013Claude Malgoire, Paul Dombrecht, Florian Heyerick, Rinaldo Alessandrini y Richard Egarr. Lionel Meunier contin\u00faa activo como solista, interpretando obras como la Misa en la menor de Schubert, la Pasi\u00f3n seg\u00fan San Juan de Bach, el Stabat Mater de Haydn o la Misa en do menor de Mozart, entre otras.<\/p>\n<p>Vali\u00e9ndose de su experiencia vocal, en 2004 funda el aclamado ensemble vocal\u00a0<em>Vox Luminis<\/em>, que m\u00e1s adelante se convertir\u00eda en su principal proyecto musical. Desde su concepci\u00f3n, el ensemble ha sido elogiado en cada uno de sus conciertos y grabaciones, ganando n\u00fameros y prestigiosos premios tales como el\u00a0<em>Diapason d\u2019Or<\/em>, el\u00a0<em>Preis der Deutschen Schallplattenkritik<\/em>, el\u00a0<em>CHOC<\/em>\u00a0<em>de Classica<\/em>\u00a0y el\u00a0<em>Gramophone Editor\u2019s Choice<\/em>. Sin embargo, fue la grabaci\u00f3n de las\u00a0<em>Musikalische Exequien<\/em>\u00a0de Sch\u00fctz (hoy en d\u00eda considerada una referencia dentro del repertorio) la que los puso al frente del mundo coral y de la m\u00fasica antigua. En 2012, el disco gan\u00f3 el que es indiscutiblemente el premio m\u00e1s codiciado, el\u00a0<em>Gramophone Recording of the Year<\/em>, junto con el \u00a0<em>Gramophone Baroque Vocal Award<\/em>\u00a0y el\u00a0<em>International Classical Music Award<\/em>.<\/p>\n<p>En los \u00faltimos a\u00f1os, Lionel Meunier ha sido cada vez m\u00e1s demandado por distintos ensembles europeos como prepador y director. Su acercamiento reflexivo y su pasi\u00f3n por el repertorio hist\u00f3rico y a cappella, unidos a su respeto y conocimiento de los cantantes, le permiten obtener el m\u00e1ximo de sus colaboradores.\u00a0<em>Vox Luminis<\/em>\u00a0es constantemente elogiado por el empaste de sus voces individuales, su exquisita afinaci\u00f3n y su claridad de sonido, que Meunier es capaz de emular con otros grupos vocales gracias a unas instintivas dotes de comunicaci\u00f3n que le permiten establecer una relaci\u00f3n de confianza con cada m\u00fasico.<\/p>\n<p>Apasionado por la pedagog\u00eda, Lionel Meunier y\u00a0<em>Vox Luminis<\/em>\u00a0imparten regularmente clases magistrales sobre el repertorio del Renacimiento tard\u00edo y Barroco.<\/p>\n<\/div>\n","protected":false},"excerpt":{"rendered":"<p>Lionel Meunier\u00a0naci\u00f3 en Clamecy, Francia, donde a muy temprana edad comenz\u00f3 su educaci\u00f3n musical estudiando solfeo, flauta dulce y trompeta. Continu\u00f3 m\u00e1s tarde en el Instituto Superior de M\u00fasica y Pedagog\u00eda de Namur, gradu\u00e1ndose en flauta dulce con las m\u00e1s altas calificaciones en el a\u00f1o 2004. Durante este tiempo fue alumno de Tatiana Babut du [&hellip;]<\/p>\n","protected":false},"author":1,"featured_media":7554,"parent":39,"menu_order":100,"comment_status":"closed","ping_status":"closed","template":"page-3-2","meta":{"_price":"","_stock":"","_tribe_ticket_header":"","_tribe_default_ticket_provider":"TEC\\Tickets\\Commerce\\Module","_tribe_ticket_capacity":"0","_ticket_start_date":"","_ticket_end_date":"","_tribe_ticket_show_description":"","_tribe_ticket_show_not_going":false,"_tribe_ticket_use_global_stock":"","_tribe_ticket_global_stock_level":"","_global_stock_mode":"","_global_stock_cap":"","_tribe_rsvp_for_event":"","_tribe_ticket_going_count":"","_tribe_ticket_not_going_count":"","_tribe_tickets_list":"[]","_tribe_ticket_has_attendee_info_fields":false,"footnotes":"","_tec_slr_enabled":"","_tec_slr_layout":""},"class_list":["post-11759","page","type-page","status-publish","has-post-thumbnail","hentry"],"aioseo_notices":[],"ticketed":false,"_links":{"self":[{"href":"https:\/\/smdesevilla.com\/principal\/wp-json\/wp\/v2\/pages\/11759","targetHints":{"allow":["GET"]}}],"collection":[{"href":"https:\/\/smdesevilla.com\/principal\/wp-json\/wp\/v2\/pages"}],"about":[{"href":"https:\/\/smdesevilla.com\/principal\/wp-json\/wp\/v2\/types\/page"}],"author":[{"embeddable":true,"href":"https:\/\/smdesevilla.com\/principal\/wp-json\/wp\/v2\/users\/1"}],"replies":[{"embeddable":true,"href":"https:\/\/smdesevilla.com\/principal\/wp-json\/wp\/v2\/comments?post=11759"}],"version-history":[{"count":1,"href":"https:\/\/smdesevilla.com\/principal\/wp-json\/wp\/v2\/pages\/11759\/revisions"}],"predecessor-version":[{"id":11760,"href":"https:\/\/smdesevilla.com\/principal\/wp-json\/wp\/v2\/pages\/11759\/revisions\/11760"}],"up":[{"embeddable":true,"href":"https:\/\/smdesevilla.com\/principal\/wp-json\/wp\/v2\/pages\/39"}],"wp:featuredmedia":[{"embeddable":true,"href":"https:\/\/smdesevilla.com\/principal\/wp-json\/wp\/v2\/media\/7554"}],"wp:attachment":[{"href":"https:\/\/smdesevilla.com\/principal\/wp-json\/wp\/v2\/media?parent=11759"}],"curies":[{"name":"wp","href":"https:\/\/api.w.org\/{rel}","templated":true}]}}