{"id":11636,"date":"2022-11-29T11:44:50","date_gmt":"2022-11-29T10:44:50","guid":{"rendered":"https:\/\/smdesevilla.com\/principal\/?p=11636"},"modified":"2026-03-16T22:06:58","modified_gmt":"2026-03-16T21:06:58","slug":"taller-2018-con-bart-vandewege-2","status":"publish","type":"page","link":"https:\/\/smdesevilla.com\/principal\/trayectori\/2018-2019\/taller-2018-con-bart-vandewege-2\/","title":{"rendered":"<small>Taller con <strong>Bart Vandewege<\/strong><\/small>"},"content":{"rendered":"<p style=\"text-align: justify;\">La Sociedad Musical de Sevilla prosigue sus actividades formativas y did\u00e1cticas de car\u00e1cter abierto, como continuaci\u00f3n a los Ciclos de Conferencias (cursos de libre configuraci\u00f3n de la Universidad de Sevilla) de 2010 y 2011, a los Cursos de Direcci\u00f3n Coral realizados en a\u00f1os precedentes y al Ciclo de Talleres iniciado en 2011, con Alonso G\u00f3mez Gallego, los dos realizados en 2012 con Jorge Enrique Garc\u00eda y Martin Schmidt, en 2013 y 2015 con Gabriel D\u00edaz, en 2014 con Israel Moreno, en 2016 con Ra\u00fal Mallavibarrena, en febrero de 2017 con Lionel Meunier y en noviembre del a\u00f1o pasado con Bart Vandewege.<\/p>\n<p style=\"text-align: justify;\">El director fue de nuevo el prestigioso director, compositor y cantante belga <strong>Bart Vandewege, <\/strong>que continu\u00f3 el taller celebrado el a\u00f1o anterior con diversos fragmentos de la <strong>Misa en Si menor<\/strong> de J. S. Bach, y en el que concluir\u00e1 el trabajo iniciado sobre dicha obra en noviembre de 2017<strong>.<\/strong><\/p>\n<hr \/>\n<div class=\"su-row\">\n<div class=\"su-column su-column-size-1-2\"><div class=\"su-column-inner su-u-clearfix su-u-trim\"><strong>LUGAR, FECHAS Y HORARIOS<\/strong><\/p>\n<p>S\u00e1bado 29 y domingo 30 de septiembre<br \/>\nViernes 5, s\u00e1bado 6 y domingo 7 de octubre<br \/>\n2018<\/p>\n<p><strong>Centro C\u00edvico \u00abTejar del Mellizo\u00bb<\/strong><br \/>\nCalle Santa Fe, s\/n<\/p>\n<p><strong>Horario<\/strong><\/p>\n<p>viernes de 19.00 a 21.30 horas<br \/>\ns\u00e1bados de 17.00 a 21.30 horas<br \/>\ndomingos de 10.30 a 14.00 horas<\/p>\n<p><strong>Duraci\u00f3n<\/strong><br \/>\n21 horas<\/p>\n<p><strong>Precio<\/strong><br \/>\nActivos: 80 \u20ac<br \/>\nOyentes: 30 \u20ac<\/p>\n<\/div><\/div>\n<div class=\"su-column su-column-size-1-2\"><div class=\"su-column-inner su-u-clearfix su-u-trim\"><strong>REPERTORIO<\/strong><\/p>\n<p><strong>Johann Sebastian Bach <\/strong>(1685 \u2013 1750)<br \/>\nMisa en Si menor BWV 232<\/p>\n<div class=\"\" dir=\"auto\"><em>Kyrie II<\/em><br \/>\nCompleto<\/div>\n<div class=\"\" dir=\"auto\"><em>Et in terra pax<\/em><br \/>\nTutti, compases 1 &#8211; 13 \/ 39 &#8211; 46 \/ 62 &#8211; 76 (fin)<\/div>\n<div class=\"\" dir=\"auto\"><em>Cum spiritu<\/em><br \/>\nTutti, compases 1 &#8211; 36 \/ 68 &#8211; 80 \/ 112 &#8211; 128<\/div>\n<div class=\"\" dir=\"auto\"><em>Credo<\/em><br \/>\nSoli, pero tutti desde Patrem omnipotentem<\/div>\n<div class=\"\" dir=\"auto\"><em>Et resurrexit<\/em><br \/>\nTutti, pero compases 74 &#8211; 85 solo<\/div>\n<div class=\"\" dir=\"auto\"><em>Confiteor<\/em><br \/>\nSoli<\/div>\n<div class=\"\" dir=\"auto\"><em>Et expecto<\/em><br \/>\nTutti<\/div>\n<div class=\"\" dir=\"auto\"><em>Sanctus<\/em><br \/>\nTutti 1 &#8211; 47 \/ 72 &#8211; 78 \/ 104 &#8211; 168 (fin)<\/div>\n<div class=\"\" dir=\"auto\"><em>Dona nobis pacem<\/em><br \/>\nTutti<\/div>\n<div class=\"\" dir=\"auto\"><\/div>\n<\/div><\/div>\n<\/div>\n<hr \/>\n<p><strong>BART VANDEWEGE<br \/>\ndirector<\/strong><\/p>\n<p>Como m\u00fasico vers\u00e1til que es, Bart Vandewege estudi\u00f3 tanto teor\u00eda musical (armon\u00eda, contrapunto, composici\u00f3n) como flauta travesera, canto y piano en distintos conservatorios de B\u00e9lgica. Movido por su enorme curiosidad, se especializ\u00f3 adem\u00e1s en m\u00fasica antigua, m\u00fasica contempor\u00e1nea y jazz.<\/p>\n<p>Con anterioridad hab\u00eda recibido clases de artes pl\u00e1sticas y escritura, disciplinas que le han servido como herramienta de inspiraci\u00f3n en la composici\u00f3n de piezas musicales para teatro, cine y danza, debido a su capacidad de crear sinestesias.<\/p>\n<p>Canta como bajo en conjuntos como Collegium Vocale Gent (Philippe Herreweghe), Amsterdam Baroque Choir (Ton Koopman), Huelgas Ensemble (Paul van Nevel), Bach Collegium Japan (Masaaki Suzuki), Il Gardellino (Marcel Ponseele), Plus Ultra (Michael Noone), La Petite Bande (Sigiswald Kuijken), Concerto K\u00f6ln, Il Giardino Armonico, Freiburger Barockorchester, bajo las \u00f3rdenes de directores como Gustav Leonhardt, Ren\u00e9 Jacobs, Thomas Hengelbrock, Robert King, Jos Van Immerseel, Alan Curtis, Roy Goodman, Christopher Hogwood, Peter Rundel, Skip Semp\u00e9, Peter Phillips y Marcus Creed, actividad que le ha llevado en gira por Europa, Estados Unidos y Asia. Asimismo, ha tomado parte en numerosas grabaciones discogr\u00e1ficas.<\/p>\n<p>Bart Vandewege compone principalmente para teatro, cine y danza, por encargo de diferentes compa\u00f1\u00edas europeas de teatro as\u00ed como de directores cinematogr\u00e1ficos, la Radio Televisi\u00f3n Belga (VRT), Les Ballets C de la B, Ars Animaci\u00f3n Espa\u00f1a\/Mexico &#8211; Film Animation Studio, entre otros.<\/p>\n<p>En sus composiciones muestra preferencia por una t\u00e9cnica inspirada en el contrapunto de los polifonistas flamencos de los siglos XVI y XVII, pero aplicada al lenguaje sonoro actual y elaborada a base de varias l\u00edneas horizontales superpuestas a modo de l\u00e1minas. Su estilo polifac\u00e9tico var\u00eda en funci\u00f3n del proyecto y de la persona que realiza el encargo, pero sus melod\u00edas-en-las-melod\u00edas, as\u00ed frecuentemente llamadas por los diletantes, son caracter\u00edsticas.<\/p>\n<p>Trabaja regularmente como director invitado y ha realizado diversas grabaciones de obras olvidadas de compositores que van desde F\u00e9tis y Lemmens hasta las del compositor americano Elliott Carter. Como asistente, ha dirigido adem\u00e1s La Chapelle Royale, el Vlaams Radio Koor, Collegium Vocale Gent, Il Gardellino y Amsterdam Baroque Choir. En 2008 fue nombrado director art\u00edstico del coro Vozes de Al Ayre Espa\u00f1ol.<\/p>\n<p>Tambi\u00e9n es director art\u00edstico del conjunto La Hispanoflamenca, especializado en la polifon\u00eda de los siglos XVI y XVII de los Pa\u00edses Bajos y la Pen\u00ednsula Ib\u00e9rica. Gustav Leonhardt, Monica Huggett y Enrico Onofri han sido directores invitados de La Hispanoflamenca.<\/p>\n<p>Bart Vandewege ha sido hasta 2004 programador de Radio3 \/ Klara (VRT Bruselas) y desarrolla una intensa actividad como productor en grabaciones sonoras, pudiendo destacar entre ellas las realizadas recientemente con m\u00fasica de Mauricio Kagel y Crist\u00f3bal Halffter.<\/p>\n<p>Su plural destreza como m\u00fasico resulta ventajosa en la supervisi\u00f3n art\u00edstica de las grabaciones, siendo su objetivo el obtener lo mejor de los int\u00e9rpretes en un tiempo limitado, permitiendo a la vez que se expresen con libertad.<\/p>\n<p><a href=\"http:\/\/smdesevilla.com\/principal\/wp-content\/uploads\/BV3.jpg\" rel=\"attachment wp-att-7765\"><img loading=\"lazy\" decoding=\"async\" class=\"alignleft size-full wp-image-7765\" src=\"http:\/\/smdesevilla.com\/principal\/wp-content\/uploads\/BV3.jpg\" alt=\"BV3\" width=\"2473\" height=\"1689\" srcset=\"https:\/\/smdesevilla.com\/principal\/wp-content\/uploads\/BV3.jpg 2473w, https:\/\/smdesevilla.com\/principal\/wp-content\/uploads\/BV3-300x205.jpg 300w, https:\/\/smdesevilla.com\/principal\/wp-content\/uploads\/BV3-768x525.jpg 768w, https:\/\/smdesevilla.com\/principal\/wp-content\/uploads\/BV3-1536x1049.jpg 1536w, https:\/\/smdesevilla.com\/principal\/wp-content\/uploads\/BV3-2048x1399.jpg 2048w, https:\/\/smdesevilla.com\/principal\/wp-content\/uploads\/BV3-600x410.jpg 600w\" sizes=\"auto, (max-width: 2473px) 100vw, 2473px\" \/><\/a><\/p>\n<p>&nbsp;<\/p>\n<hr \/>\n","protected":false},"excerpt":{"rendered":"<p>La Sociedad Musical de Sevilla prosigue sus actividades formativas y did\u00e1cticas de car\u00e1cter abierto, como continuaci\u00f3n a los Ciclos de Conferencias (cursos de libre configuraci\u00f3n de la Universidad de Sevilla) de 2010 y 2011, a los Cursos de Direcci\u00f3n Coral realizados en a\u00f1os precedentes y al Ciclo de Talleres iniciado en 2011, con Alonso G\u00f3mez [&hellip;]<\/p>\n","protected":false},"author":1,"featured_media":7975,"parent":11616,"menu_order":0,"comment_status":"closed","ping_status":"open","template":"page-3-2","meta":{"_price":"","_stock":"","_tribe_ticket_header":"","_tribe_default_ticket_provider":"TEC\\Tickets\\Commerce\\Module","_tribe_ticket_capacity":"0","_ticket_start_date":"","_ticket_end_date":"","_tribe_ticket_show_description":"","_tribe_ticket_show_not_going":false,"_tribe_ticket_use_global_stock":"","_tribe_ticket_global_stock_level":"","_global_stock_mode":"","_global_stock_cap":"","_tribe_rsvp_for_event":"","_tribe_ticket_going_count":"","_tribe_ticket_not_going_count":"","_tribe_tickets_list":"[]","_tribe_ticket_has_attendee_info_fields":false,"footnotes":"","_tec_slr_enabled":"","_tec_slr_layout":""},"class_list":["post-11636","page","type-page","status-publish","has-post-thumbnail","hentry"],"aioseo_notices":[],"ticketed":false,"_links":{"self":[{"href":"https:\/\/smdesevilla.com\/principal\/wp-json\/wp\/v2\/pages\/11636","targetHints":{"allow":["GET"]}}],"collection":[{"href":"https:\/\/smdesevilla.com\/principal\/wp-json\/wp\/v2\/pages"}],"about":[{"href":"https:\/\/smdesevilla.com\/principal\/wp-json\/wp\/v2\/types\/page"}],"author":[{"embeddable":true,"href":"https:\/\/smdesevilla.com\/principal\/wp-json\/wp\/v2\/users\/1"}],"replies":[{"embeddable":true,"href":"https:\/\/smdesevilla.com\/principal\/wp-json\/wp\/v2\/comments?post=11636"}],"version-history":[{"count":2,"href":"https:\/\/smdesevilla.com\/principal\/wp-json\/wp\/v2\/pages\/11636\/revisions"}],"predecessor-version":[{"id":11638,"href":"https:\/\/smdesevilla.com\/principal\/wp-json\/wp\/v2\/pages\/11636\/revisions\/11638"}],"up":[{"embeddable":true,"href":"https:\/\/smdesevilla.com\/principal\/wp-json\/wp\/v2\/pages\/11616"}],"wp:featuredmedia":[{"embeddable":true,"href":"https:\/\/smdesevilla.com\/principal\/wp-json\/wp\/v2\/media\/7975"}],"wp:attachment":[{"href":"https:\/\/smdesevilla.com\/principal\/wp-json\/wp\/v2\/media?parent=11636"}],"curies":[{"name":"wp","href":"https:\/\/api.w.org\/{rel}","templated":true}]}}

<p style="text-align: justify;">La Sociedad Musical de Sevilla prosigue sus actividades formativas y didácticas de carácter abierto, como continuación a los Ciclos de Conferencias (cursos de libre configuración de la Universidad de Sevilla) de 2010 y 2011, a los Cursos de Dirección Coral realizados en años precedentes y al Ciclo de Talleres iniciado en 2011, con Alonso Gómez Gallego, los dos realizados en 2012 con Jorge Enrique García y Martin Schmidt, en 2013 y 2015 con Gabriel Díaz, en 2014 con Israel Moreno, en 2016 con Raúl Mallavibarrena, en febrero de 2017 con Lionel Meunier y en noviembre del año pasado con Bart Vandewege.</p>
<p style="text-align: justify;">El director fue de nuevo el prestigioso director, compositor y cantante belga <strong>Bart Vandewege, </strong>que continuó el taller celebrado el año anterior con diversos fragmentos de la <strong>Misa en Si menor</strong> de J. S. Bach, y en el que concluirá el trabajo iniciado sobre dicha obra en noviembre de 2017<strong>.</strong></p>
<hr />
<div class="su-row">
<div class="su-column su-column-size-1-2"><div class="su-column-inner su-u-clearfix su-u-trim"><strong>LUGAR, FECHAS Y HORARIOS</strong></p>
<p>Sábado 29 y domingo 30 de septiembre<br />
Viernes 5, sábado 6 y domingo 7 de octubre<br />
2018</p>
<p><strong>Centro Cívico «Tejar del Mellizo»</strong><br />
Calle Santa Fe, s/n</p>
<p><strong>Horario</strong></p>
<p>viernes de 19.00 a 21.30 horas<br />
sábados de 17.00 a 21.30 horas<br />
domingos de 10.30 a 14.00 horas</p>
<p><strong>Duración</strong><br />
21 horas</p>
<p><strong>Precio</strong><br />
Activos: 80 €<br />
Oyentes: 30 €</p>
</div></div>
<div class="su-column su-column-size-1-2"><div class="su-column-inner su-u-clearfix su-u-trim"><strong>REPERTORIO</strong></p>
<p><strong>Johann Sebastian Bach </strong>(1685 – 1750)<br />
Misa en Si menor BWV 232</p>
<div class="" dir="auto"><em>Kyrie II</em><br />
Completo</div>
<div class="" dir="auto"><em>Et in terra pax</em><br />
Tutti, compases 1 &#8211; 13 / 39 &#8211; 46 / 62 &#8211; 76 (fin)</div>
<div class="" dir="auto"><em>Cum spiritu</em><br />
Tutti, compases 1 &#8211; 36 / 68 &#8211; 80 / 112 &#8211; 128</div>
<div class="" dir="auto"><em>Credo</em><br />
Soli, pero tutti desde Patrem omnipotentem</div>
<div class="" dir="auto"><em>Et resurrexit</em><br />
Tutti, pero compases 74 &#8211; 85 solo</div>
<div class="" dir="auto"><em>Confiteor</em><br />
Soli</div>
<div class="" dir="auto"><em>Et expecto</em><br />
Tutti</div>
<div class="" dir="auto"><em>Sanctus</em><br />
Tutti 1 &#8211; 47 / 72 &#8211; 78 / 104 &#8211; 168 (fin)</div>
<div class="" dir="auto"><em>Dona nobis pacem</em><br />
Tutti</div>
<div class="" dir="auto"></div>
</div></div>
</div>
<hr />
<p><strong>BART VANDEWEGE<br />
director</strong></p>
<p>Como músico versátil que es, Bart Vandewege estudió tanto teoría musical (armonía, contrapunto, composición) como flauta travesera, canto y piano en distintos conservatorios de Bélgica. Movido por su enorme curiosidad, se especializó además en música antigua, música contemporánea y jazz.</p>
<p>Con anterioridad había recibido clases de artes plásticas y escritura, disciplinas que le han servido como herramienta de inspiración en la composición de piezas musicales para teatro, cine y danza, debido a su capacidad de crear sinestesias.</p>
<p>Canta como bajo en conjuntos como Collegium Vocale Gent (Philippe Herreweghe), Amsterdam Baroque Choir (Ton Koopman), Huelgas Ensemble (Paul van Nevel), Bach Collegium Japan (Masaaki Suzuki), Il Gardellino (Marcel Ponseele), Plus Ultra (Michael Noone), La Petite Bande (Sigiswald Kuijken), Concerto Köln, Il Giardino Armonico, Freiburger Barockorchester, bajo las órdenes de directores como Gustav Leonhardt, René Jacobs, Thomas Hengelbrock, Robert King, Jos Van Immerseel, Alan Curtis, Roy Goodman, Christopher Hogwood, Peter Rundel, Skip Sempé, Peter Phillips y Marcus Creed, actividad que le ha llevado en gira por Europa, Estados Unidos y Asia. Asimismo, ha tomado parte en numerosas grabaciones discográficas.</p>
<p>Bart Vandewege compone principalmente para teatro, cine y danza, por encargo de diferentes compañías europeas de teatro así como de directores cinematográficos, la Radio Televisión Belga (VRT), Les Ballets C de la B, Ars Animación España/Mexico &#8211; Film Animation Studio, entre otros.</p>
<p>En sus composiciones muestra preferencia por una técnica inspirada en el contrapunto de los polifonistas flamencos de los siglos XVI y XVII, pero aplicada al lenguaje sonoro actual y elaborada a base de varias líneas horizontales superpuestas a modo de láminas. Su estilo polifacético varía en función del proyecto y de la persona que realiza el encargo, pero sus melodías-en-las-melodías, así frecuentemente llamadas por los diletantes, son características.</p>
<p>Trabaja regularmente como director invitado y ha realizado diversas grabaciones de obras olvidadas de compositores que van desde Fétis y Lemmens hasta las del compositor americano Elliott Carter. Como asistente, ha dirigido además La Chapelle Royale, el Vlaams Radio Koor, Collegium Vocale Gent, Il Gardellino y Amsterdam Baroque Choir. En 2008 fue nombrado director artístico del coro Vozes de Al Ayre Español.</p>
<p>También es director artístico del conjunto La Hispanoflamenca, especializado en la polifonía de los siglos XVI y XVII de los Países Bajos y la Península Ibérica. Gustav Leonhardt, Monica Huggett y Enrico Onofri han sido directores invitados de La Hispanoflamenca.</p>
<p>Bart Vandewege ha sido hasta 2004 programador de Radio3 / Klara (VRT Bruselas) y desarrolla una intensa actividad como productor en grabaciones sonoras, pudiendo destacar entre ellas las realizadas recientemente con música de Mauricio Kagel y Cristóbal Halffter.</p>
<p>Su plural destreza como músico resulta ventajosa en la supervisión artística de las grabaciones, siendo su objetivo el obtener lo mejor de los intérpretes en un tiempo limitado, permitiendo a la vez que se expresen con libertad.</p>
<p><a href="http://smdesevilla.com/principal/wp-content/uploads/BV3.jpg" rel="attachment wp-att-7765"><img loading="lazy" decoding="async" class="alignleft size-full wp-image-7765" src="http://smdesevilla.com/principal/wp-content/uploads/BV3.jpg" alt="BV3" width="2473" height="1689" srcset="https://smdesevilla.com/principal/wp-content/uploads/BV3.jpg 2473w, https://smdesevilla.com/principal/wp-content/uploads/BV3-300x205.jpg 300w, https://smdesevilla.com/principal/wp-content/uploads/BV3-768x525.jpg 768w, https://smdesevilla.com/principal/wp-content/uploads/BV3-1536x1049.jpg 1536w, https://smdesevilla.com/principal/wp-content/uploads/BV3-2048x1399.jpg 2048w, https://smdesevilla.com/principal/wp-content/uploads/BV3-600x410.jpg 600w" sizes="auto, (max-width: 2473px) 100vw, 2473px" /></a></p>
<p>&nbsp;</p>
<hr />

<p>La Sociedad Musical de Sevilla prosigue sus actividades formativas y didácticas de carácter abierto, como continuación a los Ciclos de Conferencias (cursos de libre configuración de la Universidad de Sevilla) de 2010 y 2011, a los Cursos de Dirección Coral realizados en años precedentes y al Ciclo de Talleres iniciado en 2011, con Alonso Gómez [&hellip;]</p>
