{"id":11624,"date":"2022-11-29T09:39:04","date_gmt":"2022-11-29T08:39:04","guid":{"rendered":"https:\/\/smdesevilla.com\/principal\/?page_id=11624"},"modified":"2026-03-16T22:06:59","modified_gmt":"2026-03-16T21:06:59","slug":"2022-2023","status":"publish","type":"page","link":"https:\/\/smdesevilla.com\/principal\/trayectori\/2022-2023\/","title":{"rendered":"2022-2023"},"content":{"rendered":"<h3><a href=\"?page_id=11659\" target=\"_self\" rel=\"noopener\">EX TENEBRIS AD LVCEM<\/a><\/h3>\n<p>Coro de la Sociedad Musical de Sevilla<br \/>\nBart Vandewege, <em>director<\/em><\/p>\n<p>Conciertos<\/p>\n<p>S\u00e1bado 5 de moviembre \u00b7 Santuario de Los Gitanos<br \/>\nDomingo 6 de noviembre \u00b7 Iglesia de San Alberto, PP. Filipenses<\/p>\n<h3><a href=\"?page_id=13144\" target=\"_self\" rel=\"noopener\">ORATORIO DE NAVIDAD \u00b7 BACH<\/a><\/h3>\n<p>Orquesta de C\u00f3rdoba<\/p>\n<p>Cristina Bay\u00f3n, soprano<br \/>\nMarif\u00e9 Nogales, contralto<br \/>\nJuan Sancho, tenor<br \/>\nJavier Povedano, bajo<\/p>\n<p>Coro de la Sociedad Musical de Sevilla<br \/>\nCoro Ziryab<\/p>\n<p>Carlos Dom\u00ednguez-Nieto, director<\/p>\n<p>Conciertos<\/p>\n<p>Jueves 15 de diciembre de 2022<br \/>\nViernes 16 de diciembre de 2022<br \/>\nGran Teatro de C\u00f3rdoba<\/p>\n<h3><a href=\"?page_id=11673\" target=\"_self\" rel=\"noopener\">AD C\u00c6LVM<\/a><\/h3>\n<p>Coro de la Sociedad Musical de Sevilla<br \/>\nPedro Teixeira, <em>director<\/em><\/p>\n<p>Conciertos<\/p>\n<p>Martes 7 de marzo de 2023 \u00b7 Ciclo Sevilla HIP Ensemble pre-FeM\u00c1S 2023 \u00b7 Espacio Turina<br \/>\nS\u00e1bado 11 de marzo de 2023 \u00b7 Parroquia de San Carlos Borromeo<\/p>\n","protected":false},"excerpt":{"rendered":"<p>EX TENEBRIS AD LVCEM Coro de la Sociedad Musical de Sevilla Bart Vandewege, director Conciertos S\u00e1bado 5 de moviembre \u00b7 Santuario de Los Gitanos Domingo 6 de noviembre \u00b7 Iglesia de San Alberto, PP. Filipenses ORATORIO DE NAVIDAD \u00b7 BACH Orquesta de C\u00f3rdoba Cristina Bay\u00f3n, soprano Marif\u00e9 Nogales, contralto Juan Sancho, tenor Javier Povedano, bajo [&hellip;]<\/p>\n","protected":false},"author":1,"featured_media":11614,"parent":33,"menu_order":2223,"comment_status":"closed","ping_status":"closed","template":"page-3-2","meta":{"_price":"","_stock":"","_tribe_ticket_header":"","_tribe_default_ticket_provider":"TEC\\Tickets\\Commerce\\Module","_tribe_ticket_capacity":"0","_ticket_start_date":"","_ticket_end_date":"","_tribe_ticket_show_description":"","_tribe_ticket_show_not_going":false,"_tribe_ticket_use_global_stock":"","_tribe_ticket_global_stock_level":"","_global_stock_mode":"","_global_stock_cap":"","_tribe_rsvp_for_event":"","_tribe_ticket_going_count":"","_tribe_ticket_not_going_count":"","_tribe_tickets_list":"[]","_tribe_ticket_has_attendee_info_fields":false,"footnotes":"","_tec_slr_enabled":"","_tec_slr_layout":""},"class_list":["post-11624","page","type-page","status-publish","has-post-thumbnail","hentry"],"aioseo_notices":[],"ticketed":false,"_links":{"self":[{"href":"https:\/\/smdesevilla.com\/principal\/wp-json\/wp\/v2\/pages\/11624","targetHints":{"allow":["GET"]}}],"collection":[{"href":"https:\/\/smdesevilla.com\/principal\/wp-json\/wp\/v2\/pages"}],"about":[{"href":"https:\/\/smdesevilla.com\/principal\/wp-json\/wp\/v2\/types\/page"}],"author":[{"embeddable":true,"href":"https:\/\/smdesevilla.com\/principal\/wp-json\/wp\/v2\/users\/1"}],"replies":[{"embeddable":true,"href":"https:\/\/smdesevilla.com\/principal\/wp-json\/wp\/v2\/comments?post=11624"}],"version-history":[{"count":5,"href":"https:\/\/smdesevilla.com\/principal\/wp-json\/wp\/v2\/pages\/11624\/revisions"}],"predecessor-version":[{"id":13151,"href":"https:\/\/smdesevilla.com\/principal\/wp-json\/wp\/v2\/pages\/11624\/revisions\/13151"}],"up":[{"embeddable":true,"href":"https:\/\/smdesevilla.com\/principal\/wp-json\/wp\/v2\/pages\/33"}],"wp:featuredmedia":[{"embeddable":true,"href":"https:\/\/smdesevilla.com\/principal\/wp-json\/wp\/v2\/media\/11614"}],"wp:attachment":[{"href":"https:\/\/smdesevilla.com\/principal\/wp-json\/wp\/v2\/media?parent=11624"}],"curies":[{"name":"wp","href":"https:\/\/api.w.org\/{rel}","templated":true}]}}

<h3><a href="?page_id=11659" target="_self" rel="noopener">EX TENEBRIS AD LVCEM</a></h3>
<p>Coro de la Sociedad Musical de Sevilla<br />
Bart Vandewege, <em>director</em></p>
<p>Conciertos</p>
<p>Sábado 5 de moviembre · Santuario de Los Gitanos<br />
Domingo 6 de noviembre · Iglesia de San Alberto, PP. Filipenses</p>
<h3><a href="?page_id=13144" target="_self" rel="noopener">ORATORIO DE NAVIDAD · BACH</a></h3>
<p>Orquesta de Córdoba</p>
<p>Cristina Bayón, soprano<br />
Marifé Nogales, contralto<br />
Juan Sancho, tenor<br />
Javier Povedano, bajo</p>
<p>Coro de la Sociedad Musical de Sevilla<br />
Coro Ziryab</p>
<p>Carlos Domínguez-Nieto, director</p>
<p>Conciertos</p>
<p>Jueves 15 de diciembre de 2022<br />
Viernes 16 de diciembre de 2022<br />
Gran Teatro de Córdoba</p>
<h3><a href="?page_id=11673" target="_self" rel="noopener">AD CÆLVM</a></h3>
<p>Coro de la Sociedad Musical de Sevilla<br />
Pedro Teixeira, <em>director</em></p>
<p>Conciertos</p>
<p>Martes 7 de marzo de 2023 · Ciclo Sevilla HIP Ensemble pre-FeMÁS 2023 · Espacio Turina<br />
Sábado 11 de marzo de 2023 · Parroquia de San Carlos Borromeo</p>

<p>EX TENEBRIS AD LVCEM Coro de la Sociedad Musical de Sevilla Bart Vandewege, director Conciertos Sábado 5 de moviembre · Santuario de Los Gitanos Domingo 6 de noviembre · Iglesia de San Alberto, PP. Filipenses ORATORIO DE NAVIDAD · BACH Orquesta de Córdoba Cristina Bayón, soprano Marifé Nogales, contralto Juan Sancho, tenor Javier Povedano, bajo [&hellip;]</p>
