{"id":11616,"date":"2022-11-29T09:36:27","date_gmt":"2022-11-29T08:36:27","guid":{"rendered":"https:\/\/smdesevilla.com\/principal\/?page_id=11616"},"modified":"2026-03-16T22:06:58","modified_gmt":"2026-03-16T21:06:58","slug":"2018-2019","status":"publish","type":"page","link":"https:\/\/smdesevilla.com\/principal\/trayectori\/2018-2019\/","title":{"rendered":"2018-2019"},"content":{"rendered":"<h3><a href=\"?page_id=11636\" target=\"_self\" rel=\"noopener\">TALLER CON BART VANDEWEGE<\/a><\/h3>\r\n<p>S\u00e1bado 29 y domingo 30 de septiembre<br \/>Viernes 5, s\u00e1bado 6 y domingo 7 de octubre de 2018<\/p>\r\n<p>Centro C\u00edvico \u00abTejar del Mellizo\u00bb<\/p>\r\n<h3><a href=\"?page_id=13108\" target=\"_self\" rel=\"noopener\">EL MES\u00cdAS PARTICIPATIVO<\/a><\/h3>\r\n<p>Real Orquesta Sinf\u00f3nica de Sevilla <br \/>Coro de la Orquesta Ciudad de Granada<\/p>\r\n<p>CAMERATA VOCAL CONCERTANTE <br \/>CORAL \u00c1NGEL DE URCELAY <br \/>CORAL POLIF\u00d3NICA ECIJANA <br \/>CORAL SAN FELIPE NERI DE SEVILLA <br \/>CORO ARETIENA DE ARACENA <br \/>CORO ARS VIVENDI DE SEVILLA<br \/>CORO DE C\u00c1MARA AN DIE MUSIK <br \/>CORO DE LA UNIVERSIDAD DE HUELVA <br \/>CORO DEL ATENEO DE SEVILLA <br \/>CORO FILARMON\u00cdA DE SEVILLA <br \/>CORO MANUEL DE FALLA DEL CONSERVATORIO SUPERIOR DE M\u00daSICA DE SEVILLA <br \/>CORO POLIF\u00d3NICO ORIPPO DE DOS HERMANAS <br \/>SOCIEDAD MUSICAL DE SEVILLA<\/p>\r\n<p>Berit Solset, <em>soprano <br \/><\/em>Catherine Hopper, <em>contralto <br \/><\/em>Joshua Ellicott, <em>tenor <br \/><\/em>Nicholas Mogg, <em>bajo<\/em> <br \/>Daniel Reuss, director<\/p>\r\n<p>Conciertos<\/p>\r\n<p>22 y 23 de diciembre de 2018 <br \/>Teatro de la Maestranza<\/p>\r\n<h3><a href=\"?page_id=11641\" target=\"_self\" rel=\"noopener\">INFINITUM<\/a><\/h3>\r\n<p>Coro de la Sociedad Musical de Sevilla <br \/>Chano Robles Mures, <em>piano<\/em><\/p>\r\n<!-- \/wp:post-content -->\r\n\r\n<!-- wp:paragraph -->\r\n<p>Pedro TEIXEIRA, <em>director<\/em><\/p>\r\n<p>Conciertos<\/p>\r\n<p>S\u00e1bado 25 de mayo de 2019 \u00b7 Iglesia de San Juan de la Palma <br \/>Domingo 26 de mayo de 2019 \u00b7 Iglesia del Colegio Portaceli<\/p>\r\n<!-- \/wp:paragraph -->\r\n\r\n<!-- wp:paragraph -->\r\n<h3><a href=\"?page_id=11639\" target=\"_self\" rel=\"noopener\">MYSTERIUM<\/a><\/h3>\r\n<p>Coro de la Sociedad Musical de Sevilla <br \/>Bart VANDEWEGE, <em>director<\/em><\/p>\r\n<p>Conciertos<\/p>\r\n<p>S\u00e1bado 15 de diciembre de 2018 \u00b7 Parroquia de San Carlos Borromeo <br \/>Domingo 16 de diciembre de 2018 \u00b7 Iglesia Conventual del Santo \u00c1ngel<\/p>","protected":false},"excerpt":{"rendered":"<p>TALLER CON BART VANDEWEGE S\u00e1bado 29 y domingo 30 de septiembreViernes 5, s\u00e1bado 6 y domingo 7 de octubre de 2018 Centro C\u00edvico \u00abTejar del Mellizo\u00bb EL MES\u00cdAS PARTICIPATIVO Real Orquesta Sinf\u00f3nica de Sevilla Coro de la Orquesta Ciudad de Granada CAMERATA VOCAL CONCERTANTE CORAL \u00c1NGEL DE URCELAY CORAL POLIF\u00d3NICA ECIJANA CORAL SAN FELIPE NERI [&hellip;]<\/p>\n","protected":false},"author":1,"featured_media":11610,"parent":33,"menu_order":1819,"comment_status":"closed","ping_status":"closed","template":"page-3-2","meta":{"_price":"","_stock":"","_tribe_ticket_header":"","_tribe_default_ticket_provider":"TEC\\Tickets\\Commerce\\Module","_tribe_ticket_capacity":"0","_ticket_start_date":"","_ticket_end_date":"","_tribe_ticket_show_description":"","_tribe_ticket_show_not_going":false,"_tribe_ticket_use_global_stock":"","_tribe_ticket_global_stock_level":"","_global_stock_mode":"","_global_stock_cap":"","_tribe_rsvp_for_event":"","_tribe_ticket_going_count":"","_tribe_ticket_not_going_count":"","_tribe_tickets_list":"[]","_tribe_ticket_has_attendee_info_fields":false,"footnotes":"","_tec_slr_enabled":"","_tec_slr_layout":""},"class_list":["post-11616","page","type-page","status-publish","has-post-thumbnail","hentry"],"aioseo_notices":[],"ticketed":false,"_links":{"self":[{"href":"https:\/\/smdesevilla.com\/principal\/wp-json\/wp\/v2\/pages\/11616","targetHints":{"allow":["GET"]}}],"collection":[{"href":"https:\/\/smdesevilla.com\/principal\/wp-json\/wp\/v2\/pages"}],"about":[{"href":"https:\/\/smdesevilla.com\/principal\/wp-json\/wp\/v2\/types\/page"}],"author":[{"embeddable":true,"href":"https:\/\/smdesevilla.com\/principal\/wp-json\/wp\/v2\/users\/1"}],"replies":[{"embeddable":true,"href":"https:\/\/smdesevilla.com\/principal\/wp-json\/wp\/v2\/comments?post=11616"}],"version-history":[{"count":4,"href":"https:\/\/smdesevilla.com\/principal\/wp-json\/wp\/v2\/pages\/11616\/revisions"}],"predecessor-version":[{"id":13113,"href":"https:\/\/smdesevilla.com\/principal\/wp-json\/wp\/v2\/pages\/11616\/revisions\/13113"}],"up":[{"embeddable":true,"href":"https:\/\/smdesevilla.com\/principal\/wp-json\/wp\/v2\/pages\/33"}],"wp:featuredmedia":[{"embeddable":true,"href":"https:\/\/smdesevilla.com\/principal\/wp-json\/wp\/v2\/media\/11610"}],"wp:attachment":[{"href":"https:\/\/smdesevilla.com\/principal\/wp-json\/wp\/v2\/media?parent=11616"}],"curies":[{"name":"wp","href":"https:\/\/api.w.org\/{rel}","templated":true}]}}

<h3><a href="?page_id=11636" target="_self" rel="noopener">TALLER CON BART VANDEWEGE</a></h3>
<p>Sábado 29 y domingo 30 de septiembre<br />Viernes 5, sábado 6 y domingo 7 de octubre de 2018</p>
<p>Centro Cívico «Tejar del Mellizo»</p>
<h3><a href="?page_id=13108" target="_self" rel="noopener">EL MESÍAS PARTICIPATIVO</a></h3>
<p>Real Orquesta Sinfónica de Sevilla <br />Coro de la Orquesta Ciudad de Granada</p>
<p>CAMERATA VOCAL CONCERTANTE <br />CORAL ÁNGEL DE URCELAY <br />CORAL POLIFÓNICA ECIJANA <br />CORAL SAN FELIPE NERI DE SEVILLA <br />CORO ARETIENA DE ARACENA <br />CORO ARS VIVENDI DE SEVILLA<br />CORO DE CÁMARA AN DIE MUSIK <br />CORO DE LA UNIVERSIDAD DE HUELVA <br />CORO DEL ATENEO DE SEVILLA <br />CORO FILARMONÍA DE SEVILLA <br />CORO MANUEL DE FALLA DEL CONSERVATORIO SUPERIOR DE MÚSICA DE SEVILLA <br />CORO POLIFÓNICO ORIPPO DE DOS HERMANAS <br />SOCIEDAD MUSICAL DE SEVILLA</p>
<p>Berit Solset, <em>soprano <br /></em>Catherine Hopper, <em>contralto <br /></em>Joshua Ellicott, <em>tenor <br /></em>Nicholas Mogg, <em>bajo</em> <br />Daniel Reuss, director</p>
<p>Conciertos</p>
<p>22 y 23 de diciembre de 2018 <br />Teatro de la Maestranza</p>
<h3><a href="?page_id=11641" target="_self" rel="noopener">INFINITUM</a></h3>
<p>Coro de la Sociedad Musical de Sevilla <br />Chano Robles Mures, <em>piano</em></p>
<!-- /wp:post-content -->

<!-- wp:paragraph -->
<p>Pedro TEIXEIRA, <em>director</em></p>
<p>Conciertos</p>
<p>Sábado 25 de mayo de 2019 · Iglesia de San Juan de la Palma <br />Domingo 26 de mayo de 2019 · Iglesia del Colegio Portaceli</p>
<!-- /wp:paragraph -->

<!-- wp:paragraph -->
<h3><a href="?page_id=11639" target="_self" rel="noopener">MYSTERIUM</a></h3>
<p>Coro de la Sociedad Musical de Sevilla <br />Bart VANDEWEGE, <em>director</em></p>
<p>Conciertos</p>
<p>Sábado 15 de diciembre de 2018 · Parroquia de San Carlos Borromeo <br />Domingo 16 de diciembre de 2018 · Iglesia Conventual del Santo Ángel</p>

<p>TALLER CON BART VANDEWEGE Sábado 29 y domingo 30 de septiembreViernes 5, sábado 6 y domingo 7 de octubre de 2018 Centro Cívico «Tejar del Mellizo» EL MESÍAS PARTICIPATIVO Real Orquesta Sinfónica de Sevilla Coro de la Orquesta Ciudad de Granada CAMERATA VOCAL CONCERTANTE CORAL ÁNGEL DE URCELAY CORAL POLIFÓNICA ECIJANA CORAL SAN FELIPE NERI [&hellip;]</p>
