{"id":11604,"date":"2022-11-29T09:15:02","date_gmt":"2022-11-29T08:15:02","guid":{"rendered":"https:\/\/smdesevilla.com\/principal\/?p=11604"},"modified":"2026-03-16T22:06:58","modified_gmt":"2026-03-16T21:06:58","slug":"proyecto-40-2","status":"publish","type":"page","link":"https:\/\/smdesevilla.com\/principal\/trayectori\/2016-2017\/proyecto-40-2\/","title":{"rendered":"PROYECTO 40 \u00b7 OBRAS DE TALLIS"},"content":{"rendered":"<p>El proyecto 40 fue una de las producciones que la Sociedad Musical de Sevilla llev\u00f3 a cabo dentro de su temporada art\u00edstica 2016-2017. El programa de esta producci\u00f3n, cuya direcci\u00f3n corri\u00f3 a cargo de Gabriel D\u00edaz (contratenor y director art\u00edstico), estuvo centrado en la obra de Thomas Tallis e incluy\u00f3 varios motetes breves a 4 y 5 voces, que fueron interpretados por el coro de la SMS. El plato fuerte, sin embargo, estuvo en la segunda mitad del programa con la interpretaci\u00f3n del motete a 40 voces Spem in Alium, del propio Tallis.<\/p>\n<p>Conciertos:<\/p>\n<p>S\u00e1bado 29 de abril de 2017 a las 19 horas<br \/>\nDomingo 30 de abril de 2017 a las 12 horas<\/p>\n<p>CASINO DE LA EXPOSICI\u00d3N<\/p>\n<hr \/>\n<p>Instituci\u00f3n colaboradora:<br \/>\n<img loading=\"lazy\" decoding=\"async\" class=\"wp-image-7724 alignnone\" src=\"http:\/\/smdesevilla.com\/principal\/wp-content\/uploads\/logo-vector-icas-1-e1491937445393.jpg\" alt=\"logo-vector-icas\" width=\"390\" height=\"126\" srcset=\"https:\/\/smdesevilla.com\/principal\/wp-content\/uploads\/logo-vector-icas-1-e1491937445393.jpg 529w, https:\/\/smdesevilla.com\/principal\/wp-content\/uploads\/logo-vector-icas-1-e1491937445393-300x97.jpg 300w\" sizes=\"auto, (max-width: 390px) 100vw, 390px\" \/><\/p>\n<hr \/>\n<p><strong>PROGRAMA<\/strong><\/p>\n<p><strong>Thomas Tallis (h. 1505 &#8211; 1585)<\/strong><\/p>\n<p><em>Tune for Archbishop Parker&#8217;s Psalter<\/em> (4 vv.)<br \/>\n<em>If ye love me<\/em> (4 vv.)<br \/>\n<em>In jejunio et fletu<\/em> (5vv.)<br \/>\n<em>Derelinquat impius<\/em> (5vv.)<br \/>\n<em>De lamentatione Jeremiae prophaetae<\/em> (5vv.)<br \/>\n<em>O nata lux<\/em> (5vv.)<br \/>\n<em>Spem in alium<\/em> (40vv.)<\/p>\n<p><strong>Gabriel D\u00edaz,<\/strong> director<\/p>\n<p><strong>Coro de la Sociedad Musical de Sevilla<br \/>\n<small>Con la colaboraci\u00f3n de la Escolan\u00eda \u00abMar\u00eda Auxiliadora\u00bb de Sevilla<\/small><br \/>\n<\/strong><\/p>\n<hr \/>\n<p>&nbsp;<\/p>\n<p><strong>Para poder abordar la preparaci\u00f3n de estas complejas obras, la SMS abri\u00f3 la participaci\u00f3n a coralistas externos.<\/strong><\/p>\n<p>Fechas del taller:<\/p>\n<p>21, 22 y 23 de abril de 2017<br \/>\n27 28, 29 y 30 de abril de 2017<\/p>\n<p>(conciertos 29 y 30 de abril en Sevilla)<\/p>\n","protected":false},"excerpt":{"rendered":"<p>El proyecto 40 fue una de las producciones que la Sociedad Musical de Sevilla llev\u00f3 a cabo dentro de su temporada art\u00edstica 2016-2017. El programa de esta producci\u00f3n, cuya direcci\u00f3n corri\u00f3 a cargo de Gabriel D\u00edaz (contratenor y director art\u00edstico), estuvo centrado en la obra de Thomas Tallis e incluy\u00f3 varios motetes breves a 4 [&hellip;]<\/p>\n","protected":false},"author":1,"featured_media":13160,"parent":7641,"menu_order":5,"comment_status":"open","ping_status":"closed","template":"page-3-2","meta":{"_price":"","_stock":"","_tribe_ticket_header":"","_tribe_default_ticket_provider":"TEC\\Tickets\\Commerce\\Module","_tribe_ticket_capacity":"0","_ticket_start_date":"","_ticket_end_date":"","_tribe_ticket_show_description":"","_tribe_ticket_show_not_going":false,"_tribe_ticket_use_global_stock":"","_tribe_ticket_global_stock_level":"","_global_stock_mode":"","_global_stock_cap":"","_tribe_rsvp_for_event":"","_tribe_ticket_going_count":"","_tribe_ticket_not_going_count":"","_tribe_tickets_list":"[]","_tribe_ticket_has_attendee_info_fields":false,"footnotes":"","_tec_slr_enabled":"","_tec_slr_layout":""},"class_list":["post-11604","page","type-page","status-publish","has-post-thumbnail","hentry"],"aioseo_notices":[],"ticketed":false,"_links":{"self":[{"href":"https:\/\/smdesevilla.com\/principal\/wp-json\/wp\/v2\/pages\/11604","targetHints":{"allow":["GET"]}}],"collection":[{"href":"https:\/\/smdesevilla.com\/principal\/wp-json\/wp\/v2\/pages"}],"about":[{"href":"https:\/\/smdesevilla.com\/principal\/wp-json\/wp\/v2\/types\/page"}],"author":[{"embeddable":true,"href":"https:\/\/smdesevilla.com\/principal\/wp-json\/wp\/v2\/users\/1"}],"replies":[{"embeddable":true,"href":"https:\/\/smdesevilla.com\/principal\/wp-json\/wp\/v2\/comments?post=11604"}],"version-history":[{"count":1,"href":"https:\/\/smdesevilla.com\/principal\/wp-json\/wp\/v2\/pages\/11604\/revisions"}],"predecessor-version":[{"id":11605,"href":"https:\/\/smdesevilla.com\/principal\/wp-json\/wp\/v2\/pages\/11604\/revisions\/11605"}],"up":[{"embeddable":true,"href":"https:\/\/smdesevilla.com\/principal\/wp-json\/wp\/v2\/pages\/7641"}],"wp:featuredmedia":[{"embeddable":true,"href":"https:\/\/smdesevilla.com\/principal\/wp-json\/wp\/v2\/media\/13160"}],"wp:attachment":[{"href":"https:\/\/smdesevilla.com\/principal\/wp-json\/wp\/v2\/media?parent=11604"}],"curies":[{"name":"wp","href":"https:\/\/api.w.org\/{rel}","templated":true}]}}

<p>El proyecto 40 fue una de las producciones que la Sociedad Musical de Sevilla llevó a cabo dentro de su temporada artística 2016-2017. El programa de esta producción, cuya dirección corrió a cargo de Gabriel Díaz (contratenor y director artístico), estuvo centrado en la obra de Thomas Tallis e incluyó varios motetes breves a 4 y 5 voces, que fueron interpretados por el coro de la SMS. El plato fuerte, sin embargo, estuvo en la segunda mitad del programa con la interpretación del motete a 40 voces Spem in Alium, del propio Tallis.</p>
<p>Conciertos:</p>
<p>Sábado 29 de abril de 2017 a las 19 horas<br />
Domingo 30 de abril de 2017 a las 12 horas</p>
<p>CASINO DE LA EXPOSICIÓN</p>
<hr />
<p>Institución colaboradora:<br />
<img loading="lazy" decoding="async" class="wp-image-7724 alignnone" src="http://smdesevilla.com/principal/wp-content/uploads/logo-vector-icas-1-e1491937445393.jpg" alt="logo-vector-icas" width="390" height="126" srcset="https://smdesevilla.com/principal/wp-content/uploads/logo-vector-icas-1-e1491937445393.jpg 529w, https://smdesevilla.com/principal/wp-content/uploads/logo-vector-icas-1-e1491937445393-300x97.jpg 300w" sizes="auto, (max-width: 390px) 100vw, 390px" /></p>
<hr />
<p><strong>PROGRAMA</strong></p>
<p><strong>Thomas Tallis (h. 1505 &#8211; 1585)</strong></p>
<p><em>Tune for Archbishop Parker&#8217;s Psalter</em> (4 vv.)<br />
<em>If ye love me</em> (4 vv.)<br />
<em>In jejunio et fletu</em> (5vv.)<br />
<em>Derelinquat impius</em> (5vv.)<br />
<em>De lamentatione Jeremiae prophaetae</em> (5vv.)<br />
<em>O nata lux</em> (5vv.)<br />
<em>Spem in alium</em> (40vv.)</p>
<p><strong>Gabriel Díaz,</strong> director</p>
<p><strong>Coro de la Sociedad Musical de Sevilla<br />
<small>Con la colaboración de la Escolanía «María Auxiliadora» de Sevilla</small><br />
</strong></p>
<hr />
<p>&nbsp;</p>
<p><strong>Para poder abordar la preparación de estas complejas obras, la SMS abrió la participación a coralistas externos.</strong></p>
<p>Fechas del taller:</p>
<p>21, 22 y 23 de abril de 2017<br />
27 28, 29 y 30 de abril de 2017</p>
<p>(conciertos 29 y 30 de abril en Sevilla)</p>

<p>El proyecto 40 fue una de las producciones que la Sociedad Musical de Sevilla llevó a cabo dentro de su temporada artística 2016-2017. El programa de esta producción, cuya dirección corrió a cargo de Gabriel Díaz (contratenor y director artístico), estuvo centrado en la obra de Thomas Tallis e incluyó varios motetes breves a 4 [&hellip;]</p>
