{"id":11156,"date":"2021-11-22T20:18:21","date_gmt":"2021-11-22T19:18:21","guid":{"rendered":"https:\/\/smdesevilla.com\/principal\/?p=11156"},"modified":"2026-03-16T22:06:59","modified_gmt":"2026-03-16T21:06:59","slug":"bohemian-rhapsody-2-2","status":"publish","type":"page","link":"https:\/\/smdesevilla.com\/principal\/trayectori\/2021-2022\/bohemian-rhapsody-2-2\/","title":{"rendered":"FUERA DE PROGRAMA: <i>CONSTRUCCI\u00d3N<\/i>"},"content":{"rendered":"<div id=\"erdyt-69f3214b1ea80\" data-id=\"YPpWDPejUDw\" class=\"erd-youtube-responsive\" style=\"display:block;position:relative;clear:both;width:100%;max-width:100%;margin-left:auto;margin-right:auto;\"><div style=\"padding-bottom:56.25%;\"><div class=\"erd-ytplay\" id=\"erdytp-YPpWDPejUDw-69f3214b1ea80\" data-vid=\"YPpWDPejUDw\"   data-src=\"https:\/\/www.youtube.com\/embed\/YPpWDPejUDw?loop=1&#038;autoplay=1&#038;rel=0\" data-allowfullscreen=\"true\"><img decoding=\"async\" src=\"https:\/\/i.ytimg.com\/vi\/YPpWDPejUDw\/hqdefault.jpg\" alt=\"YouTube Video\" \/><\/div><\/div><\/div>\n<p>&nbsp;<\/p>\n<p>Dentro del ciclo \u00abFuera de programa\u00bb, la Sociedad Musical de Sevilla lanza <strong>Construcci\u00f3n<\/strong>, un arreglo coral hecho a seis voces a cappella de esta famosa canci\u00f3n del cantautor brasile\u00f1o Chico Buarque, justo cuando se cumplen 50 a\u00f1os desde su lanzamiento. La pieza ha sido arreglada por Alfonso Hern\u00e1ndez, miembro de la SMS.<\/p>\n<p>Clasificada por la revista Rolling Stone como la mejor canci\u00f3n brasile\u00f1a de todos los tiempos, Construcci\u00f3n (Constru\u00e7\u00e3o, en portugu\u00e9s original) se compone de versos dodecas\u00edlabos que siempre terminan en una palabra esdr\u00fajula, la cual cambia en las estrofas siguientes manteniendo el mismo verso, sin que se pierda el sentido cr\u00edtico de su mensaje. Este recurso ha hecho de la canci\u00f3n un verdadero ejemplo de genialidad y maestr\u00eda. Lanzada en 1971, en plena dictadura militar brasile\u00f1a, esta pieza ha sido versionada por diversos e importantes artistas de la esfera hispanoamericana como Nacha Guevara y Fito P\u00e1ez, quienes popularizaron sendas versiones en lengua castellana.<\/p>\n","protected":false},"excerpt":{"rendered":"<p>&nbsp; Dentro del ciclo \u00abFuera de programa\u00bb, la Sociedad Musical de Sevilla lanza Construcci\u00f3n, un arreglo coral hecho a seis voces a cappella de esta famosa canci\u00f3n del cantautor brasile\u00f1o Chico Buarque, justo cuando se cumplen 50 a\u00f1os desde su lanzamiento. La pieza ha sido arreglada por Alfonso Hern\u00e1ndez, miembro de la SMS. Clasificada por [&hellip;]<\/p>\n","protected":false},"author":1,"featured_media":11136,"parent":11622,"menu_order":0,"comment_status":"open","ping_status":"open","template":"page-3-2","meta":{"_price":"","_stock":"","_tribe_ticket_header":"","_tribe_default_ticket_provider":"TEC\\Tickets\\Commerce\\Module","_tribe_ticket_capacity":"0","_ticket_start_date":"","_ticket_end_date":"","_tribe_ticket_show_description":"","_tribe_ticket_show_not_going":false,"_tribe_ticket_use_global_stock":"","_tribe_ticket_global_stock_level":"","_global_stock_mode":"","_global_stock_cap":"","_tribe_rsvp_for_event":"","_tribe_ticket_going_count":"","_tribe_ticket_not_going_count":"","_tribe_tickets_list":"[]","_tribe_ticket_has_attendee_info_fields":false,"footnotes":"","_tec_slr_enabled":"","_tec_slr_layout":""},"class_list":["post-11156","page","type-page","status-publish","has-post-thumbnail","hentry"],"aioseo_notices":[],"ticketed":false,"_links":{"self":[{"href":"https:\/\/smdesevilla.com\/principal\/wp-json\/wp\/v2\/pages\/11156","targetHints":{"allow":["GET"]}}],"collection":[{"href":"https:\/\/smdesevilla.com\/principal\/wp-json\/wp\/v2\/pages"}],"about":[{"href":"https:\/\/smdesevilla.com\/principal\/wp-json\/wp\/v2\/types\/page"}],"author":[{"embeddable":true,"href":"https:\/\/smdesevilla.com\/principal\/wp-json\/wp\/v2\/users\/1"}],"replies":[{"embeddable":true,"href":"https:\/\/smdesevilla.com\/principal\/wp-json\/wp\/v2\/comments?post=11156"}],"version-history":[{"count":3,"href":"https:\/\/smdesevilla.com\/principal\/wp-json\/wp\/v2\/pages\/11156\/revisions"}],"predecessor-version":[{"id":13138,"href":"https:\/\/smdesevilla.com\/principal\/wp-json\/wp\/v2\/pages\/11156\/revisions\/13138"}],"up":[{"embeddable":true,"href":"https:\/\/smdesevilla.com\/principal\/wp-json\/wp\/v2\/pages\/11622"}],"wp:featuredmedia":[{"embeddable":true,"href":"https:\/\/smdesevilla.com\/principal\/wp-json\/wp\/v2\/media\/11136"}],"wp:attachment":[{"href":"https:\/\/smdesevilla.com\/principal\/wp-json\/wp\/v2\/media?parent=11156"}],"curies":[{"name":"wp","href":"https:\/\/api.w.org\/{rel}","templated":true}]}}