{"id":11084,"date":"2020-05-21T20:01:57","date_gmt":"2020-05-21T18:01:57","guid":{"rendered":"https:\/\/smdesevilla.com\/principal\/?p=11084"},"modified":"2026-04-03T20:29:04","modified_gmt":"2026-04-03T18:29:04","slug":"bohemian-rhapsody","status":"publish","type":"page","link":"https:\/\/smdesevilla.com\/principal\/trayectori\/2019-2020\/bohemian-rhapsody\/","title":{"rendered":"BOHEMIAN RHAPSODY \u00b7 YOUTUBE"},"content":{"rendered":"<div id=\"erdyt-69f1312ac67b6\" data-id=\"xodA4ksEw9U\" class=\"erd-youtube-responsive\" style=\"display:block;position:relative;clear:both;width:100%;max-width:100%;margin-left:auto;margin-right:auto;\"><div style=\"padding-bottom:56.25%;\"><div class=\"erd-ytplay\" id=\"erdytp-xodA4ksEw9U-69f1312ac67b6\" data-vid=\"xodA4ksEw9U\"   data-src=\"https:\/\/www.youtube.com\/embed\/xodA4ksEw9U?loop=1&#038;autoplay=1&#038;rel=0\" data-allowfullscreen=\"true\"><img decoding=\"async\" src=\"https:\/\/i.ytimg.com\/vi\/xodA4ksEw9U\/hqdefault.jpg\" alt=\"YouTube Video\" \/><\/div><\/div><\/div>\n<p>&nbsp;<\/p>\n<p>Este tiempo tan extra\u00f1o que nos ha tocado vivir nos ha quitado, entre muchas cosas, y algunas muy importantes, la posibilidad de reunirnos para cantar. Pero lo que no ha podido arrebatarnos son las ganas de hacer m\u00fasica.<\/p>\n<p>Tambi\u00e9n nos ha ense\u00f1ado que, pese a lo imperfecto del resultado, puede conseguirse mucho sin necesidad de contar con grandes medios. Cuarenta cacharros entre m\u00f3viles y ordenadores, nuevos o viejos, con sus micr\u00f3fonos baratos, a veces son suficientes para transmitir lo que tenemos: esta vez hacemos por separado lo que estamos deseando hacer juntos, pero aqu\u00ed seguimos.<\/p>\n<p>Queremos hacer una menci\u00f3n especial a los compa\u00f1eros y compa\u00f1eras de la Sociedad Musical de Sevilla que hubieran querido participar pero que por razones diversas no han podido acompa\u00f1arnos en esta peque\u00f1a aventura, y esperamos que esta versi\u00f3n de la Bohemian Rhapsody de Queen os guste.<\/p>\n","protected":false},"excerpt":{"rendered":"<p>&nbsp; Este tiempo tan extra\u00f1o que nos ha tocado vivir nos ha quitado, entre muchas cosas, y algunas muy importantes, la posibilidad de reunirnos para cantar. Pero lo que no ha podido arrebatarnos son las ganas de hacer m\u00fasica. Tambi\u00e9n nos ha ense\u00f1ado que, pese a lo imperfecto del resultado, puede conseguirse mucho sin necesidad [&hellip;]<\/p>\n","protected":false},"author":1,"featured_media":11086,"parent":11618,"menu_order":0,"comment_status":"open","ping_status":"open","template":"page-3-2","meta":{"_price":"","_stock":"","_tribe_ticket_header":"","_tribe_default_ticket_provider":"TEC\\Tickets\\Commerce\\Module","_tribe_ticket_capacity":"0","_ticket_start_date":"","_ticket_end_date":"","_tribe_ticket_show_description":"","_tribe_ticket_show_not_going":false,"_tribe_ticket_use_global_stock":"","_tribe_ticket_global_stock_level":"","_global_stock_mode":"","_global_stock_cap":"","_tribe_rsvp_for_event":"","_tribe_ticket_going_count":"","_tribe_ticket_not_going_count":"","_tribe_tickets_list":"[]","_tribe_ticket_has_attendee_info_fields":false,"footnotes":"","_tec_slr_enabled":"","_tec_slr_layout":""},"class_list":["post-11084","page","type-page","status-publish","has-post-thumbnail","hentry"],"aioseo_notices":[],"ticketed":false,"_links":{"self":[{"href":"https:\/\/smdesevilla.com\/principal\/wp-json\/wp\/v2\/pages\/11084","targetHints":{"allow":["GET"]}}],"collection":[{"href":"https:\/\/smdesevilla.com\/principal\/wp-json\/wp\/v2\/pages"}],"about":[{"href":"https:\/\/smdesevilla.com\/principal\/wp-json\/wp\/v2\/types\/page"}],"author":[{"embeddable":true,"href":"https:\/\/smdesevilla.com\/principal\/wp-json\/wp\/v2\/users\/1"}],"replies":[{"embeddable":true,"href":"https:\/\/smdesevilla.com\/principal\/wp-json\/wp\/v2\/comments?post=11084"}],"version-history":[{"count":15,"href":"https:\/\/smdesevilla.com\/principal\/wp-json\/wp\/v2\/pages\/11084\/revisions"}],"predecessor-version":[{"id":11102,"href":"https:\/\/smdesevilla.com\/principal\/wp-json\/wp\/v2\/pages\/11084\/revisions\/11102"}],"up":[{"embeddable":true,"href":"https:\/\/smdesevilla.com\/principal\/wp-json\/wp\/v2\/pages\/11618"}],"wp:featuredmedia":[{"embeddable":true,"href":"https:\/\/smdesevilla.com\/principal\/wp-json\/wp\/v2\/media\/11086"}],"wp:attachment":[{"href":"https:\/\/smdesevilla.com\/principal\/wp-json\/wp\/v2\/media?parent=11084"}],"curies":[{"name":"wp","href":"https:\/\/api.w.org\/{rel}","templated":true}]}}

<div id="erdyt-69f1312ac67b6" data-id="xodA4ksEw9U" class="erd-youtube-responsive" style="display:block;position:relative;clear:both;width:100%;max-width:100%;margin-left:auto;margin-right:auto;"><div style="padding-bottom:56.25%;"><div class="erd-ytplay" id="erdytp-xodA4ksEw9U-69f1312ac67b6" data-vid="xodA4ksEw9U"   data-src="https://www.youtube.com/embed/xodA4ksEw9U?loop=1&#038;autoplay=1&#038;rel=0" data-allowfullscreen="true"><img decoding="async" src="https://i.ytimg.com/vi/xodA4ksEw9U/hqdefault.jpg" alt="YouTube Video" /></div></div></div>
<p>&nbsp;</p>
<p>Este tiempo tan extraño que nos ha tocado vivir nos ha quitado, entre muchas cosas, y algunas muy importantes, la posibilidad de reunirnos para cantar. Pero lo que no ha podido arrebatarnos son las ganas de hacer música.</p>
<p>También nos ha enseñado que, pese a lo imperfecto del resultado, puede conseguirse mucho sin necesidad de contar con grandes medios. Cuarenta cacharros entre móviles y ordenadores, nuevos o viejos, con sus micrófonos baratos, a veces son suficientes para transmitir lo que tenemos: esta vez hacemos por separado lo que estamos deseando hacer juntos, pero aquí seguimos.</p>
<p>Queremos hacer una mención especial a los compañeros y compañeras de la Sociedad Musical de Sevilla que hubieran querido participar pero que por razones diversas no han podido acompañarnos en esta pequeña aventura, y esperamos que esta versión de la Bohemian Rhapsody de Queen os guste.</p>

<p>&nbsp; Este tiempo tan extraño que nos ha tocado vivir nos ha quitado, entre muchas cosas, y algunas muy importantes, la posibilidad de reunirnos para cantar. Pero lo que no ha podido arrebatarnos son las ganas de hacer música. También nos ha enseñado que, pese a lo imperfecto del resultado, puede conseguirse mucho sin necesidad [&hellip;]</p>
